{"text_format":"3","workbook":"xlsx","n_sheets":4,"sheets":["1. Lab Results","2. Metadata","2.b Definitions","3. Changelog"],"not_rendered":{"defined_names":1},"read":"whole","date_system":"1900"}

{"sheet":"1. Lab Results","index":0,"n_rows":216,"n_cols":15,"rows_kept":216}
["date_time_sampled","date_analysed","sample_id","site_ID","latitude","longitude","analyte","analyte_speciation","method","unit_of_measurement","value_type","matrix","detection_limit","values","notes"]
["2015-04-27","Not specified","Not specified","NEMCD01",{"$f":"IF(ISBLANK(D2)=TRUE,\" \", IF(D2='2. Metadata'!B$1,'2. Metadata'!B$5, IF(D2='2. Metadata'!C$1,'2. Metadata'!C$5,IF(D2='2. Metadata'!D$1,'2. Metadata'!D$5, IF(D2='2. Metadata'!E$1,'2. Metadata'!E$5,IF( D2='2. Metadata'!F$1,'2. Metadata'!F$5,IF(D2='2. Metadata'!G$1,'2. Metadata'!G$5,IF(D2='2. Metadata'!H$1,'2. Metadata'!H$5, IF(D2='2. Metadata'!I$1,'2. Metadata'!I$5, IF(D2='2. Metadata'!J$1,'2. Metadata'!J$5, IF(D2='2. Metadata'!K$1,'2. Metadata'!K$5, IF(D2='2. Metadata'!L$1,'2. Metadata'!L$5, IF(D2='2. Metadata'!M$1,'2. Metadata'!M$5, IF(D2='2. Metadata'!N$1,'2. Metadata'!N$5))))))))))))))","v":50.145},{"$f":"IF(ISBLANK(D2)=TRUE,\" \", IF(D2='2. Metadata'!B$1,'2. Metadata'!B$6, IF(D2='2. Metadata'!C$1,'2. Metadata'!C$6,IF(D2='2. Metadata'!D$1,'2. Metadata'!D$6, IF(D2='2. Metadata'!E$1,'2. Metadata'!E$6,IF( D2='2. Metadata'!F$1,'2. Metadata'!F$6,IF(D2='2. Metadata'!G$1,'2. Metadata'!G$6,IF(D2='2. Metadata'!H$1,'2. Metadata'!H$6, IF(D2='2. Metadata'!I$1,'2. Metadata'!I$6, IF(D2='2. Metadata'!J$1,'2. Metadata'!J$6, IF(D2='2. Metadata'!K$1,'2. Metadata'!K$6, IF(D2='2. Metadata'!L$1,'2. Metadata'!L$6, IF(D2='2. Metadata'!M$1,'2. Metadata'!M$6, IF(D2='2. Metadata'!N$1,'2. Metadata'!N$6))))))))))))))","v":-117.79389},"Oxygen","Dissolved","In situ","mg/L","actual","water","not specified",7,"N/A"]
["2015-04-27","Not specified","Not specified","NEMCD01",{"$f":"IF(ISBLANK(D3)=TRUE,\" \", IF(D3='2. Metadata'!B$1,'2. Metadata'!B$5, IF(D3='2. Metadata'!C$1,'2. Metadata'!C$5,IF(D3='2. Metadata'!D$1,'2. Metadata'!D$5, IF(D3='2. Metadata'!E$1,'2. Metadata'!E$5,IF( D3='2. Metadata'!F$1,'2. Metadata'!F$5,IF(D3='2. Metadata'!G$1,'2. Metadata'!G$5,IF(D3='2. Metadata'!H$1,'2. Metadata'!H$5, IF(D3='2. Metadata'!I$1,'2. Metadata'!I$5, IF(D3='2. Metadata'!J$1,'2. Metadata'!J$5, IF(D3='2. Metadata'!K$1,'2. Metadata'!K$5, IF(D3='2. Metadata'!L$1,'2. Metadata'!L$5, IF(D3='2. Metadata'!M$1,'2. Metadata'!M$5, IF(D3='2. Metadata'!N$1,'2. Metadata'!N$5))))))))))))))","v":50.145},{"$f":"IF(ISBLANK(D3)=TRUE,\" \", IF(D3='2. Metadata'!B$1,'2. Metadata'!B$6, IF(D3='2. Metadata'!C$1,'2. Metadata'!C$6,IF(D3='2. Metadata'!D$1,'2. Metadata'!D$6, IF(D3='2. Metadata'!E$1,'2. Metadata'!E$6,IF( D3='2. Metadata'!F$1,'2. Metadata'!F$6,IF(D3='2. Metadata'!G$1,'2. Metadata'!G$6,IF(D3='2. Metadata'!H$1,'2. Metadata'!H$6, IF(D3='2. Metadata'!I$1,'2. Metadata'!I$6, IF(D3='2. Metadata'!J$1,'2. Metadata'!J$6, IF(D3='2. Metadata'!K$1,'2. Metadata'!K$6, IF(D3='2. Metadata'!L$1,'2. Metadata'!L$6, IF(D3='2. Metadata'!M$1,'2. Metadata'!M$6, IF(D3='2. Metadata'!N$1,'2. Metadata'!N$6))))))))))))))","v":-117.79389},"Conductivity ","EC","In situ","uS/cm","actual","water",1,158.3,"N/A"]
["2015-04-27","Not specified","Not specified","NEMCD01",{"$f":"IF(ISBLANK(D4)=TRUE,\" \", IF(D4='2. Metadata'!B$1,'2. Metadata'!B$5, IF(D4='2. Metadata'!C$1,'2. Metadata'!C$5,IF(D4='2. Metadata'!D$1,'2. Metadata'!D$5, IF(D4='2. Metadata'!E$1,'2. Metadata'!E$5,IF( D4='2. Metadata'!F$1,'2. Metadata'!F$5,IF(D4='2. Metadata'!G$1,'2. Metadata'!G$5,IF(D4='2. Metadata'!H$1,'2. Metadata'!H$5, IF(D4='2. Metadata'!I$1,'2. Metadata'!I$5, IF(D4='2. Metadata'!J$1,'2. Metadata'!J$5, IF(D4='2. Metadata'!K$1,'2. Metadata'!K$5, IF(D4='2. Metadata'!L$1,'2. Metadata'!L$5, IF(D4='2. Metadata'!M$1,'2. Metadata'!M$5, IF(D4='2. Metadata'!N$1,'2. Metadata'!N$5))))))))))))))","v":50.145},{"$f":"IF(ISBLANK(D4)=TRUE,\" \", IF(D4='2. Metadata'!B$1,'2. Metadata'!B$6, IF(D4='2. Metadata'!C$1,'2. Metadata'!C$6,IF(D4='2. Metadata'!D$1,'2. Metadata'!D$6, IF(D4='2. Metadata'!E$1,'2. Metadata'!E$6,IF( D4='2. Metadata'!F$1,'2. Metadata'!F$6,IF(D4='2. Metadata'!G$1,'2. Metadata'!G$6,IF(D4='2. Metadata'!H$1,'2. Metadata'!H$6, IF(D4='2. Metadata'!I$1,'2. Metadata'!I$6, IF(D4='2. Metadata'!J$1,'2. Metadata'!J$6, IF(D4='2. Metadata'!K$1,'2. Metadata'!K$6, IF(D4='2. Metadata'!L$1,'2. Metadata'!L$6, IF(D4='2. Metadata'!M$1,'2. Metadata'!M$6, IF(D4='2. Metadata'!N$1,'2. Metadata'!N$6))))))))))))))","v":-117.79389},"pH","N/A","In situ","pH units","actual","water","Not specified",7.71,"N/A"]
["2015-04-27","Not specified","Not specified","NEMCD01",{"$f":"IF(ISBLANK(D5)=TRUE,\" \", IF(D5='2. Metadata'!B$1,'2. Metadata'!B$5, IF(D5='2. Metadata'!C$1,'2. Metadata'!C$5,IF(D5='2. Metadata'!D$1,'2. Metadata'!D$5, IF(D5='2. Metadata'!E$1,'2. Metadata'!E$5,IF( D5='2. Metadata'!F$1,'2. Metadata'!F$5,IF(D5='2. Metadata'!G$1,'2. Metadata'!G$5,IF(D5='2. Metadata'!H$1,'2. Metadata'!H$5, IF(D5='2. Metadata'!I$1,'2. Metadata'!I$5, IF(D5='2. Metadata'!J$1,'2. Metadata'!J$5, IF(D5='2. Metadata'!K$1,'2. Metadata'!K$5, IF(D5='2. Metadata'!L$1,'2. Metadata'!L$5, IF(D5='2. Metadata'!M$1,'2. Metadata'!M$5, IF(D5='2. Metadata'!N$1,'2. Metadata'!N$5))))))))))))))","v":50.145},{"$f":"IF(ISBLANK(D5)=TRUE,\" \", IF(D5='2. Metadata'!B$1,'2. Metadata'!B$6, IF(D5='2. Metadata'!C$1,'2. Metadata'!C$6,IF(D5='2. Metadata'!D$1,'2. Metadata'!D$6, IF(D5='2. Metadata'!E$1,'2. Metadata'!E$6,IF( D5='2. Metadata'!F$1,'2. Metadata'!F$6,IF(D5='2. Metadata'!G$1,'2. Metadata'!G$6,IF(D5='2. Metadata'!H$1,'2. Metadata'!H$6, IF(D5='2. Metadata'!I$1,'2. Metadata'!I$6, IF(D5='2. Metadata'!J$1,'2. Metadata'!J$6, IF(D5='2. Metadata'!K$1,'2. Metadata'!K$6, IF(D5='2. Metadata'!L$1,'2. Metadata'!L$6, IF(D5='2. Metadata'!M$1,'2. Metadata'!M$6, IF(D5='2. Metadata'!N$1,'2. Metadata'!N$6))))))))))))))","v":-117.79389},"Turbidity","N/A","In situ","NTU","actual","water","Not specified",0.39,"N/A"]
["2015-04-27","Not specified","Not specified","NEMCD01",{"$f":"IF(ISBLANK(D6)=TRUE,\" \", IF(D6='2. Metadata'!B$1,'2. Metadata'!B$5, IF(D6='2. Metadata'!C$1,'2. Metadata'!C$5,IF(D6='2. Metadata'!D$1,'2. Metadata'!D$5, IF(D6='2. Metadata'!E$1,'2. Metadata'!E$5,IF( D6='2. Metadata'!F$1,'2. Metadata'!F$5,IF(D6='2. Metadata'!G$1,'2. Metadata'!G$5,IF(D6='2. Metadata'!H$1,'2. Metadata'!H$5, IF(D6='2. Metadata'!I$1,'2. Metadata'!I$5, IF(D6='2. Metadata'!J$1,'2. Metadata'!J$5, IF(D6='2. Metadata'!K$1,'2. Metadata'!K$5, IF(D6='2. Metadata'!L$1,'2. Metadata'!L$5, IF(D6='2. Metadata'!M$1,'2. Metadata'!M$5, IF(D6='2. Metadata'!N$1,'2. Metadata'!N$5))))))))))))))","v":50.145},{"$f":"IF(ISBLANK(D6)=TRUE,\" \", IF(D6='2. Metadata'!B$1,'2. Metadata'!B$6, IF(D6='2. Metadata'!C$1,'2. Metadata'!C$6,IF(D6='2. Metadata'!D$1,'2. Metadata'!D$6, IF(D6='2. Metadata'!E$1,'2. Metadata'!E$6,IF( D6='2. Metadata'!F$1,'2. Metadata'!F$6,IF(D6='2. Metadata'!G$1,'2. Metadata'!G$6,IF(D6='2. Metadata'!H$1,'2. Metadata'!H$6, IF(D6='2. Metadata'!I$1,'2. Metadata'!I$6, IF(D6='2. Metadata'!J$1,'2. Metadata'!J$6, IF(D6='2. Metadata'!K$1,'2. Metadata'!K$6, IF(D6='2. Metadata'!L$1,'2. Metadata'!L$6, IF(D6='2. Metadata'!M$1,'2. Metadata'!M$6, IF(D6='2. Metadata'!N$1,'2. Metadata'!N$6))))))))))))))","v":-117.79389},"Temperature","N/A","In situ","Degrees Celsius","actual","water","Not specified",4.5,"N/A"]
["2015-04-27","Not specified","Not specified","NEMCD01",{"$f":"IF(ISBLANK(D7)=TRUE,\" \", IF(D7='2. Metadata'!B$1,'2. Metadata'!B$5, IF(D7='2. Metadata'!C$1,'2. Metadata'!C$5,IF(D7='2. Metadata'!D$1,'2. Metadata'!D$5, IF(D7='2. Metadata'!E$1,'2. Metadata'!E$5,IF( D7='2. Metadata'!F$1,'2. Metadata'!F$5,IF(D7='2. Metadata'!G$1,'2. Metadata'!G$5,IF(D7='2. Metadata'!H$1,'2. Metadata'!H$5, IF(D7='2. Metadata'!I$1,'2. Metadata'!I$5, IF(D7='2. Metadata'!J$1,'2. Metadata'!J$5, IF(D7='2. Metadata'!K$1,'2. Metadata'!K$5, IF(D7='2. Metadata'!L$1,'2. Metadata'!L$5, IF(D7='2. Metadata'!M$1,'2. Metadata'!M$5, IF(D7='2. Metadata'!N$1,'2. Metadata'!N$5))))))))))))))","v":50.145},{"$f":"IF(ISBLANK(D7)=TRUE,\" \", IF(D7='2. Metadata'!B$1,'2. Metadata'!B$6, IF(D7='2. Metadata'!C$1,'2. Metadata'!C$6,IF(D7='2. Metadata'!D$1,'2. Metadata'!D$6, IF(D7='2. Metadata'!E$1,'2. Metadata'!E$6,IF( D7='2. Metadata'!F$1,'2. Metadata'!F$6,IF(D7='2. Metadata'!G$1,'2. Metadata'!G$6,IF(D7='2. Metadata'!H$1,'2. Metadata'!H$6, IF(D7='2. Metadata'!I$1,'2. Metadata'!I$6, IF(D7='2. Metadata'!J$1,'2. Metadata'!J$6, IF(D7='2. Metadata'!K$1,'2. Metadata'!K$6, IF(D7='2. Metadata'!L$1,'2. Metadata'!L$6, IF(D7='2. Metadata'!M$1,'2. Metadata'!M$6, IF(D7='2. Metadata'!N$1,'2. Metadata'!N$6))))))))))))))","v":-117.79389},"Temperature","N/A","In situ","Degrees Celsius","actual","air","Not specified",7.8,"Air temp"]
["2015-04-27","Not specified","Not specified","NEMCD01",{"$f":"IF(ISBLANK(D8)=TRUE,\" \", IF(D8='2. Metadata'!B$1,'2. Metadata'!B$5, IF(D8='2. Metadata'!C$1,'2. Metadata'!C$5,IF(D8='2. Metadata'!D$1,'2. Metadata'!D$5, IF(D8='2. Metadata'!E$1,'2. Metadata'!E$5,IF( D8='2. Metadata'!F$1,'2. Metadata'!F$5,IF(D8='2. Metadata'!G$1,'2. Metadata'!G$5,IF(D8='2. Metadata'!H$1,'2. Metadata'!H$5, IF(D8='2. Metadata'!I$1,'2. Metadata'!I$5, IF(D8='2. Metadata'!J$1,'2. Metadata'!J$5, IF(D8='2. Metadata'!K$1,'2. Metadata'!K$5, IF(D8='2. Metadata'!L$1,'2. Metadata'!L$5, IF(D8='2. Metadata'!M$1,'2. Metadata'!M$5, IF(D8='2. Metadata'!N$1,'2. Metadata'!N$5))))))))))))))","v":50.145},{"$f":"IF(ISBLANK(D8)=TRUE,\" \", IF(D8='2. Metadata'!B$1,'2. Metadata'!B$6, IF(D8='2. Metadata'!C$1,'2. Metadata'!C$6,IF(D8='2. Metadata'!D$1,'2. Metadata'!D$6, IF(D8='2. Metadata'!E$1,'2. Metadata'!E$6,IF( D8='2. Metadata'!F$1,'2. Metadata'!F$6,IF(D8='2. Metadata'!G$1,'2. Metadata'!G$6,IF(D8='2. Metadata'!H$1,'2. Metadata'!H$6, IF(D8='2. Metadata'!I$1,'2. Metadata'!I$6, IF(D8='2. Metadata'!J$1,'2. Metadata'!J$6, IF(D8='2. Metadata'!K$1,'2. Metadata'!K$6, IF(D8='2. Metadata'!L$1,'2. Metadata'!L$6, IF(D8='2. Metadata'!M$1,'2. Metadata'!M$6, IF(D8='2. Metadata'!N$1,'2. Metadata'!N$6))))))))))))))","v":-117.79389},"Solids","Total Suspended","Sample analysed in lab","mg/L","actual","water",4,"<4.0","N/A"]
["2015-05-26","Not specified","Not specified","NEMCD01",{"$f":"IF(ISBLANK(D9)=TRUE,\" \", IF(D9='2. Metadata'!B$1,'2. Metadata'!B$5, IF(D9='2. Metadata'!C$1,'2. Metadata'!C$5,IF(D9='2. Metadata'!D$1,'2. Metadata'!D$5, IF(D9='2. Metadata'!E$1,'2. Metadata'!E$5,IF( D9='2. Metadata'!F$1,'2. Metadata'!F$5,IF(D9='2. Metadata'!G$1,'2. Metadata'!G$5,IF(D9='2. Metadata'!H$1,'2. Metadata'!H$5, IF(D9='2. Metadata'!I$1,'2. Metadata'!I$5, IF(D9='2. Metadata'!J$1,'2. Metadata'!J$5, IF(D9='2. Metadata'!K$1,'2. Metadata'!K$5, IF(D9='2. Metadata'!L$1,'2. Metadata'!L$5, IF(D9='2. Metadata'!M$1,'2. Metadata'!M$5, IF(D9='2. Metadata'!N$1,'2. Metadata'!N$5))))))))))))))","v":50.145},{"$f":"IF(ISBLANK(D9)=TRUE,\" \", IF(D9='2. Metadata'!B$1,'2. Metadata'!B$6, IF(D9='2. Metadata'!C$1,'2. Metadata'!C$6,IF(D9='2. Metadata'!D$1,'2. Metadata'!D$6, IF(D9='2. Metadata'!E$1,'2. Metadata'!E$6,IF( D9='2. Metadata'!F$1,'2. Metadata'!F$6,IF(D9='2. Metadata'!G$1,'2. Metadata'!G$6,IF(D9='2. Metadata'!H$1,'2. Metadata'!H$6, IF(D9='2. Metadata'!I$1,'2. Metadata'!I$6, IF(D9='2. Metadata'!J$1,'2. Metadata'!J$6, IF(D9='2. Metadata'!K$1,'2. Metadata'!K$6, IF(D9='2. Metadata'!L$1,'2. Metadata'!L$6, IF(D9='2. Metadata'!M$1,'2. Metadata'!M$6, IF(D9='2. Metadata'!N$1,'2. Metadata'!N$6))))))))))))))","v":-117.79389},"Phosphate","ortho-, dissolved (as P)","Sample analysed in lab","µg/L","actual","water",0.005,"<5","N/A"]
["2015-05-26","Not specified","Not specified","NEMCD01",{"$f":"IF(ISBLANK(D10)=TRUE,\" \", IF(D10='2. Metadata'!B$1,'2. Metadata'!B$5, IF(D10='2. Metadata'!C$1,'2. Metadata'!C$5,IF(D10='2. Metadata'!D$1,'2. Metadata'!D$5, IF(D10='2. Metadata'!E$1,'2. Metadata'!E$5,IF( D10='2. Metadata'!F$1,'2. Metadata'!F$5,IF(D10='2. Metadata'!G$1,'2. Metadata'!G$5,IF(D10='2. Metadata'!H$1,'2. Metadata'!H$5, IF(D10='2. Metadata'!I$1,'2. Metadata'!I$5, IF(D10='2. Metadata'!J$1,'2. Metadata'!J$5, IF(D10='2. Metadata'!K$1,'2. Metadata'!K$5, IF(D10='2. Metadata'!L$1,'2. Metadata'!L$5, IF(D10='2. Metadata'!M$1,'2. Metadata'!M$5, IF(D10='2. Metadata'!N$1,'2. Metadata'!N$5))))))))))))))","v":50.145},{"$f":"IF(ISBLANK(D10)=TRUE,\" \", IF(D10='2. Metadata'!B$1,'2. Metadata'!B$6, IF(D10='2. Metadata'!C$1,'2. Metadata'!C$6,IF(D10='2. Metadata'!D$1,'2. Metadata'!D$6, IF(D10='2. Metadata'!E$1,'2. Metadata'!E$6,IF( D10='2. Metadata'!F$1,'2. Metadata'!F$6,IF(D10='2. Metadata'!G$1,'2. Metadata'!G$6,IF(D10='2. Metadata'!H$1,'2. Metadata'!H$6, IF(D10='2. Metadata'!I$1,'2. Metadata'!I$6, IF(D10='2. Metadata'!J$1,'2. Metadata'!J$6, IF(D10='2. Metadata'!K$1,'2. Metadata'!K$6, IF(D10='2. Metadata'!L$1,'2. Metadata'!L$6, IF(D10='2. Metadata'!M$1,'2. Metadata'!M$6, IF(D10='2. Metadata'!N$1,'2. Metadata'!N$6))))))))))))))","v":-117.79389},"Oxygen","Dissolved","In situ","mg/L","actual","water","not specified",13,"N/A"]
["2015-05-26","Not specified","Not specified","NEMCD01",{"$f":"IF(ISBLANK(D11)=TRUE,\" \", IF(D11='2. Metadata'!B$1,'2. Metadata'!B$5, IF(D11='2. Metadata'!C$1,'2. Metadata'!C$5,IF(D11='2. Metadata'!D$1,'2. Metadata'!D$5, IF(D11='2. Metadata'!E$1,'2. Metadata'!E$5,IF( D11='2. Metadata'!F$1,'2. Metadata'!F$5,IF(D11='2. Metadata'!G$1,'2. Metadata'!G$5,IF(D11='2. Metadata'!H$1,'2. Metadata'!H$5, IF(D11='2. Metadata'!I$1,'2. Metadata'!I$5, IF(D11='2. Metadata'!J$1,'2. Metadata'!J$5, IF(D11='2. Metadata'!K$1,'2. Metadata'!K$5, IF(D11='2. Metadata'!L$1,'2. Metadata'!L$5, IF(D11='2. Metadata'!M$1,'2. Metadata'!M$5, IF(D11='2. Metadata'!N$1,'2. Metadata'!N$5))))))))))))))","v":50.145},{"$f":"IF(ISBLANK(D11)=TRUE,\" \", IF(D11='2. Metadata'!B$1,'2. Metadata'!B$6, IF(D11='2. Metadata'!C$1,'2. Metadata'!C$6,IF(D11='2. Metadata'!D$1,'2. Metadata'!D$6, IF(D11='2. Metadata'!E$1,'2. Metadata'!E$6,IF( D11='2. Metadata'!F$1,'2. Metadata'!F$6,IF(D11='2. Metadata'!G$1,'2. Metadata'!G$6,IF(D11='2. Metadata'!H$1,'2. Metadata'!H$6, IF(D11='2. Metadata'!I$1,'2. Metadata'!I$6, IF(D11='2. Metadata'!J$1,'2. Metadata'!J$6, IF(D11='2. Metadata'!K$1,'2. Metadata'!K$6, IF(D11='2. Metadata'!L$1,'2. Metadata'!L$6, IF(D11='2. Metadata'!M$1,'2. Metadata'!M$6, IF(D11='2. Metadata'!N$1,'2. Metadata'!N$6))))))))))))))","v":-117.79389},"Conductivity ","EC","In situ","uS/cm","actual","water",1,95.9,"N/A"]
["2015-05-26","Not specified","Not specified","NEMCD01",{"$f":"IF(ISBLANK(D12)=TRUE,\" \", IF(D12='2. Metadata'!B$1,'2. Metadata'!B$5, IF(D12='2. Metadata'!C$1,'2. Metadata'!C$5,IF(D12='2. Metadata'!D$1,'2. Metadata'!D$5, IF(D12='2. Metadata'!E$1,'2. Metadata'!E$5,IF( D12='2. Metadata'!F$1,'2. Metadata'!F$5,IF(D12='2. Metadata'!G$1,'2. Metadata'!G$5,IF(D12='2. Metadata'!H$1,'2. Metadata'!H$5, IF(D12='2. Metadata'!I$1,'2. Metadata'!I$5, IF(D12='2. Metadata'!J$1,'2. Metadata'!J$5, IF(D12='2. Metadata'!K$1,'2. Metadata'!K$5, IF(D12='2. Metadata'!L$1,'2. Metadata'!L$5, IF(D12='2. Metadata'!M$1,'2. Metadata'!M$5, IF(D12='2. Metadata'!N$1,'2. Metadata'!N$5))))))))))))))","v":50.145},{"$f":"IF(ISBLANK(D12)=TRUE,\" \", IF(D12='2. Metadata'!B$1,'2. Metadata'!B$6, IF(D12='2. Metadata'!C$1,'2. Metadata'!C$6,IF(D12='2. Metadata'!D$1,'2. Metadata'!D$6, IF(D12='2. Metadata'!E$1,'2. Metadata'!E$6,IF( D12='2. Metadata'!F$1,'2. Metadata'!F$6,IF(D12='2. Metadata'!G$1,'2. Metadata'!G$6,IF(D12='2. Metadata'!H$1,'2. Metadata'!H$6, IF(D12='2. Metadata'!I$1,'2. Metadata'!I$6, IF(D12='2. Metadata'!J$1,'2. Metadata'!J$6, IF(D12='2. Metadata'!K$1,'2. Metadata'!K$6, IF(D12='2. Metadata'!L$1,'2. Metadata'!L$6, IF(D12='2. Metadata'!M$1,'2. Metadata'!M$6, IF(D12='2. Metadata'!N$1,'2. Metadata'!N$6))))))))))))))","v":-117.79389},"pH","N/A","In situ","pH units","actual","water","Not specified",7.2,"N/A"]
["2015-05-26","Not specified","Not specified","NEMCD01",{"$f":"IF(ISBLANK(D13)=TRUE,\" \", IF(D13='2. Metadata'!B$1,'2. Metadata'!B$5, IF(D13='2. Metadata'!C$1,'2. Metadata'!C$5,IF(D13='2. Metadata'!D$1,'2. Metadata'!D$5, IF(D13='2. Metadata'!E$1,'2. Metadata'!E$5,IF( D13='2. Metadata'!F$1,'2. Metadata'!F$5,IF(D13='2. Metadata'!G$1,'2. Metadata'!G$5,IF(D13='2. Metadata'!H$1,'2. Metadata'!H$5, IF(D13='2. Metadata'!I$1,'2. Metadata'!I$5, IF(D13='2. Metadata'!J$1,'2. Metadata'!J$5, IF(D13='2. Metadata'!K$1,'2. Metadata'!K$5, IF(D13='2. Metadata'!L$1,'2. Metadata'!L$5, IF(D13='2. Metadata'!M$1,'2. Metadata'!M$5, IF(D13='2. Metadata'!N$1,'2. Metadata'!N$5))))))))))))))","v":50.145},{"$f":"IF(ISBLANK(D13)=TRUE,\" \", IF(D13='2. Metadata'!B$1,'2. Metadata'!B$6, IF(D13='2. Metadata'!C$1,'2. Metadata'!C$6,IF(D13='2. Metadata'!D$1,'2. Metadata'!D$6, IF(D13='2. Metadata'!E$1,'2. Metadata'!E$6,IF( D13='2. Metadata'!F$1,'2. Metadata'!F$6,IF(D13='2. Metadata'!G$1,'2. Metadata'!G$6,IF(D13='2. Metadata'!H$1,'2. Metadata'!H$6, IF(D13='2. Metadata'!I$1,'2. Metadata'!I$6, IF(D13='2. Metadata'!J$1,'2. Metadata'!J$6, IF(D13='2. Metadata'!K$1,'2. Metadata'!K$6, IF(D13='2. Metadata'!L$1,'2. Metadata'!L$6, IF(D13='2. Metadata'!M$1,'2. Metadata'!M$6, IF(D13='2. Metadata'!N$1,'2. Metadata'!N$6))))))))))))))","v":-117.79389},"Turbidity","N/A","In situ","NTU","actual","water","Not specified",7.81,"N/A"]
["2015-05-26","Not specified","Not specified","NEMCD01",{"$f":"IF(ISBLANK(D14)=TRUE,\" \", IF(D14='2. Metadata'!B$1,'2. Metadata'!B$5, IF(D14='2. Metadata'!C$1,'2. Metadata'!C$5,IF(D14='2. Metadata'!D$1,'2. Metadata'!D$5, IF(D14='2. Metadata'!E$1,'2. Metadata'!E$5,IF( D14='2. Metadata'!F$1,'2. Metadata'!F$5,IF(D14='2. Metadata'!G$1,'2. Metadata'!G$5,IF(D14='2. Metadata'!H$1,'2. Metadata'!H$5, IF(D14='2. Metadata'!I$1,'2. Metadata'!I$5, IF(D14='2. Metadata'!J$1,'2. Metadata'!J$5, IF(D14='2. Metadata'!K$1,'2. Metadata'!K$5, IF(D14='2. Metadata'!L$1,'2. Metadata'!L$5, IF(D14='2. Metadata'!M$1,'2. Metadata'!M$5, IF(D14='2. Metadata'!N$1,'2. Metadata'!N$5))))))))))))))","v":50.145},{"$f":"IF(ISBLANK(D14)=TRUE,\" \", IF(D14='2. Metadata'!B$1,'2. Metadata'!B$6, IF(D14='2. Metadata'!C$1,'2. Metadata'!C$6,IF(D14='2. Metadata'!D$1,'2. Metadata'!D$6, IF(D14='2. Metadata'!E$1,'2. Metadata'!E$6,IF( D14='2. Metadata'!F$1,'2. Metadata'!F$6,IF(D14='2. Metadata'!G$1,'2. Metadata'!G$6,IF(D14='2. Metadata'!H$1,'2. Metadata'!H$6, IF(D14='2. Metadata'!I$1,'2. Metadata'!I$6, IF(D14='2. Metadata'!J$1,'2. Metadata'!J$6, IF(D14='2. Metadata'!K$1,'2. Metadata'!K$6, IF(D14='2. Metadata'!L$1,'2. Metadata'!L$6, IF(D14='2. Metadata'!M$1,'2. Metadata'!M$6, IF(D14='2. Metadata'!N$1,'2. Metadata'!N$6))))))))))))))","v":-117.79389},"Temperature","N/A","In situ","Degrees Celsius","actual","water","Not specified",6.3,"N/A"]
["2015-05-26","Not specified","Not specified","NEMCD01",{"$f":"IF(ISBLANK(D15)=TRUE,\" \", IF(D15='2. Metadata'!B$1,'2. Metadata'!B$5, IF(D15='2. Metadata'!C$1,'2. Metadata'!C$5,IF(D15='2. Metadata'!D$1,'2. Metadata'!D$5, IF(D15='2. Metadata'!E$1,'2. Metadata'!E$5,IF( D15='2. Metadata'!F$1,'2. Metadata'!F$5,IF(D15='2. Metadata'!G$1,'2. Metadata'!G$5,IF(D15='2. Metadata'!H$1,'2. Metadata'!H$5, IF(D15='2. Metadata'!I$1,'2. Metadata'!I$5, IF(D15='2. Metadata'!J$1,'2. Metadata'!J$5, IF(D15='2. Metadata'!K$1,'2. Metadata'!K$5, IF(D15='2. Metadata'!L$1,'2. Metadata'!L$5, IF(D15='2. Metadata'!M$1,'2. Metadata'!M$5, IF(D15='2. Metadata'!N$1,'2. Metadata'!N$5))))))))))))))","v":50.145},{"$f":"IF(ISBLANK(D15)=TRUE,\" \", IF(D15='2. Metadata'!B$1,'2. Metadata'!B$6, IF(D15='2. Metadata'!C$1,'2. Metadata'!C$6,IF(D15='2. Metadata'!D$1,'2. Metadata'!D$6, IF(D15='2. Metadata'!E$1,'2. Metadata'!E$6,IF( D15='2. Metadata'!F$1,'2. Metadata'!F$6,IF(D15='2. Metadata'!G$1,'2. Metadata'!G$6,IF(D15='2. Metadata'!H$1,'2. Metadata'!H$6, IF(D15='2. Metadata'!I$1,'2. Metadata'!I$6, IF(D15='2. Metadata'!J$1,'2. Metadata'!J$6, IF(D15='2. Metadata'!K$1,'2. Metadata'!K$6, IF(D15='2. Metadata'!L$1,'2. Metadata'!L$6, IF(D15='2. Metadata'!M$1,'2. Metadata'!M$6, IF(D15='2. Metadata'!N$1,'2. Metadata'!N$6))))))))))))))","v":-117.79389},"Temperature","N/A","In situ","Degrees Celsius","actual","air","Not specified",11,"Air temp"]
["2015-05-26","Not specified","Not specified","NEMCD01",{"$f":"IF(ISBLANK(D16)=TRUE,\" \", IF(D16='2. Metadata'!B$1,'2. Metadata'!B$5, IF(D16='2. Metadata'!C$1,'2. Metadata'!C$5,IF(D16='2. Metadata'!D$1,'2. Metadata'!D$5, IF(D16='2. Metadata'!E$1,'2. Metadata'!E$5,IF( D16='2. Metadata'!F$1,'2. Metadata'!F$5,IF(D16='2. Metadata'!G$1,'2. Metadata'!G$5,IF(D16='2. Metadata'!H$1,'2. Metadata'!H$5, IF(D16='2. Metadata'!I$1,'2. Metadata'!I$5, IF(D16='2. Metadata'!J$1,'2. Metadata'!J$5, IF(D16='2. Metadata'!K$1,'2. Metadata'!K$5, IF(D16='2. Metadata'!L$1,'2. Metadata'!L$5, IF(D16='2. Metadata'!M$1,'2. Metadata'!M$5, IF(D16='2. Metadata'!N$1,'2. Metadata'!N$5))))))))))))))","v":50.145},{"$f":"IF(ISBLANK(D16)=TRUE,\" \", IF(D16='2. Metadata'!B$1,'2. Metadata'!B$6, IF(D16='2. Metadata'!C$1,'2. Metadata'!C$6,IF(D16='2. Metadata'!D$1,'2. Metadata'!D$6, IF(D16='2. Metadata'!E$1,'2. Metadata'!E$6,IF( D16='2. Metadata'!F$1,'2. Metadata'!F$6,IF(D16='2. Metadata'!G$1,'2. Metadata'!G$6,IF(D16='2. Metadata'!H$1,'2. Metadata'!H$6, IF(D16='2. Metadata'!I$1,'2. Metadata'!I$6, IF(D16='2. Metadata'!J$1,'2. Metadata'!J$6, IF(D16='2. Metadata'!K$1,'2. Metadata'!K$6, IF(D16='2. Metadata'!L$1,'2. Metadata'!L$6, IF(D16='2. Metadata'!M$1,'2. Metadata'!M$6, IF(D16='2. Metadata'!N$1,'2. Metadata'!N$6))))))))))))))","v":-117.79389},"Phosphorus","as P","Sample analysed in lab","µg/L","actual","water",0.005,0.0218,"N/A"]
["2015-05-26","Not specified","Not specified","NEMCD01",{"$f":"IF(ISBLANK(D17)=TRUE,\" \", IF(D17='2. Metadata'!B$1,'2. Metadata'!B$5, IF(D17='2. Metadata'!C$1,'2. Metadata'!C$5,IF(D17='2. Metadata'!D$1,'2. Metadata'!D$5, IF(D17='2. Metadata'!E$1,'2. Metadata'!E$5,IF( D17='2. Metadata'!F$1,'2. Metadata'!F$5,IF(D17='2. Metadata'!G$1,'2. Metadata'!G$5,IF(D17='2. Metadata'!H$1,'2. Metadata'!H$5, IF(D17='2. Metadata'!I$1,'2. Metadata'!I$5, IF(D17='2. Metadata'!J$1,'2. Metadata'!J$5, IF(D17='2. Metadata'!K$1,'2. Metadata'!K$5, IF(D17='2. Metadata'!L$1,'2. Metadata'!L$5, IF(D17='2. Metadata'!M$1,'2. Metadata'!M$5, IF(D17='2. Metadata'!N$1,'2. Metadata'!N$5))))))))))))))","v":50.145},{"$f":"IF(ISBLANK(D17)=TRUE,\" \", IF(D17='2. Metadata'!B$1,'2. Metadata'!B$6, IF(D17='2. Metadata'!C$1,'2. Metadata'!C$6,IF(D17='2. Metadata'!D$1,'2. Metadata'!D$6, IF(D17='2. Metadata'!E$1,'2. Metadata'!E$6,IF( D17='2. Metadata'!F$1,'2. Metadata'!F$6,IF(D17='2. Metadata'!G$1,'2. Metadata'!G$6,IF(D17='2. Metadata'!H$1,'2. Metadata'!H$6, IF(D17='2. Metadata'!I$1,'2. Metadata'!I$6, IF(D17='2. Metadata'!J$1,'2. Metadata'!J$6, IF(D17='2. Metadata'!K$1,'2. Metadata'!K$6, IF(D17='2. Metadata'!L$1,'2. Metadata'!L$6, IF(D17='2. Metadata'!M$1,'2. Metadata'!M$6, IF(D17='2. Metadata'!N$1,'2. Metadata'!N$6))))))))))))))","v":-117.79389},"Solids","Total Suspended","Sample analysed in lab","mg/L","actual","water",4,10.5,"N/A"]
["2015-06-29","Not specified","Not specified","NEMCD01",{"$f":"IF(ISBLANK(D18)=TRUE,\" \", IF(D18='2. Metadata'!B$1,'2. Metadata'!B$5, IF(D18='2. Metadata'!C$1,'2. Metadata'!C$5,IF(D18='2. Metadata'!D$1,'2. Metadata'!D$5, IF(D18='2. Metadata'!E$1,'2. Metadata'!E$5,IF( D18='2. Metadata'!F$1,'2. Metadata'!F$5,IF(D18='2. Metadata'!G$1,'2. Metadata'!G$5,IF(D18='2. Metadata'!H$1,'2. Metadata'!H$5, IF(D18='2. Metadata'!I$1,'2. Metadata'!I$5, IF(D18='2. Metadata'!J$1,'2. Metadata'!J$5, IF(D18='2. Metadata'!K$1,'2. Metadata'!K$5, IF(D18='2. Metadata'!L$1,'2. Metadata'!L$5, IF(D18='2. Metadata'!M$1,'2. Metadata'!M$5, IF(D18='2. Metadata'!N$1,'2. Metadata'!N$5))))))))))))))","v":50.145},{"$f":"IF(ISBLANK(D18)=TRUE,\" \", IF(D18='2. Metadata'!B$1,'2. Metadata'!B$6, IF(D18='2. Metadata'!C$1,'2. Metadata'!C$6,IF(D18='2. Metadata'!D$1,'2. Metadata'!D$6, IF(D18='2. Metadata'!E$1,'2. Metadata'!E$6,IF( D18='2. Metadata'!F$1,'2. Metadata'!F$6,IF(D18='2. Metadata'!G$1,'2. Metadata'!G$6,IF(D18='2. Metadata'!H$1,'2. Metadata'!H$6, IF(D18='2. Metadata'!I$1,'2. Metadata'!I$6, IF(D18='2. Metadata'!J$1,'2. Metadata'!J$6, IF(D18='2. Metadata'!K$1,'2. Metadata'!K$6, IF(D18='2. Metadata'!L$1,'2. Metadata'!L$6, IF(D18='2. Metadata'!M$1,'2. Metadata'!M$6, IF(D18='2. Metadata'!N$1,'2. Metadata'!N$6))))))))))))))","v":-117.79389},"Phosphate","ortho-, dissolved (as P)","Sample analysed in lab","µg/L","actual","water",0.005,"<5","N/A"]
["2015-06-29","Not specified","Not specified","NEMCD01",{"$f":"IF(ISBLANK(D19)=TRUE,\" \", IF(D19='2. Metadata'!B$1,'2. Metadata'!B$5, IF(D19='2. Metadata'!C$1,'2. Metadata'!C$5,IF(D19='2. Metadata'!D$1,'2. Metadata'!D$5, IF(D19='2. Metadata'!E$1,'2. Metadata'!E$5,IF( D19='2. Metadata'!F$1,'2. Metadata'!F$5,IF(D19='2. Metadata'!G$1,'2. Metadata'!G$5,IF(D19='2. Metadata'!H$1,'2. Metadata'!H$5, IF(D19='2. Metadata'!I$1,'2. Metadata'!I$5, IF(D19='2. Metadata'!J$1,'2. Metadata'!J$5, IF(D19='2. Metadata'!K$1,'2. Metadata'!K$5, IF(D19='2. Metadata'!L$1,'2. Metadata'!L$5, IF(D19='2. Metadata'!M$1,'2. Metadata'!M$5, IF(D19='2. Metadata'!N$1,'2. Metadata'!N$5))))))))))))))","v":50.145},{"$f":"IF(ISBLANK(D19)=TRUE,\" \", IF(D19='2. Metadata'!B$1,'2. Metadata'!B$6, IF(D19='2. Metadata'!C$1,'2. Metadata'!C$6,IF(D19='2. Metadata'!D$1,'2. Metadata'!D$6, IF(D19='2. Metadata'!E$1,'2. Metadata'!E$6,IF( D19='2. Metadata'!F$1,'2. Metadata'!F$6,IF(D19='2. Metadata'!G$1,'2. Metadata'!G$6,IF(D19='2. Metadata'!H$1,'2. Metadata'!H$6, IF(D19='2. Metadata'!I$1,'2. Metadata'!I$6, IF(D19='2. Metadata'!J$1,'2. Metadata'!J$6, IF(D19='2. Metadata'!K$1,'2. Metadata'!K$6, IF(D19='2. Metadata'!L$1,'2. Metadata'!L$6, IF(D19='2. Metadata'!M$1,'2. Metadata'!M$6, IF(D19='2. Metadata'!N$1,'2. Metadata'!N$6))))))))))))))","v":-117.79389},"Oxygen","Dissolved","In situ","mg/L","actual","water","not specified",9,"N/A"]
["2015-06-29","Not specified","Not specified","NEMCD01",{"$f":"IF(ISBLANK(D20)=TRUE,\" \", IF(D20='2. Metadata'!B$1,'2. Metadata'!B$5, IF(D20='2. Metadata'!C$1,'2. Metadata'!C$5,IF(D20='2. Metadata'!D$1,'2. Metadata'!D$5, IF(D20='2. Metadata'!E$1,'2. Metadata'!E$5,IF( D20='2. Metadata'!F$1,'2. Metadata'!F$5,IF(D20='2. Metadata'!G$1,'2. Metadata'!G$5,IF(D20='2. Metadata'!H$1,'2. Metadata'!H$5, IF(D20='2. Metadata'!I$1,'2. Metadata'!I$5, IF(D20='2. Metadata'!J$1,'2. Metadata'!J$5, IF(D20='2. Metadata'!K$1,'2. Metadata'!K$5, IF(D20='2. Metadata'!L$1,'2. Metadata'!L$5, IF(D20='2. Metadata'!M$1,'2. Metadata'!M$5, IF(D20='2. Metadata'!N$1,'2. Metadata'!N$5))))))))))))))","v":50.145},{"$f":"IF(ISBLANK(D20)=TRUE,\" \", IF(D20='2. Metadata'!B$1,'2. Metadata'!B$6, IF(D20='2. Metadata'!C$1,'2. Metadata'!C$6,IF(D20='2. Metadata'!D$1,'2. Metadata'!D$6, IF(D20='2. Metadata'!E$1,'2. Metadata'!E$6,IF( D20='2. Metadata'!F$1,'2. Metadata'!F$6,IF(D20='2. Metadata'!G$1,'2. Metadata'!G$6,IF(D20='2. Metadata'!H$1,'2. Metadata'!H$6, IF(D20='2. Metadata'!I$1,'2. Metadata'!I$6, IF(D20='2. Metadata'!J$1,'2. Metadata'!J$6, IF(D20='2. Metadata'!K$1,'2. Metadata'!K$6, IF(D20='2. Metadata'!L$1,'2. Metadata'!L$6, IF(D20='2. Metadata'!M$1,'2. Metadata'!M$6, IF(D20='2. Metadata'!N$1,'2. Metadata'!N$6))))))))))))))","v":-117.79389},"Conductivity ","EC","In situ","uS/cm","actual","water",1,168.3,"N/A"]
["2015-06-29","Not specified","Not specified","NEMCD01",{"$f":"IF(ISBLANK(D21)=TRUE,\" \", IF(D21='2. Metadata'!B$1,'2. Metadata'!B$5, IF(D21='2. Metadata'!C$1,'2. Metadata'!C$5,IF(D21='2. Metadata'!D$1,'2. Metadata'!D$5, IF(D21='2. Metadata'!E$1,'2. Metadata'!E$5,IF( D21='2. Metadata'!F$1,'2. Metadata'!F$5,IF(D21='2. Metadata'!G$1,'2. Metadata'!G$5,IF(D21='2. Metadata'!H$1,'2. Metadata'!H$5, IF(D21='2. Metadata'!I$1,'2. Metadata'!I$5, IF(D21='2. Metadata'!J$1,'2. Metadata'!J$5, IF(D21='2. Metadata'!K$1,'2. Metadata'!K$5, IF(D21='2. Metadata'!L$1,'2. Metadata'!L$5, IF(D21='2. Metadata'!M$1,'2. Metadata'!M$5, IF(D21='2. Metadata'!N$1,'2. Metadata'!N$5))))))))))))))","v":50.145},{"$f":"IF(ISBLANK(D21)=TRUE,\" \", IF(D21='2. Metadata'!B$1,'2. Metadata'!B$6, IF(D21='2. Metadata'!C$1,'2. Metadata'!C$6,IF(D21='2. Metadata'!D$1,'2. Metadata'!D$6, IF(D21='2. Metadata'!E$1,'2. Metadata'!E$6,IF( D21='2. Metadata'!F$1,'2. Metadata'!F$6,IF(D21='2. Metadata'!G$1,'2. Metadata'!G$6,IF(D21='2. Metadata'!H$1,'2. Metadata'!H$6, IF(D21='2. Metadata'!I$1,'2. Metadata'!I$6, IF(D21='2. Metadata'!J$1,'2. Metadata'!J$6, IF(D21='2. Metadata'!K$1,'2. Metadata'!K$6, IF(D21='2. Metadata'!L$1,'2. Metadata'!L$6, IF(D21='2. Metadata'!M$1,'2. Metadata'!M$6, IF(D21='2. Metadata'!N$1,'2. Metadata'!N$6))))))))))))))","v":-117.79389},"pH","N/A","In situ","pH units","actual","water","Not specified",7,"N/A"]
["2015-06-29","Not specified","Not specified","NEMCD01",{"$f":"IF(ISBLANK(D22)=TRUE,\" \", IF(D22='2. Metadata'!B$1,'2. Metadata'!B$5, IF(D22='2. Metadata'!C$1,'2. Metadata'!C$5,IF(D22='2. Metadata'!D$1,'2. Metadata'!D$5, IF(D22='2. Metadata'!E$1,'2. Metadata'!E$5,IF( D22='2. Metadata'!F$1,'2. Metadata'!F$5,IF(D22='2. Metadata'!G$1,'2. Metadata'!G$5,IF(D22='2. Metadata'!H$1,'2. Metadata'!H$5, IF(D22='2. Metadata'!I$1,'2. Metadata'!I$5, IF(D22='2. Metadata'!J$1,'2. Metadata'!J$5, IF(D22='2. Metadata'!K$1,'2. Metadata'!K$5, IF(D22='2. Metadata'!L$1,'2. Metadata'!L$5, IF(D22='2. Metadata'!M$1,'2. Metadata'!M$5, IF(D22='2. Metadata'!N$1,'2. Metadata'!N$5))))))))))))))","v":50.145},{"$f":"IF(ISBLANK(D22)=TRUE,\" \", IF(D22='2. Metadata'!B$1,'2. Metadata'!B$6, IF(D22='2. Metadata'!C$1,'2. Metadata'!C$6,IF(D22='2. Metadata'!D$1,'2. Metadata'!D$6, IF(D22='2. Metadata'!E$1,'2. Metadata'!E$6,IF( D22='2. Metadata'!F$1,'2. Metadata'!F$6,IF(D22='2. Metadata'!G$1,'2. Metadata'!G$6,IF(D22='2. Metadata'!H$1,'2. Metadata'!H$6, IF(D22='2. Metadata'!I$1,'2. Metadata'!I$6, IF(D22='2. Metadata'!J$1,'2. Metadata'!J$6, IF(D22='2. Metadata'!K$1,'2. Metadata'!K$6, IF(D22='2. Metadata'!L$1,'2. Metadata'!L$6, IF(D22='2. Metadata'!M$1,'2. Metadata'!M$6, IF(D22='2. Metadata'!N$1,'2. Metadata'!N$6))))))))))))))","v":-117.79389},"Turbidity","N/A","In situ","NTU","actual","water","Not specified",0.98,"N/A"]
["2015-06-29","Not specified","Not specified","NEMCD01",{"$f":"IF(ISBLANK(D23)=TRUE,\" \", IF(D23='2. Metadata'!B$1,'2. Metadata'!B$5, IF(D23='2. Metadata'!C$1,'2. Metadata'!C$5,IF(D23='2. Metadata'!D$1,'2. Metadata'!D$5, IF(D23='2. Metadata'!E$1,'2. Metadata'!E$5,IF( D23='2. Metadata'!F$1,'2. Metadata'!F$5,IF(D23='2. Metadata'!G$1,'2. Metadata'!G$5,IF(D23='2. Metadata'!H$1,'2. Metadata'!H$5, IF(D23='2. Metadata'!I$1,'2. Metadata'!I$5, IF(D23='2. Metadata'!J$1,'2. Metadata'!J$5, IF(D23='2. Metadata'!K$1,'2. Metadata'!K$5, IF(D23='2. Metadata'!L$1,'2. Metadata'!L$5, IF(D23='2. Metadata'!M$1,'2. Metadata'!M$5, IF(D23='2. Metadata'!N$1,'2. Metadata'!N$5))))))))))))))","v":50.145},{"$f":"IF(ISBLANK(D23)=TRUE,\" \", IF(D23='2. Metadata'!B$1,'2. Metadata'!B$6, IF(D23='2. Metadata'!C$1,'2. Metadata'!C$6,IF(D23='2. Metadata'!D$1,'2. Metadata'!D$6, IF(D23='2. Metadata'!E$1,'2. Metadata'!E$6,IF( D23='2. Metadata'!F$1,'2. Metadata'!F$6,IF(D23='2. Metadata'!G$1,'2. Metadata'!G$6,IF(D23='2. Metadata'!H$1,'2. Metadata'!H$6, IF(D23='2. Metadata'!I$1,'2. Metadata'!I$6, IF(D23='2. Metadata'!J$1,'2. Metadata'!J$6, IF(D23='2. Metadata'!K$1,'2. Metadata'!K$6, IF(D23='2. Metadata'!L$1,'2. Metadata'!L$6, IF(D23='2. Metadata'!M$1,'2. Metadata'!M$6, IF(D23='2. Metadata'!N$1,'2. Metadata'!N$6))))))))))))))","v":-117.79389},"Temperature","N/A","In situ","Degrees Celsius","actual","water","Not specified",12.9,"N/A"]
["2015-06-29","Not specified","Not specified","NEMCD01",{"$f":"IF(ISBLANK(D24)=TRUE,\" \", IF(D24='2. Metadata'!B$1,'2. Metadata'!B$5, IF(D24='2. Metadata'!C$1,'2. Metadata'!C$5,IF(D24='2. Metadata'!D$1,'2. Metadata'!D$5, IF(D24='2. Metadata'!E$1,'2. Metadata'!E$5,IF( D24='2. Metadata'!F$1,'2. Metadata'!F$5,IF(D24='2. Metadata'!G$1,'2. Metadata'!G$5,IF(D24='2. Metadata'!H$1,'2. Metadata'!H$5, IF(D24='2. Metadata'!I$1,'2. Metadata'!I$5, IF(D24='2. Metadata'!J$1,'2. Metadata'!J$5, IF(D24='2. Metadata'!K$1,'2. Metadata'!K$5, IF(D24='2. Metadata'!L$1,'2. Metadata'!L$5, IF(D24='2. Metadata'!M$1,'2. Metadata'!M$5, IF(D24='2. Metadata'!N$1,'2. Metadata'!N$5))))))))))))))","v":50.145},{"$f":"IF(ISBLANK(D24)=TRUE,\" \", IF(D24='2. Metadata'!B$1,'2. Metadata'!B$6, IF(D24='2. Metadata'!C$1,'2. Metadata'!C$6,IF(D24='2. Metadata'!D$1,'2. Metadata'!D$6, IF(D24='2. Metadata'!E$1,'2. Metadata'!E$6,IF( D24='2. Metadata'!F$1,'2. Metadata'!F$6,IF(D24='2. Metadata'!G$1,'2. Metadata'!G$6,IF(D24='2. Metadata'!H$1,'2. Metadata'!H$6, IF(D24='2. Metadata'!I$1,'2. Metadata'!I$6, IF(D24='2. Metadata'!J$1,'2. Metadata'!J$6, IF(D24='2. Metadata'!K$1,'2. Metadata'!K$6, IF(D24='2. Metadata'!L$1,'2. Metadata'!L$6, IF(D24='2. Metadata'!M$1,'2. Metadata'!M$6, IF(D24='2. Metadata'!N$1,'2. Metadata'!N$6))))))))))))))","v":-117.79389},"Temperature","N/A","In situ","Degrees Celsius","actual","air","Not specified",19.1,"Air temp"]
["2015-06-29","Not specified","Not specified","NEMCD01",{"$f":"IF(ISBLANK(D25)=TRUE,\" \", IF(D25='2. Metadata'!B$1,'2. Metadata'!B$5, IF(D25='2. Metadata'!C$1,'2. Metadata'!C$5,IF(D25='2. Metadata'!D$1,'2. Metadata'!D$5, IF(D25='2. Metadata'!E$1,'2. Metadata'!E$5,IF( D25='2. Metadata'!F$1,'2. Metadata'!F$5,IF(D25='2. Metadata'!G$1,'2. Metadata'!G$5,IF(D25='2. Metadata'!H$1,'2. Metadata'!H$5, IF(D25='2. Metadata'!I$1,'2. Metadata'!I$5, IF(D25='2. Metadata'!J$1,'2. Metadata'!J$5, IF(D25='2. Metadata'!K$1,'2. Metadata'!K$5, IF(D25='2. Metadata'!L$1,'2. Metadata'!L$5, IF(D25='2. Metadata'!M$1,'2. Metadata'!M$5, IF(D25='2. Metadata'!N$1,'2. Metadata'!N$5))))))))))))))","v":50.145},{"$f":"IF(ISBLANK(D25)=TRUE,\" \", IF(D25='2. Metadata'!B$1,'2. Metadata'!B$6, IF(D25='2. Metadata'!C$1,'2. Metadata'!C$6,IF(D25='2. Metadata'!D$1,'2. Metadata'!D$6, IF(D25='2. Metadata'!E$1,'2. Metadata'!E$6,IF( D25='2. Metadata'!F$1,'2. Metadata'!F$6,IF(D25='2. Metadata'!G$1,'2. Metadata'!G$6,IF(D25='2. Metadata'!H$1,'2. Metadata'!H$6, IF(D25='2. Metadata'!I$1,'2. Metadata'!I$6, IF(D25='2. Metadata'!J$1,'2. Metadata'!J$6, IF(D25='2. Metadata'!K$1,'2. Metadata'!K$6, IF(D25='2. Metadata'!L$1,'2. Metadata'!L$6, IF(D25='2. Metadata'!M$1,'2. Metadata'!M$6, IF(D25='2. Metadata'!N$1,'2. Metadata'!N$6))))))))))))))","v":-117.79389},"Phosphorus","as P","Sample analysed in lab","µg/L","actual","water",0.005,0.0057,"N/A"]
["2015-06-29","Not specified","Not specified","NEMCD01",{"$f":"IF(ISBLANK(D26)=TRUE,\" \", IF(D26='2. Metadata'!B$1,'2. Metadata'!B$5, IF(D26='2. Metadata'!C$1,'2. Metadata'!C$5,IF(D26='2. Metadata'!D$1,'2. Metadata'!D$5, IF(D26='2. Metadata'!E$1,'2. Metadata'!E$5,IF( D26='2. Metadata'!F$1,'2. Metadata'!F$5,IF(D26='2. Metadata'!G$1,'2. Metadata'!G$5,IF(D26='2. Metadata'!H$1,'2. Metadata'!H$5, IF(D26='2. Metadata'!I$1,'2. Metadata'!I$5, IF(D26='2. Metadata'!J$1,'2. Metadata'!J$5, IF(D26='2. Metadata'!K$1,'2. Metadata'!K$5, IF(D26='2. Metadata'!L$1,'2. Metadata'!L$5, IF(D26='2. Metadata'!M$1,'2. Metadata'!M$5, IF(D26='2. Metadata'!N$1,'2. Metadata'!N$5))))))))))))))","v":50.145},{"$f":"IF(ISBLANK(D26)=TRUE,\" \", IF(D26='2. Metadata'!B$1,'2. Metadata'!B$6, IF(D26='2. Metadata'!C$1,'2. Metadata'!C$6,IF(D26='2. Metadata'!D$1,'2. Metadata'!D$6, IF(D26='2. Metadata'!E$1,'2. Metadata'!E$6,IF( D26='2. Metadata'!F$1,'2. Metadata'!F$6,IF(D26='2. Metadata'!G$1,'2. Metadata'!G$6,IF(D26='2. Metadata'!H$1,'2. Metadata'!H$6, IF(D26='2. Metadata'!I$1,'2. Metadata'!I$6, IF(D26='2. Metadata'!J$1,'2. Metadata'!J$6, IF(D26='2. Metadata'!K$1,'2. Metadata'!K$6, IF(D26='2. Metadata'!L$1,'2. Metadata'!L$6, IF(D26='2. Metadata'!M$1,'2. Metadata'!M$6, IF(D26='2. Metadata'!N$1,'2. Metadata'!N$6))))))))))))))","v":-117.79389},"Solids","Total Suspended","Sample analysed in lab","mg/L","actual","water",4,"<4.0","N/A"]
["2015-07-27","Not specified","Not specified","NEMCD01",{"$f":"IF(ISBLANK(D27)=TRUE,\" \", IF(D27='2. Metadata'!B$1,'2. Metadata'!B$5, IF(D27='2. Metadata'!C$1,'2. Metadata'!C$5,IF(D27='2. Metadata'!D$1,'2. Metadata'!D$5, IF(D27='2. Metadata'!E$1,'2. Metadata'!E$5,IF( D27='2. Metadata'!F$1,'2. Metadata'!F$5,IF(D27='2. Metadata'!G$1,'2. Metadata'!G$5,IF(D27='2. Metadata'!H$1,'2. Metadata'!H$5, IF(D27='2. Metadata'!I$1,'2. Metadata'!I$5, IF(D27='2. Metadata'!J$1,'2. Metadata'!J$5, IF(D27='2. Metadata'!K$1,'2. Metadata'!K$5, IF(D27='2. Metadata'!L$1,'2. Metadata'!L$5, IF(D27='2. Metadata'!M$1,'2. Metadata'!M$5, IF(D27='2. Metadata'!N$1,'2. Metadata'!N$5))))))))))))))","v":50.145},{"$f":"IF(ISBLANK(D27)=TRUE,\" \", IF(D27='2. Metadata'!B$1,'2. Metadata'!B$6, IF(D27='2. Metadata'!C$1,'2. Metadata'!C$6,IF(D27='2. Metadata'!D$1,'2. Metadata'!D$6, IF(D27='2. Metadata'!E$1,'2. Metadata'!E$6,IF( D27='2. Metadata'!F$1,'2. Metadata'!F$6,IF(D27='2. Metadata'!G$1,'2. Metadata'!G$6,IF(D27='2. Metadata'!H$1,'2. Metadata'!H$6, IF(D27='2. Metadata'!I$1,'2. Metadata'!I$6, IF(D27='2. Metadata'!J$1,'2. Metadata'!J$6, IF(D27='2. Metadata'!K$1,'2. Metadata'!K$6, IF(D27='2. Metadata'!L$1,'2. Metadata'!L$6, IF(D27='2. Metadata'!M$1,'2. Metadata'!M$6, IF(D27='2. Metadata'!N$1,'2. Metadata'!N$6))))))))))))))","v":-117.79389},"Phosphate","ortho-, dissolved (as P)","Sample analysed in lab","µg/L","actual","water",0.005,"<5","N/A"]
["2015-07-27","Not specified","Not specified","NEMCD01",{"$f":"IF(ISBLANK(D28)=TRUE,\" \", IF(D28='2. Metadata'!B$1,'2. Metadata'!B$5, IF(D28='2. Metadata'!C$1,'2. Metadata'!C$5,IF(D28='2. Metadata'!D$1,'2. Metadata'!D$5, IF(D28='2. Metadata'!E$1,'2. Metadata'!E$5,IF( D28='2. Metadata'!F$1,'2. Metadata'!F$5,IF(D28='2. Metadata'!G$1,'2. Metadata'!G$5,IF(D28='2. Metadata'!H$1,'2. Metadata'!H$5, IF(D28='2. Metadata'!I$1,'2. Metadata'!I$5, IF(D28='2. Metadata'!J$1,'2. Metadata'!J$5, IF(D28='2. Metadata'!K$1,'2. Metadata'!K$5, IF(D28='2. Metadata'!L$1,'2. Metadata'!L$5, IF(D28='2. Metadata'!M$1,'2. Metadata'!M$5, IF(D28='2. Metadata'!N$1,'2. Metadata'!N$5))))))))))))))","v":50.145},{"$f":"IF(ISBLANK(D28)=TRUE,\" \", IF(D28='2. Metadata'!B$1,'2. Metadata'!B$6, IF(D28='2. Metadata'!C$1,'2. Metadata'!C$6,IF(D28='2. Metadata'!D$1,'2. Metadata'!D$6, IF(D28='2. Metadata'!E$1,'2. Metadata'!E$6,IF( D28='2. Metadata'!F$1,'2. Metadata'!F$6,IF(D28='2. Metadata'!G$1,'2. Metadata'!G$6,IF(D28='2. Metadata'!H$1,'2. Metadata'!H$6, IF(D28='2. Metadata'!I$1,'2. Metadata'!I$6, IF(D28='2. Metadata'!J$1,'2. Metadata'!J$6, IF(D28='2. Metadata'!K$1,'2. Metadata'!K$6, IF(D28='2. Metadata'!L$1,'2. Metadata'!L$6, IF(D28='2. Metadata'!M$1,'2. Metadata'!M$6, IF(D28='2. Metadata'!N$1,'2. Metadata'!N$6))))))))))))))","v":-117.79389},"Oxygen","Dissolved","In situ","mg/L","actual","water","not specified",9,"N/A"]
["2015-07-27","Not specified","Not specified","NEMCD01",{"$f":"IF(ISBLANK(D29)=TRUE,\" \", IF(D29='2. Metadata'!B$1,'2. Metadata'!B$5, IF(D29='2. Metadata'!C$1,'2. Metadata'!C$5,IF(D29='2. Metadata'!D$1,'2. Metadata'!D$5, IF(D29='2. Metadata'!E$1,'2. Metadata'!E$5,IF( D29='2. Metadata'!F$1,'2. Metadata'!F$5,IF(D29='2. Metadata'!G$1,'2. Metadata'!G$5,IF(D29='2. Metadata'!H$1,'2. Metadata'!H$5, IF(D29='2. Metadata'!I$1,'2. Metadata'!I$5, IF(D29='2. Metadata'!J$1,'2. Metadata'!J$5, IF(D29='2. Metadata'!K$1,'2. Metadata'!K$5, IF(D29='2. Metadata'!L$1,'2. Metadata'!L$5, IF(D29='2. Metadata'!M$1,'2. Metadata'!M$5, IF(D29='2. Metadata'!N$1,'2. Metadata'!N$5))))))))))))))","v":50.145},{"$f":"IF(ISBLANK(D29)=TRUE,\" \", IF(D29='2. Metadata'!B$1,'2. Metadata'!B$6, IF(D29='2. Metadata'!C$1,'2. Metadata'!C$6,IF(D29='2. Metadata'!D$1,'2. Metadata'!D$6, IF(D29='2. Metadata'!E$1,'2. Metadata'!E$6,IF( D29='2. Metadata'!F$1,'2. Metadata'!F$6,IF(D29='2. Metadata'!G$1,'2. Metadata'!G$6,IF(D29='2. Metadata'!H$1,'2. Metadata'!H$6, IF(D29='2. Metadata'!I$1,'2. Metadata'!I$6, IF(D29='2. Metadata'!J$1,'2. Metadata'!J$6, IF(D29='2. Metadata'!K$1,'2. Metadata'!K$6, IF(D29='2. Metadata'!L$1,'2. Metadata'!L$6, IF(D29='2. Metadata'!M$1,'2. Metadata'!M$6, IF(D29='2. Metadata'!N$1,'2. Metadata'!N$6))))))))))))))","v":-117.79389},"Conductivity ","EC","In situ","uS/cm","actual","water",1,200,"N/A"]
["2015-07-27","Not specified","Not specified","NEMCD01",{"$f":"IF(ISBLANK(D30)=TRUE,\" \", IF(D30='2. Metadata'!B$1,'2. Metadata'!B$5, IF(D30='2. Metadata'!C$1,'2. Metadata'!C$5,IF(D30='2. Metadata'!D$1,'2. Metadata'!D$5, IF(D30='2. Metadata'!E$1,'2. Metadata'!E$5,IF( D30='2. Metadata'!F$1,'2. Metadata'!F$5,IF(D30='2. Metadata'!G$1,'2. Metadata'!G$5,IF(D30='2. Metadata'!H$1,'2. Metadata'!H$5, IF(D30='2. Metadata'!I$1,'2. Metadata'!I$5, IF(D30='2. Metadata'!J$1,'2. Metadata'!J$5, IF(D30='2. Metadata'!K$1,'2. Metadata'!K$5, IF(D30='2. Metadata'!L$1,'2. Metadata'!L$5, IF(D30='2. Metadata'!M$1,'2. Metadata'!M$5, IF(D30='2. Metadata'!N$1,'2. Metadata'!N$5))))))))))))))","v":50.145},{"$f":"IF(ISBLANK(D30)=TRUE,\" \", IF(D30='2. Metadata'!B$1,'2. Metadata'!B$6, IF(D30='2. Metadata'!C$1,'2. Metadata'!C$6,IF(D30='2. Metadata'!D$1,'2. Metadata'!D$6, IF(D30='2. Metadata'!E$1,'2. Metadata'!E$6,IF( D30='2. Metadata'!F$1,'2. Metadata'!F$6,IF(D30='2. Metadata'!G$1,'2. Metadata'!G$6,IF(D30='2. Metadata'!H$1,'2. Metadata'!H$6, IF(D30='2. Metadata'!I$1,'2. Metadata'!I$6, IF(D30='2. Metadata'!J$1,'2. Metadata'!J$6, IF(D30='2. Metadata'!K$1,'2. Metadata'!K$6, IF(D30='2. Metadata'!L$1,'2. Metadata'!L$6, IF(D30='2. Metadata'!M$1,'2. Metadata'!M$6, IF(D30='2. Metadata'!N$1,'2. Metadata'!N$6))))))))))))))","v":-117.79389},"pH","N/A","In situ","pH units","actual","water","Not specified",7.13,"N/A"]
["2015-07-27","Not specified","Not specified","NEMCD01",{"$f":"IF(ISBLANK(D31)=TRUE,\" \", IF(D31='2. Metadata'!B$1,'2. Metadata'!B$5, IF(D31='2. Metadata'!C$1,'2. Metadata'!C$5,IF(D31='2. Metadata'!D$1,'2. Metadata'!D$5, IF(D31='2. Metadata'!E$1,'2. Metadata'!E$5,IF( D31='2. Metadata'!F$1,'2. Metadata'!F$5,IF(D31='2. Metadata'!G$1,'2. Metadata'!G$5,IF(D31='2. Metadata'!H$1,'2. Metadata'!H$5, IF(D31='2. Metadata'!I$1,'2. Metadata'!I$5, IF(D31='2. Metadata'!J$1,'2. Metadata'!J$5, IF(D31='2. Metadata'!K$1,'2. Metadata'!K$5, IF(D31='2. Metadata'!L$1,'2. Metadata'!L$5, IF(D31='2. Metadata'!M$1,'2. Metadata'!M$5, IF(D31='2. Metadata'!N$1,'2. Metadata'!N$5))))))))))))))","v":50.145},{"$f":"IF(ISBLANK(D31)=TRUE,\" \", IF(D31='2. Metadata'!B$1,'2. Metadata'!B$6, IF(D31='2. Metadata'!C$1,'2. Metadata'!C$6,IF(D31='2. Metadata'!D$1,'2. Metadata'!D$6, IF(D31='2. Metadata'!E$1,'2. Metadata'!E$6,IF( D31='2. Metadata'!F$1,'2. Metadata'!F$6,IF(D31='2. Metadata'!G$1,'2. Metadata'!G$6,IF(D31='2. Metadata'!H$1,'2. Metadata'!H$6, IF(D31='2. Metadata'!I$1,'2. Metadata'!I$6, IF(D31='2. Metadata'!J$1,'2. Metadata'!J$6, IF(D31='2. Metadata'!K$1,'2. Metadata'!K$6, IF(D31='2. Metadata'!L$1,'2. Metadata'!L$6, IF(D31='2. Metadata'!M$1,'2. Metadata'!M$6, IF(D31='2. Metadata'!N$1,'2. Metadata'!N$6))))))))))))))","v":-117.79389},"Turbidity","N/A","In situ","NTU","actual","water","Not specified",0.52,"N/A"]
["2015-07-27","Not specified","Not specified","NEMCD01",{"$f":"IF(ISBLANK(D32)=TRUE,\" \", IF(D32='2. Metadata'!B$1,'2. Metadata'!B$5, IF(D32='2. Metadata'!C$1,'2. Metadata'!C$5,IF(D32='2. Metadata'!D$1,'2. Metadata'!D$5, IF(D32='2. Metadata'!E$1,'2. Metadata'!E$5,IF( D32='2. Metadata'!F$1,'2. Metadata'!F$5,IF(D32='2. Metadata'!G$1,'2. Metadata'!G$5,IF(D32='2. Metadata'!H$1,'2. Metadata'!H$5, IF(D32='2. Metadata'!I$1,'2. Metadata'!I$5, IF(D32='2. Metadata'!J$1,'2. Metadata'!J$5, IF(D32='2. Metadata'!K$1,'2. Metadata'!K$5, IF(D32='2. Metadata'!L$1,'2. Metadata'!L$5, IF(D32='2. Metadata'!M$1,'2. Metadata'!M$5, IF(D32='2. Metadata'!N$1,'2. Metadata'!N$5))))))))))))))","v":50.145},{"$f":"IF(ISBLANK(D32)=TRUE,\" \", IF(D32='2. Metadata'!B$1,'2. Metadata'!B$6, IF(D32='2. Metadata'!C$1,'2. Metadata'!C$6,IF(D32='2. Metadata'!D$1,'2. Metadata'!D$6, IF(D32='2. Metadata'!E$1,'2. Metadata'!E$6,IF( D32='2. Metadata'!F$1,'2. Metadata'!F$6,IF(D32='2. Metadata'!G$1,'2. Metadata'!G$6,IF(D32='2. Metadata'!H$1,'2. Metadata'!H$6, IF(D32='2. Metadata'!I$1,'2. Metadata'!I$6, IF(D32='2. Metadata'!J$1,'2. Metadata'!J$6, IF(D32='2. Metadata'!K$1,'2. Metadata'!K$6, IF(D32='2. Metadata'!L$1,'2. Metadata'!L$6, IF(D32='2. Metadata'!M$1,'2. Metadata'!M$6, IF(D32='2. Metadata'!N$1,'2. Metadata'!N$6))))))))))))))","v":-117.79389},"Temperature","N/A","In situ","Degrees Celsius","actual","water","Not specified",10.6,"N/A"]
["2015-07-27","Not specified","Not specified","NEMCD01",{"$f":"IF(ISBLANK(D33)=TRUE,\" \", IF(D33='2. Metadata'!B$1,'2. Metadata'!B$5, IF(D33='2. Metadata'!C$1,'2. Metadata'!C$5,IF(D33='2. Metadata'!D$1,'2. Metadata'!D$5, IF(D33='2. Metadata'!E$1,'2. Metadata'!E$5,IF( D33='2. Metadata'!F$1,'2. Metadata'!F$5,IF(D33='2. Metadata'!G$1,'2. Metadata'!G$5,IF(D33='2. Metadata'!H$1,'2. Metadata'!H$5, IF(D33='2. Metadata'!I$1,'2. Metadata'!I$5, IF(D33='2. Metadata'!J$1,'2. Metadata'!J$5, IF(D33='2. Metadata'!K$1,'2. Metadata'!K$5, IF(D33='2. Metadata'!L$1,'2. Metadata'!L$5, IF(D33='2. Metadata'!M$1,'2. Metadata'!M$5, IF(D33='2. Metadata'!N$1,'2. Metadata'!N$5))))))))))))))","v":50.145},{"$f":"IF(ISBLANK(D33)=TRUE,\" \", IF(D33='2. Metadata'!B$1,'2. Metadata'!B$6, IF(D33='2. Metadata'!C$1,'2. Metadata'!C$6,IF(D33='2. Metadata'!D$1,'2. Metadata'!D$6, IF(D33='2. Metadata'!E$1,'2. Metadata'!E$6,IF( D33='2. Metadata'!F$1,'2. Metadata'!F$6,IF(D33='2. Metadata'!G$1,'2. Metadata'!G$6,IF(D33='2. Metadata'!H$1,'2. Metadata'!H$6, IF(D33='2. Metadata'!I$1,'2. Metadata'!I$6, IF(D33='2. Metadata'!J$1,'2. Metadata'!J$6, IF(D33='2. Metadata'!K$1,'2. Metadata'!K$6, IF(D33='2. Metadata'!L$1,'2. Metadata'!L$6, IF(D33='2. Metadata'!M$1,'2. Metadata'!M$6, IF(D33='2. Metadata'!N$1,'2. Metadata'!N$6))))))))))))))","v":-117.79389},"Temperature","N/A","In situ","Degrees Celsius","actual","air","Not specified",12.8,"Air temp"]
["2015-07-27","Not specified","Not specified","NEMCD01",{"$f":"IF(ISBLANK(D34)=TRUE,\" \", IF(D34='2. Metadata'!B$1,'2. Metadata'!B$5, IF(D34='2. Metadata'!C$1,'2. Metadata'!C$5,IF(D34='2. Metadata'!D$1,'2. Metadata'!D$5, IF(D34='2. Metadata'!E$1,'2. Metadata'!E$5,IF( D34='2. Metadata'!F$1,'2. Metadata'!F$5,IF(D34='2. Metadata'!G$1,'2. Metadata'!G$5,IF(D34='2. Metadata'!H$1,'2. Metadata'!H$5, IF(D34='2. Metadata'!I$1,'2. Metadata'!I$5, IF(D34='2. Metadata'!J$1,'2. Metadata'!J$5, IF(D34='2. Metadata'!K$1,'2. Metadata'!K$5, IF(D34='2. Metadata'!L$1,'2. Metadata'!L$5, IF(D34='2. Metadata'!M$1,'2. Metadata'!M$5, IF(D34='2. Metadata'!N$1,'2. Metadata'!N$5))))))))))))))","v":50.145},{"$f":"IF(ISBLANK(D34)=TRUE,\" \", IF(D34='2. Metadata'!B$1,'2. Metadata'!B$6, IF(D34='2. Metadata'!C$1,'2. Metadata'!C$6,IF(D34='2. Metadata'!D$1,'2. Metadata'!D$6, IF(D34='2. Metadata'!E$1,'2. Metadata'!E$6,IF( D34='2. Metadata'!F$1,'2. Metadata'!F$6,IF(D34='2. Metadata'!G$1,'2. Metadata'!G$6,IF(D34='2. Metadata'!H$1,'2. Metadata'!H$6, IF(D34='2. Metadata'!I$1,'2. Metadata'!I$6, IF(D34='2. Metadata'!J$1,'2. Metadata'!J$6, IF(D34='2. Metadata'!K$1,'2. Metadata'!K$6, IF(D34='2. Metadata'!L$1,'2. Metadata'!L$6, IF(D34='2. Metadata'!M$1,'2. Metadata'!M$6, IF(D34='2. Metadata'!N$1,'2. Metadata'!N$6))))))))))))))","v":-117.79389},"Phosphorus","as P","Sample analysed in lab","µg/L","actual","water",0.005,"<0.0050","N/A"]
["2015-07-27","Not specified","Not specified","NEMCD01",{"$f":"IF(ISBLANK(D35)=TRUE,\" \", IF(D35='2. Metadata'!B$1,'2. Metadata'!B$5, IF(D35='2. Metadata'!C$1,'2. Metadata'!C$5,IF(D35='2. Metadata'!D$1,'2. Metadata'!D$5, IF(D35='2. Metadata'!E$1,'2. Metadata'!E$5,IF( D35='2. Metadata'!F$1,'2. Metadata'!F$5,IF(D35='2. Metadata'!G$1,'2. Metadata'!G$5,IF(D35='2. Metadata'!H$1,'2. Metadata'!H$5, IF(D35='2. Metadata'!I$1,'2. Metadata'!I$5, IF(D35='2. Metadata'!J$1,'2. Metadata'!J$5, IF(D35='2. Metadata'!K$1,'2. Metadata'!K$5, IF(D35='2. Metadata'!L$1,'2. Metadata'!L$5, IF(D35='2. Metadata'!M$1,'2. Metadata'!M$5, IF(D35='2. Metadata'!N$1,'2. Metadata'!N$5))))))))))))))","v":50.145},{"$f":"IF(ISBLANK(D35)=TRUE,\" \", IF(D35='2. Metadata'!B$1,'2. Metadata'!B$6, IF(D35='2. Metadata'!C$1,'2. Metadata'!C$6,IF(D35='2. Metadata'!D$1,'2. Metadata'!D$6, IF(D35='2. Metadata'!E$1,'2. Metadata'!E$6,IF( D35='2. Metadata'!F$1,'2. Metadata'!F$6,IF(D35='2. Metadata'!G$1,'2. Metadata'!G$6,IF(D35='2. Metadata'!H$1,'2. Metadata'!H$6, IF(D35='2. Metadata'!I$1,'2. Metadata'!I$6, IF(D35='2. Metadata'!J$1,'2. Metadata'!J$6, IF(D35='2. Metadata'!K$1,'2. Metadata'!K$6, IF(D35='2. Metadata'!L$1,'2. Metadata'!L$6, IF(D35='2. Metadata'!M$1,'2. Metadata'!M$6, IF(D35='2. Metadata'!N$1,'2. Metadata'!N$6))))))))))))))","v":-117.79389},"Solids","Total Suspended","Sample analysed in lab","mg/L","actual","water",4,"<4.0","N/A"]
["2015-08-31","Not specified","Not specified","NEMCD01",{"$f":"IF(ISBLANK(D36)=TRUE,\" \", IF(D36='2. Metadata'!B$1,'2. Metadata'!B$5, IF(D36='2. Metadata'!C$1,'2. Metadata'!C$5,IF(D36='2. Metadata'!D$1,'2. Metadata'!D$5, IF(D36='2. Metadata'!E$1,'2. Metadata'!E$5,IF( D36='2. Metadata'!F$1,'2. Metadata'!F$5,IF(D36='2. Metadata'!G$1,'2. Metadata'!G$5,IF(D36='2. Metadata'!H$1,'2. Metadata'!H$5, IF(D36='2. Metadata'!I$1,'2. Metadata'!I$5, IF(D36='2. Metadata'!J$1,'2. Metadata'!J$5, IF(D36='2. Metadata'!K$1,'2. Metadata'!K$5, IF(D36='2. Metadata'!L$1,'2. Metadata'!L$5, IF(D36='2. Metadata'!M$1,'2. Metadata'!M$5, IF(D36='2. Metadata'!N$1,'2. Metadata'!N$5))))))))))))))","v":50.145},{"$f":"IF(ISBLANK(D36)=TRUE,\" \", IF(D36='2. Metadata'!B$1,'2. Metadata'!B$6, IF(D36='2. Metadata'!C$1,'2. Metadata'!C$6,IF(D36='2. Metadata'!D$1,'2. Metadata'!D$6, IF(D36='2. Metadata'!E$1,'2. Metadata'!E$6,IF( D36='2. Metadata'!F$1,'2. Metadata'!F$6,IF(D36='2. Metadata'!G$1,'2. Metadata'!G$6,IF(D36='2. Metadata'!H$1,'2. Metadata'!H$6, IF(D36='2. Metadata'!I$1,'2. Metadata'!I$6, IF(D36='2. Metadata'!J$1,'2. Metadata'!J$6, IF(D36='2. Metadata'!K$1,'2. Metadata'!K$6, IF(D36='2. Metadata'!L$1,'2. Metadata'!L$6, IF(D36='2. Metadata'!M$1,'2. Metadata'!M$6, IF(D36='2. Metadata'!N$1,'2. Metadata'!N$6))))))))))))))","v":-117.79389},"Phosphate","ortho-, dissolved (as P)","Sample analysed in lab","µg/L","actual","water",0.005,"<5","N/A"]
["2015-08-31","Not specified","Not specified","NEMCD01",{"$f":"IF(ISBLANK(D37)=TRUE,\" \", IF(D37='2. Metadata'!B$1,'2. Metadata'!B$5, IF(D37='2. Metadata'!C$1,'2. Metadata'!C$5,IF(D37='2. Metadata'!D$1,'2. Metadata'!D$5, IF(D37='2. Metadata'!E$1,'2. Metadata'!E$5,IF( D37='2. Metadata'!F$1,'2. Metadata'!F$5,IF(D37='2. Metadata'!G$1,'2. Metadata'!G$5,IF(D37='2. Metadata'!H$1,'2. Metadata'!H$5, IF(D37='2. Metadata'!I$1,'2. Metadata'!I$5, IF(D37='2. Metadata'!J$1,'2. Metadata'!J$5, IF(D37='2. Metadata'!K$1,'2. Metadata'!K$5, IF(D37='2. Metadata'!L$1,'2. Metadata'!L$5, IF(D37='2. Metadata'!M$1,'2. Metadata'!M$5, IF(D37='2. Metadata'!N$1,'2. Metadata'!N$5))))))))))))))","v":50.145},{"$f":"IF(ISBLANK(D37)=TRUE,\" \", IF(D37='2. Metadata'!B$1,'2. Metadata'!B$6, IF(D37='2. Metadata'!C$1,'2. Metadata'!C$6,IF(D37='2. Metadata'!D$1,'2. Metadata'!D$6, IF(D37='2. Metadata'!E$1,'2. Metadata'!E$6,IF( D37='2. Metadata'!F$1,'2. Metadata'!F$6,IF(D37='2. Metadata'!G$1,'2. Metadata'!G$6,IF(D37='2. Metadata'!H$1,'2. Metadata'!H$6, IF(D37='2. Metadata'!I$1,'2. Metadata'!I$6, IF(D37='2. Metadata'!J$1,'2. Metadata'!J$6, IF(D37='2. Metadata'!K$1,'2. Metadata'!K$6, IF(D37='2. Metadata'!L$1,'2. Metadata'!L$6, IF(D37='2. Metadata'!M$1,'2. Metadata'!M$6, IF(D37='2. Metadata'!N$1,'2. Metadata'!N$6))))))))))))))","v":-117.79389},"Oxygen","Dissolved","In situ","mg/L","actual","water","not specified",11,"N/A"]
["2015-08-31","Not specified","Not specified","NEMCD01",{"$f":"IF(ISBLANK(D38)=TRUE,\" \", IF(D38='2. Metadata'!B$1,'2. Metadata'!B$5, IF(D38='2. Metadata'!C$1,'2. Metadata'!C$5,IF(D38='2. Metadata'!D$1,'2. Metadata'!D$5, IF(D38='2. Metadata'!E$1,'2. Metadata'!E$5,IF( D38='2. Metadata'!F$1,'2. Metadata'!F$5,IF(D38='2. Metadata'!G$1,'2. Metadata'!G$5,IF(D38='2. Metadata'!H$1,'2. Metadata'!H$5, IF(D38='2. Metadata'!I$1,'2. Metadata'!I$5, IF(D38='2. Metadata'!J$1,'2. Metadata'!J$5, IF(D38='2. Metadata'!K$1,'2. Metadata'!K$5, IF(D38='2. Metadata'!L$1,'2. Metadata'!L$5, IF(D38='2. Metadata'!M$1,'2. Metadata'!M$5, IF(D38='2. Metadata'!N$1,'2. Metadata'!N$5))))))))))))))","v":50.145},{"$f":"IF(ISBLANK(D38)=TRUE,\" \", IF(D38='2. Metadata'!B$1,'2. Metadata'!B$6, IF(D38='2. Metadata'!C$1,'2. Metadata'!C$6,IF(D38='2. Metadata'!D$1,'2. Metadata'!D$6, IF(D38='2. Metadata'!E$1,'2. Metadata'!E$6,IF( D38='2. Metadata'!F$1,'2. Metadata'!F$6,IF(D38='2. Metadata'!G$1,'2. Metadata'!G$6,IF(D38='2. Metadata'!H$1,'2. Metadata'!H$6, IF(D38='2. Metadata'!I$1,'2. Metadata'!I$6, IF(D38='2. Metadata'!J$1,'2. Metadata'!J$6, IF(D38='2. Metadata'!K$1,'2. Metadata'!K$6, IF(D38='2. Metadata'!L$1,'2. Metadata'!L$6, IF(D38='2. Metadata'!M$1,'2. Metadata'!M$6, IF(D38='2. Metadata'!N$1,'2. Metadata'!N$6))))))))))))))","v":-117.79389},"Conductivity ","EC","In situ","uS/cm","actual","water",1,215.5,"N/A"]
["2015-08-31","Not specified","Not specified","NEMCD01",{"$f":"IF(ISBLANK(D39)=TRUE,\" \", IF(D39='2. Metadata'!B$1,'2. Metadata'!B$5, IF(D39='2. Metadata'!C$1,'2. Metadata'!C$5,IF(D39='2. Metadata'!D$1,'2. Metadata'!D$5, IF(D39='2. Metadata'!E$1,'2. Metadata'!E$5,IF( D39='2. Metadata'!F$1,'2. Metadata'!F$5,IF(D39='2. Metadata'!G$1,'2. Metadata'!G$5,IF(D39='2. Metadata'!H$1,'2. Metadata'!H$5, IF(D39='2. Metadata'!I$1,'2. Metadata'!I$5, IF(D39='2. Metadata'!J$1,'2. Metadata'!J$5, IF(D39='2. Metadata'!K$1,'2. Metadata'!K$5, IF(D39='2. Metadata'!L$1,'2. Metadata'!L$5, IF(D39='2. Metadata'!M$1,'2. Metadata'!M$5, IF(D39='2. Metadata'!N$1,'2. Metadata'!N$5))))))))))))))","v":50.145},{"$f":"IF(ISBLANK(D39)=TRUE,\" \", IF(D39='2. Metadata'!B$1,'2. Metadata'!B$6, IF(D39='2. Metadata'!C$1,'2. Metadata'!C$6,IF(D39='2. Metadata'!D$1,'2. Metadata'!D$6, IF(D39='2. Metadata'!E$1,'2. Metadata'!E$6,IF( D39='2. Metadata'!F$1,'2. Metadata'!F$6,IF(D39='2. Metadata'!G$1,'2. Metadata'!G$6,IF(D39='2. Metadata'!H$1,'2. Metadata'!H$6, IF(D39='2. Metadata'!I$1,'2. Metadata'!I$6, IF(D39='2. Metadata'!J$1,'2. Metadata'!J$6, IF(D39='2. Metadata'!K$1,'2. Metadata'!K$6, IF(D39='2. Metadata'!L$1,'2. Metadata'!L$6, IF(D39='2. Metadata'!M$1,'2. Metadata'!M$6, IF(D39='2. Metadata'!N$1,'2. Metadata'!N$6))))))))))))))","v":-117.79389},"pH","N/A","In situ","pH units","actual","water","Not specified",6.93,"N/A"]
["2015-08-31","Not specified","Not specified","NEMCD01",{"$f":"IF(ISBLANK(D40)=TRUE,\" \", IF(D40='2. Metadata'!B$1,'2. Metadata'!B$5, IF(D40='2. Metadata'!C$1,'2. Metadata'!C$5,IF(D40='2. Metadata'!D$1,'2. Metadata'!D$5, IF(D40='2. Metadata'!E$1,'2. Metadata'!E$5,IF( D40='2. Metadata'!F$1,'2. Metadata'!F$5,IF(D40='2. Metadata'!G$1,'2. Metadata'!G$5,IF(D40='2. Metadata'!H$1,'2. Metadata'!H$5, IF(D40='2. Metadata'!I$1,'2. Metadata'!I$5, IF(D40='2. Metadata'!J$1,'2. Metadata'!J$5, IF(D40='2. Metadata'!K$1,'2. Metadata'!K$5, IF(D40='2. Metadata'!L$1,'2. Metadata'!L$5, IF(D40='2. Metadata'!M$1,'2. Metadata'!M$5, IF(D40='2. Metadata'!N$1,'2. Metadata'!N$5))))))))))))))","v":50.145},{"$f":"IF(ISBLANK(D40)=TRUE,\" \", IF(D40='2. Metadata'!B$1,'2. Metadata'!B$6, IF(D40='2. Metadata'!C$1,'2. Metadata'!C$6,IF(D40='2. Metadata'!D$1,'2. Metadata'!D$6, IF(D40='2. Metadata'!E$1,'2. Metadata'!E$6,IF( D40='2. Metadata'!F$1,'2. Metadata'!F$6,IF(D40='2. Metadata'!G$1,'2. Metadata'!G$6,IF(D40='2. Metadata'!H$1,'2. Metadata'!H$6, IF(D40='2. Metadata'!I$1,'2. Metadata'!I$6, IF(D40='2. Metadata'!J$1,'2. Metadata'!J$6, IF(D40='2. Metadata'!K$1,'2. Metadata'!K$6, IF(D40='2. Metadata'!L$1,'2. Metadata'!L$6, IF(D40='2. Metadata'!M$1,'2. Metadata'!M$6, IF(D40='2. Metadata'!N$1,'2. Metadata'!N$6))))))))))))))","v":-117.79389},"Turbidity","N/A","In situ","NTU","actual","water","Not specified",0.7,"N/A"]
["2015-08-31","Not specified","Not specified","NEMCD01",{"$f":"IF(ISBLANK(D41)=TRUE,\" \", IF(D41='2. Metadata'!B$1,'2. Metadata'!B$5, IF(D41='2. Metadata'!C$1,'2. Metadata'!C$5,IF(D41='2. Metadata'!D$1,'2. Metadata'!D$5, IF(D41='2. Metadata'!E$1,'2. Metadata'!E$5,IF( D41='2. Metadata'!F$1,'2. Metadata'!F$5,IF(D41='2. Metadata'!G$1,'2. Metadata'!G$5,IF(D41='2. Metadata'!H$1,'2. Metadata'!H$5, IF(D41='2. Metadata'!I$1,'2. Metadata'!I$5, IF(D41='2. Metadata'!J$1,'2. Metadata'!J$5, IF(D41='2. Metadata'!K$1,'2. Metadata'!K$5, IF(D41='2. Metadata'!L$1,'2. Metadata'!L$5, IF(D41='2. Metadata'!M$1,'2. Metadata'!M$5, IF(D41='2. Metadata'!N$1,'2. Metadata'!N$5))))))))))))))","v":50.145},{"$f":"IF(ISBLANK(D41)=TRUE,\" \", IF(D41='2. Metadata'!B$1,'2. Metadata'!B$6, IF(D41='2. Metadata'!C$1,'2. Metadata'!C$6,IF(D41='2. Metadata'!D$1,'2. Metadata'!D$6, IF(D41='2. Metadata'!E$1,'2. Metadata'!E$6,IF( D41='2. Metadata'!F$1,'2. Metadata'!F$6,IF(D41='2. Metadata'!G$1,'2. Metadata'!G$6,IF(D41='2. Metadata'!H$1,'2. Metadata'!H$6, IF(D41='2. Metadata'!I$1,'2. Metadata'!I$6, IF(D41='2. Metadata'!J$1,'2. Metadata'!J$6, IF(D41='2. Metadata'!K$1,'2. Metadata'!K$6, IF(D41='2. Metadata'!L$1,'2. Metadata'!L$6, IF(D41='2. Metadata'!M$1,'2. Metadata'!M$6, IF(D41='2. Metadata'!N$1,'2. Metadata'!N$6))))))))))))))","v":-117.79389},"Temperature","N/A","In situ","Degrees Celsius","actual","water","Not specified",10.4,"N/A"]
["2015-08-31","Not specified","Not specified","NEMCD01",{"$f":"IF(ISBLANK(D42)=TRUE,\" \", IF(D42='2. Metadata'!B$1,'2. Metadata'!B$5, IF(D42='2. Metadata'!C$1,'2. Metadata'!C$5,IF(D42='2. Metadata'!D$1,'2. Metadata'!D$5, IF(D42='2. Metadata'!E$1,'2. Metadata'!E$5,IF( D42='2. Metadata'!F$1,'2. Metadata'!F$5,IF(D42='2. Metadata'!G$1,'2. Metadata'!G$5,IF(D42='2. Metadata'!H$1,'2. Metadata'!H$5, IF(D42='2. Metadata'!I$1,'2. Metadata'!I$5, IF(D42='2. Metadata'!J$1,'2. Metadata'!J$5, IF(D42='2. Metadata'!K$1,'2. Metadata'!K$5, IF(D42='2. Metadata'!L$1,'2. Metadata'!L$5, IF(D42='2. Metadata'!M$1,'2. Metadata'!M$5, IF(D42='2. Metadata'!N$1,'2. Metadata'!N$5))))))))))))))","v":50.145},{"$f":"IF(ISBLANK(D42)=TRUE,\" \", IF(D42='2. Metadata'!B$1,'2. Metadata'!B$6, IF(D42='2. Metadata'!C$1,'2. Metadata'!C$6,IF(D42='2. Metadata'!D$1,'2. Metadata'!D$6, IF(D42='2. Metadata'!E$1,'2. Metadata'!E$6,IF( D42='2. Metadata'!F$1,'2. Metadata'!F$6,IF(D42='2. Metadata'!G$1,'2. Metadata'!G$6,IF(D42='2. Metadata'!H$1,'2. Metadata'!H$6, IF(D42='2. Metadata'!I$1,'2. Metadata'!I$6, IF(D42='2. Metadata'!J$1,'2. Metadata'!J$6, IF(D42='2. Metadata'!K$1,'2. Metadata'!K$6, IF(D42='2. Metadata'!L$1,'2. Metadata'!L$6, IF(D42='2. Metadata'!M$1,'2. Metadata'!M$6, IF(D42='2. Metadata'!N$1,'2. Metadata'!N$6))))))))))))))","v":-117.79389},"Temperature","N/A","In situ","Degrees Celsius","actual","air","Not specified",10.9,"Air temp"]
["2015-08-31","Not specified","Not specified","NEMCD01",{"$f":"IF(ISBLANK(D43)=TRUE,\" \", IF(D43='2. Metadata'!B$1,'2. Metadata'!B$5, IF(D43='2. Metadata'!C$1,'2. Metadata'!C$5,IF(D43='2. Metadata'!D$1,'2. Metadata'!D$5, IF(D43='2. Metadata'!E$1,'2. Metadata'!E$5,IF( D43='2. Metadata'!F$1,'2. Metadata'!F$5,IF(D43='2. Metadata'!G$1,'2. Metadata'!G$5,IF(D43='2. Metadata'!H$1,'2. Metadata'!H$5, IF(D43='2. Metadata'!I$1,'2. Metadata'!I$5, IF(D43='2. Metadata'!J$1,'2. Metadata'!J$5, IF(D43='2. Metadata'!K$1,'2. Metadata'!K$5, IF(D43='2. Metadata'!L$1,'2. Metadata'!L$5, IF(D43='2. Metadata'!M$1,'2. Metadata'!M$5, IF(D43='2. Metadata'!N$1,'2. Metadata'!N$5))))))))))))))","v":50.145},{"$f":"IF(ISBLANK(D43)=TRUE,\" \", IF(D43='2. Metadata'!B$1,'2. Metadata'!B$6, IF(D43='2. Metadata'!C$1,'2. Metadata'!C$6,IF(D43='2. Metadata'!D$1,'2. Metadata'!D$6, IF(D43='2. Metadata'!E$1,'2. Metadata'!E$6,IF( D43='2. Metadata'!F$1,'2. Metadata'!F$6,IF(D43='2. Metadata'!G$1,'2. Metadata'!G$6,IF(D43='2. Metadata'!H$1,'2. Metadata'!H$6, IF(D43='2. Metadata'!I$1,'2. Metadata'!I$6, IF(D43='2. Metadata'!J$1,'2. Metadata'!J$6, IF(D43='2. Metadata'!K$1,'2. Metadata'!K$6, IF(D43='2. Metadata'!L$1,'2. Metadata'!L$6, IF(D43='2. Metadata'!M$1,'2. Metadata'!M$6, IF(D43='2. Metadata'!N$1,'2. Metadata'!N$6))))))))))))))","v":-117.79389},"Phosphorus","as P","Sample analysed in lab","µg/L","actual","water",0.005,0.0088,"N/A"]
["2015-08-31","Not specified","Not specified","NEMCD01",{"$f":"IF(ISBLANK(D44)=TRUE,\" \", IF(D44='2. Metadata'!B$1,'2. Metadata'!B$5, IF(D44='2. Metadata'!C$1,'2. Metadata'!C$5,IF(D44='2. Metadata'!D$1,'2. Metadata'!D$5, IF(D44='2. Metadata'!E$1,'2. Metadata'!E$5,IF( D44='2. Metadata'!F$1,'2. Metadata'!F$5,IF(D44='2. Metadata'!G$1,'2. Metadata'!G$5,IF(D44='2. Metadata'!H$1,'2. Metadata'!H$5, IF(D44='2. Metadata'!I$1,'2. Metadata'!I$5, IF(D44='2. Metadata'!J$1,'2. Metadata'!J$5, IF(D44='2. Metadata'!K$1,'2. Metadata'!K$5, IF(D44='2. Metadata'!L$1,'2. Metadata'!L$5, IF(D44='2. Metadata'!M$1,'2. Metadata'!M$5, IF(D44='2. Metadata'!N$1,'2. Metadata'!N$5))))))))))))))","v":50.145},{"$f":"IF(ISBLANK(D44)=TRUE,\" \", IF(D44='2. Metadata'!B$1,'2. Metadata'!B$6, IF(D44='2. Metadata'!C$1,'2. Metadata'!C$6,IF(D44='2. Metadata'!D$1,'2. Metadata'!D$6, IF(D44='2. Metadata'!E$1,'2. Metadata'!E$6,IF( D44='2. Metadata'!F$1,'2. Metadata'!F$6,IF(D44='2. Metadata'!G$1,'2. Metadata'!G$6,IF(D44='2. Metadata'!H$1,'2. Metadata'!H$6, IF(D44='2. Metadata'!I$1,'2. Metadata'!I$6, IF(D44='2. Metadata'!J$1,'2. Metadata'!J$6, IF(D44='2. Metadata'!K$1,'2. Metadata'!K$6, IF(D44='2. Metadata'!L$1,'2. Metadata'!L$6, IF(D44='2. Metadata'!M$1,'2. Metadata'!M$6, IF(D44='2. Metadata'!N$1,'2. Metadata'!N$6))))))))))))))","v":-117.79389},"Solids","Total Suspended","Sample analysed in lab","mg/L","actual","water",4,"<4.0","N/A"]
["2015-09-28","Not specified","Not specified","NEMCD01",{"$f":"IF(ISBLANK(D45)=TRUE,\" \", IF(D45='2. Metadata'!B$1,'2. Metadata'!B$5, IF(D45='2. Metadata'!C$1,'2. Metadata'!C$5,IF(D45='2. Metadata'!D$1,'2. Metadata'!D$5, IF(D45='2. Metadata'!E$1,'2. Metadata'!E$5,IF( D45='2. Metadata'!F$1,'2. Metadata'!F$5,IF(D45='2. Metadata'!G$1,'2. Metadata'!G$5,IF(D45='2. Metadata'!H$1,'2. Metadata'!H$5, IF(D45='2. Metadata'!I$1,'2. Metadata'!I$5, IF(D45='2. Metadata'!J$1,'2. Metadata'!J$5, IF(D45='2. Metadata'!K$1,'2. Metadata'!K$5, IF(D45='2. Metadata'!L$1,'2. Metadata'!L$5, IF(D45='2. Metadata'!M$1,'2. Metadata'!M$5, IF(D45='2. Metadata'!N$1,'2. Metadata'!N$5))))))))))))))","v":50.145},{"$f":"IF(ISBLANK(D45)=TRUE,\" \", IF(D45='2. Metadata'!B$1,'2. Metadata'!B$6, IF(D45='2. Metadata'!C$1,'2. Metadata'!C$6,IF(D45='2. Metadata'!D$1,'2. Metadata'!D$6, IF(D45='2. Metadata'!E$1,'2. Metadata'!E$6,IF( D45='2. Metadata'!F$1,'2. Metadata'!F$6,IF(D45='2. Metadata'!G$1,'2. Metadata'!G$6,IF(D45='2. Metadata'!H$1,'2. Metadata'!H$6, IF(D45='2. Metadata'!I$1,'2. Metadata'!I$6, IF(D45='2. Metadata'!J$1,'2. Metadata'!J$6, IF(D45='2. Metadata'!K$1,'2. Metadata'!K$6, IF(D45='2. Metadata'!L$1,'2. Metadata'!L$6, IF(D45='2. Metadata'!M$1,'2. Metadata'!M$6, IF(D45='2. Metadata'!N$1,'2. Metadata'!N$6))))))))))))))","v":-117.79389},"Nitrite ","as N","Sample analysed in lab","mg/L","actual","water",0.005,"<0.005","N/A"]
["2015-09-28","Not specified","Not specified","NEMCD01",{"$f":"IF(ISBLANK(D46)=TRUE,\" \", IF(D46='2. Metadata'!B$1,'2. Metadata'!B$5, IF(D46='2. Metadata'!C$1,'2. Metadata'!C$5,IF(D46='2. Metadata'!D$1,'2. Metadata'!D$5, IF(D46='2. Metadata'!E$1,'2. Metadata'!E$5,IF( D46='2. Metadata'!F$1,'2. Metadata'!F$5,IF(D46='2. Metadata'!G$1,'2. Metadata'!G$5,IF(D46='2. Metadata'!H$1,'2. Metadata'!H$5, IF(D46='2. Metadata'!I$1,'2. Metadata'!I$5, IF(D46='2. Metadata'!J$1,'2. Metadata'!J$5, IF(D46='2. Metadata'!K$1,'2. Metadata'!K$5, IF(D46='2. Metadata'!L$1,'2. Metadata'!L$5, IF(D46='2. Metadata'!M$1,'2. Metadata'!M$5, IF(D46='2. Metadata'!N$1,'2. Metadata'!N$5))))))))))))))","v":50.145},{"$f":"IF(ISBLANK(D46)=TRUE,\" \", IF(D46='2. Metadata'!B$1,'2. Metadata'!B$6, IF(D46='2. Metadata'!C$1,'2. Metadata'!C$6,IF(D46='2. Metadata'!D$1,'2. Metadata'!D$6, IF(D46='2. Metadata'!E$1,'2. Metadata'!E$6,IF( D46='2. Metadata'!F$1,'2. Metadata'!F$6,IF(D46='2. Metadata'!G$1,'2. Metadata'!G$6,IF(D46='2. Metadata'!H$1,'2. Metadata'!H$6, IF(D46='2. Metadata'!I$1,'2. Metadata'!I$6, IF(D46='2. Metadata'!J$1,'2. Metadata'!J$6, IF(D46='2. Metadata'!K$1,'2. Metadata'!K$6, IF(D46='2. Metadata'!L$1,'2. Metadata'!L$6, IF(D46='2. Metadata'!M$1,'2. Metadata'!M$6, IF(D46='2. Metadata'!N$1,'2. Metadata'!N$6))))))))))))))","v":-117.79389},"Nitrate","as N","Sample analysed in lab","mg/L","actual","water",0.02,"<0.02","N/A"]
["2015-09-28","Not specified","Not specified","NEMCD01",{"$f":"IF(ISBLANK(D47)=TRUE,\" \", IF(D47='2. Metadata'!B$1,'2. Metadata'!B$5, IF(D47='2. Metadata'!C$1,'2. Metadata'!C$5,IF(D47='2. Metadata'!D$1,'2. Metadata'!D$5, IF(D47='2. Metadata'!E$1,'2. Metadata'!E$5,IF( D47='2. Metadata'!F$1,'2. Metadata'!F$5,IF(D47='2. Metadata'!G$1,'2. Metadata'!G$5,IF(D47='2. Metadata'!H$1,'2. Metadata'!H$5, IF(D47='2. Metadata'!I$1,'2. Metadata'!I$5, IF(D47='2. Metadata'!J$1,'2. Metadata'!J$5, IF(D47='2. Metadata'!K$1,'2. Metadata'!K$5, IF(D47='2. Metadata'!L$1,'2. Metadata'!L$5, IF(D47='2. Metadata'!M$1,'2. Metadata'!M$5, IF(D47='2. Metadata'!N$1,'2. Metadata'!N$5))))))))))))))","v":50.145},{"$f":"IF(ISBLANK(D47)=TRUE,\" \", IF(D47='2. Metadata'!B$1,'2. Metadata'!B$6, IF(D47='2. Metadata'!C$1,'2. Metadata'!C$6,IF(D47='2. Metadata'!D$1,'2. Metadata'!D$6, IF(D47='2. Metadata'!E$1,'2. Metadata'!E$6,IF( D47='2. Metadata'!F$1,'2. Metadata'!F$6,IF(D47='2. Metadata'!G$1,'2. Metadata'!G$6,IF(D47='2. Metadata'!H$1,'2. Metadata'!H$6, IF(D47='2. Metadata'!I$1,'2. Metadata'!I$6, IF(D47='2. Metadata'!J$1,'2. Metadata'!J$6, IF(D47='2. Metadata'!K$1,'2. Metadata'!K$6, IF(D47='2. Metadata'!L$1,'2. Metadata'!L$6, IF(D47='2. Metadata'!M$1,'2. Metadata'!M$6, IF(D47='2. Metadata'!N$1,'2. Metadata'!N$6))))))))))))))","v":-117.79389},"Alkalinity","Total (as CaCO3)","Sample analysed in lab","mg/L","actual","water",0.5,121,"N/A"]
["2015-09-28","Not specified","Not specified","NEMCD01",{"$f":"IF(ISBLANK(D48)=TRUE,\" \", IF(D48='2. Metadata'!B$1,'2. Metadata'!B$5, IF(D48='2. Metadata'!C$1,'2. Metadata'!C$5,IF(D48='2. Metadata'!D$1,'2. Metadata'!D$5, IF(D48='2. Metadata'!E$1,'2. Metadata'!E$5,IF( D48='2. Metadata'!F$1,'2. Metadata'!F$5,IF(D48='2. Metadata'!G$1,'2. Metadata'!G$5,IF(D48='2. Metadata'!H$1,'2. Metadata'!H$5, IF(D48='2. Metadata'!I$1,'2. Metadata'!I$5, IF(D48='2. Metadata'!J$1,'2. Metadata'!J$5, IF(D48='2. Metadata'!K$1,'2. Metadata'!K$5, IF(D48='2. Metadata'!L$1,'2. Metadata'!L$5, IF(D48='2. Metadata'!M$1,'2. Metadata'!M$5, IF(D48='2. Metadata'!N$1,'2. Metadata'!N$5))))))))))))))","v":50.145},{"$f":"IF(ISBLANK(D48)=TRUE,\" \", IF(D48='2. Metadata'!B$1,'2. Metadata'!B$6, IF(D48='2. Metadata'!C$1,'2. Metadata'!C$6,IF(D48='2. Metadata'!D$1,'2. Metadata'!D$6, IF(D48='2. Metadata'!E$1,'2. Metadata'!E$6,IF( D48='2. Metadata'!F$1,'2. Metadata'!F$6,IF(D48='2. Metadata'!G$1,'2. Metadata'!G$6,IF(D48='2. Metadata'!H$1,'2. Metadata'!H$6, IF(D48='2. Metadata'!I$1,'2. Metadata'!I$6, IF(D48='2. Metadata'!J$1,'2. Metadata'!J$6, IF(D48='2. Metadata'!K$1,'2. Metadata'!K$6, IF(D48='2. Metadata'!L$1,'2. Metadata'!L$6, IF(D48='2. Metadata'!M$1,'2. Metadata'!M$6, IF(D48='2. Metadata'!N$1,'2. Metadata'!N$6))))))))))))))","v":-117.79389},"Alkalinity","Phenolphthalein (as CaCO3)","Sample analysed in lab","mg/L","actual","water",0.5,"<0.5","N/A"]
["2015-09-28","Not specified","Not specified","NEMCD01",{"$f":"IF(ISBLANK(D49)=TRUE,\" \", IF(D49='2. Metadata'!B$1,'2. Metadata'!B$5, IF(D49='2. Metadata'!C$1,'2. Metadata'!C$5,IF(D49='2. Metadata'!D$1,'2. Metadata'!D$5, IF(D49='2. Metadata'!E$1,'2. Metadata'!E$5,IF( D49='2. Metadata'!F$1,'2. Metadata'!F$5,IF(D49='2. Metadata'!G$1,'2. Metadata'!G$5,IF(D49='2. Metadata'!H$1,'2. Metadata'!H$5, IF(D49='2. Metadata'!I$1,'2. Metadata'!I$5, IF(D49='2. Metadata'!J$1,'2. Metadata'!J$5, IF(D49='2. Metadata'!K$1,'2. Metadata'!K$5, IF(D49='2. Metadata'!L$1,'2. Metadata'!L$5, IF(D49='2. Metadata'!M$1,'2. Metadata'!M$5, IF(D49='2. Metadata'!N$1,'2. Metadata'!N$5))))))))))))))","v":50.145},{"$f":"IF(ISBLANK(D49)=TRUE,\" \", IF(D49='2. Metadata'!B$1,'2. Metadata'!B$6, IF(D49='2. Metadata'!C$1,'2. Metadata'!C$6,IF(D49='2. Metadata'!D$1,'2. Metadata'!D$6, IF(D49='2. Metadata'!E$1,'2. Metadata'!E$6,IF( D49='2. Metadata'!F$1,'2. Metadata'!F$6,IF(D49='2. Metadata'!G$1,'2. Metadata'!G$6,IF(D49='2. Metadata'!H$1,'2. Metadata'!H$6, IF(D49='2. Metadata'!I$1,'2. Metadata'!I$6, IF(D49='2. Metadata'!J$1,'2. Metadata'!J$6, IF(D49='2. Metadata'!K$1,'2. Metadata'!K$6, IF(D49='2. Metadata'!L$1,'2. Metadata'!L$6, IF(D49='2. Metadata'!M$1,'2. Metadata'!M$6, IF(D49='2. Metadata'!N$1,'2. Metadata'!N$6))))))))))))))","v":-117.79389},"Bicarbonate ","HCO3","Sample analysed in lab","mg/L","actual","water",0.5,148,"N/A"]
["2015-09-28","Not specified","Not specified","NEMCD01",{"$f":"IF(ISBLANK(D50)=TRUE,\" \", IF(D50='2. Metadata'!B$1,'2. Metadata'!B$5, IF(D50='2. Metadata'!C$1,'2. Metadata'!C$5,IF(D50='2. Metadata'!D$1,'2. Metadata'!D$5, IF(D50='2. Metadata'!E$1,'2. Metadata'!E$5,IF( D50='2. Metadata'!F$1,'2. Metadata'!F$5,IF(D50='2. Metadata'!G$1,'2. Metadata'!G$5,IF(D50='2. Metadata'!H$1,'2. Metadata'!H$5, IF(D50='2. Metadata'!I$1,'2. Metadata'!I$5, IF(D50='2. Metadata'!J$1,'2. Metadata'!J$5, IF(D50='2. Metadata'!K$1,'2. Metadata'!K$5, IF(D50='2. Metadata'!L$1,'2. Metadata'!L$5, IF(D50='2. Metadata'!M$1,'2. Metadata'!M$5, IF(D50='2. Metadata'!N$1,'2. Metadata'!N$5))))))))))))))","v":50.145},{"$f":"IF(ISBLANK(D50)=TRUE,\" \", IF(D50='2. Metadata'!B$1,'2. Metadata'!B$6, IF(D50='2. Metadata'!C$1,'2. Metadata'!C$6,IF(D50='2. Metadata'!D$1,'2. Metadata'!D$6, IF(D50='2. Metadata'!E$1,'2. Metadata'!E$6,IF( D50='2. Metadata'!F$1,'2. Metadata'!F$6,IF(D50='2. Metadata'!G$1,'2. Metadata'!G$6,IF(D50='2. Metadata'!H$1,'2. Metadata'!H$6, IF(D50='2. Metadata'!I$1,'2. Metadata'!I$6, IF(D50='2. Metadata'!J$1,'2. Metadata'!J$6, IF(D50='2. Metadata'!K$1,'2. Metadata'!K$6, IF(D50='2. Metadata'!L$1,'2. Metadata'!L$6, IF(D50='2. Metadata'!M$1,'2. Metadata'!M$6, IF(D50='2. Metadata'!N$1,'2. Metadata'!N$6))))))))))))))","v":-117.79389},"Carbonate","CO3","Sample analysed in lab","mg/L","actual","water",0.5,"<0.5","N/A"]
["2015-09-28","Not specified","Not specified","NEMCD01",{"$f":"IF(ISBLANK(D51)=TRUE,\" \", IF(D51='2. Metadata'!B$1,'2. Metadata'!B$5, IF(D51='2. Metadata'!C$1,'2. Metadata'!C$5,IF(D51='2. Metadata'!D$1,'2. Metadata'!D$5, IF(D51='2. Metadata'!E$1,'2. Metadata'!E$5,IF( D51='2. Metadata'!F$1,'2. Metadata'!F$5,IF(D51='2. Metadata'!G$1,'2. Metadata'!G$5,IF(D51='2. Metadata'!H$1,'2. Metadata'!H$5, IF(D51='2. Metadata'!I$1,'2. Metadata'!I$5, IF(D51='2. Metadata'!J$1,'2. Metadata'!J$5, IF(D51='2. Metadata'!K$1,'2. Metadata'!K$5, IF(D51='2. Metadata'!L$1,'2. Metadata'!L$5, IF(D51='2. Metadata'!M$1,'2. Metadata'!M$5, IF(D51='2. Metadata'!N$1,'2. Metadata'!N$5))))))))))))))","v":50.145},{"$f":"IF(ISBLANK(D51)=TRUE,\" \", IF(D51='2. Metadata'!B$1,'2. Metadata'!B$6, IF(D51='2. Metadata'!C$1,'2. Metadata'!C$6,IF(D51='2. Metadata'!D$1,'2. Metadata'!D$6, IF(D51='2. Metadata'!E$1,'2. Metadata'!E$6,IF( D51='2. Metadata'!F$1,'2. Metadata'!F$6,IF(D51='2. Metadata'!G$1,'2. Metadata'!G$6,IF(D51='2. Metadata'!H$1,'2. Metadata'!H$6, IF(D51='2. Metadata'!I$1,'2. Metadata'!I$6, IF(D51='2. Metadata'!J$1,'2. Metadata'!J$6, IF(D51='2. Metadata'!K$1,'2. Metadata'!K$6, IF(D51='2. Metadata'!L$1,'2. Metadata'!L$6, IF(D51='2. Metadata'!M$1,'2. Metadata'!M$6, IF(D51='2. Metadata'!N$1,'2. Metadata'!N$6))))))))))))))","v":-117.79389},"Hydroxide ","OH","Sample analysed in lab","mg/L","actual","water",0.5,"<0.5","N/A"]
["2015-09-28","Not specified","Not specified","NEMCD01",{"$f":"IF(ISBLANK(D52)=TRUE,\" \", IF(D52='2. Metadata'!B$1,'2. Metadata'!B$5, IF(D52='2. Metadata'!C$1,'2. Metadata'!C$5,IF(D52='2. Metadata'!D$1,'2. Metadata'!D$5, IF(D52='2. Metadata'!E$1,'2. Metadata'!E$5,IF( D52='2. Metadata'!F$1,'2. Metadata'!F$5,IF(D52='2. Metadata'!G$1,'2. Metadata'!G$5,IF(D52='2. Metadata'!H$1,'2. Metadata'!H$5, IF(D52='2. Metadata'!I$1,'2. Metadata'!I$5, IF(D52='2. Metadata'!J$1,'2. Metadata'!J$5, IF(D52='2. Metadata'!K$1,'2. Metadata'!K$5, IF(D52='2. Metadata'!L$1,'2. Metadata'!L$5, IF(D52='2. Metadata'!M$1,'2. Metadata'!M$5, IF(D52='2. Metadata'!N$1,'2. Metadata'!N$5))))))))))))))","v":50.145},{"$f":"IF(ISBLANK(D52)=TRUE,\" \", IF(D52='2. Metadata'!B$1,'2. Metadata'!B$6, IF(D52='2. Metadata'!C$1,'2. Metadata'!C$6,IF(D52='2. Metadata'!D$1,'2. Metadata'!D$6, IF(D52='2. Metadata'!E$1,'2. Metadata'!E$6,IF( D52='2. Metadata'!F$1,'2. Metadata'!F$6,IF(D52='2. Metadata'!G$1,'2. Metadata'!G$6,IF(D52='2. Metadata'!H$1,'2. Metadata'!H$6, IF(D52='2. Metadata'!I$1,'2. Metadata'!I$6, IF(D52='2. Metadata'!J$1,'2. Metadata'!J$6, IF(D52='2. Metadata'!K$1,'2. Metadata'!K$6, IF(D52='2. Metadata'!L$1,'2. Metadata'!L$6, IF(D52='2. Metadata'!M$1,'2. Metadata'!M$6, IF(D52='2. Metadata'!N$1,'2. Metadata'!N$6))))))))))))))","v":-117.79389},"Nitrate+Nitrite ","as N","Sample analysed in lab","mg/L","actual","water",0.02,"<0.02","N/A"]
["2015-09-28","Not specified","Not specified","NEMCD01",{"$f":"IF(ISBLANK(D53)=TRUE,\" \", IF(D53='2. Metadata'!B$1,'2. Metadata'!B$5, IF(D53='2. Metadata'!C$1,'2. Metadata'!C$5,IF(D53='2. Metadata'!D$1,'2. Metadata'!D$5, IF(D53='2. Metadata'!E$1,'2. Metadata'!E$5,IF( D53='2. Metadata'!F$1,'2. Metadata'!F$5,IF(D53='2. Metadata'!G$1,'2. Metadata'!G$5,IF(D53='2. Metadata'!H$1,'2. Metadata'!H$5, IF(D53='2. Metadata'!I$1,'2. Metadata'!I$5, IF(D53='2. Metadata'!J$1,'2. Metadata'!J$5, IF(D53='2. Metadata'!K$1,'2. Metadata'!K$5, IF(D53='2. Metadata'!L$1,'2. Metadata'!L$5, IF(D53='2. Metadata'!M$1,'2. Metadata'!M$5, IF(D53='2. Metadata'!N$1,'2. Metadata'!N$5))))))))))))))","v":50.145},{"$f":"IF(ISBLANK(D53)=TRUE,\" \", IF(D53='2. Metadata'!B$1,'2. Metadata'!B$6, IF(D53='2. Metadata'!C$1,'2. Metadata'!C$6,IF(D53='2. Metadata'!D$1,'2. Metadata'!D$6, IF(D53='2. Metadata'!E$1,'2. Metadata'!E$6,IF( D53='2. Metadata'!F$1,'2. Metadata'!F$6,IF(D53='2. Metadata'!G$1,'2. Metadata'!G$6,IF(D53='2. Metadata'!H$1,'2. Metadata'!H$6, IF(D53='2. Metadata'!I$1,'2. Metadata'!I$6, IF(D53='2. Metadata'!J$1,'2. Metadata'!J$6, IF(D53='2. Metadata'!K$1,'2. Metadata'!K$6, IF(D53='2. Metadata'!L$1,'2. Metadata'!L$6, IF(D53='2. Metadata'!M$1,'2. Metadata'!M$6, IF(D53='2. Metadata'!N$1,'2. Metadata'!N$6))))))))))))))","v":-117.79389},"Phosphate","ortho-, dissolved (as P)","Sample analysed in lab","µg/L","actual","water",0.005,"0.0103 (1)","N/A"]
["2015-09-28","Not specified","Not specified","NEMCD01",{"$f":"IF(ISBLANK(D54)=TRUE,\" \", IF(D54='2. Metadata'!B$1,'2. Metadata'!B$5, IF(D54='2. Metadata'!C$1,'2. Metadata'!C$5,IF(D54='2. Metadata'!D$1,'2. Metadata'!D$5, IF(D54='2. Metadata'!E$1,'2. Metadata'!E$5,IF( D54='2. Metadata'!F$1,'2. Metadata'!F$5,IF(D54='2. Metadata'!G$1,'2. Metadata'!G$5,IF(D54='2. Metadata'!H$1,'2. Metadata'!H$5, IF(D54='2. Metadata'!I$1,'2. Metadata'!I$5, IF(D54='2. Metadata'!J$1,'2. Metadata'!J$5, IF(D54='2. Metadata'!K$1,'2. Metadata'!K$5, IF(D54='2. Metadata'!L$1,'2. Metadata'!L$5, IF(D54='2. Metadata'!M$1,'2. Metadata'!M$5, IF(D54='2. Metadata'!N$1,'2. Metadata'!N$5))))))))))))))","v":50.145},{"$f":"IF(ISBLANK(D54)=TRUE,\" \", IF(D54='2. Metadata'!B$1,'2. Metadata'!B$6, IF(D54='2. Metadata'!C$1,'2. Metadata'!C$6,IF(D54='2. Metadata'!D$1,'2. Metadata'!D$6, IF(D54='2. Metadata'!E$1,'2. Metadata'!E$6,IF( D54='2. Metadata'!F$1,'2. Metadata'!F$6,IF(D54='2. Metadata'!G$1,'2. Metadata'!G$6,IF(D54='2. Metadata'!H$1,'2. Metadata'!H$6, IF(D54='2. Metadata'!I$1,'2. Metadata'!I$6, IF(D54='2. Metadata'!J$1,'2. Metadata'!J$6, IF(D54='2. Metadata'!K$1,'2. Metadata'!K$6, IF(D54='2. Metadata'!L$1,'2. Metadata'!L$6, IF(D54='2. Metadata'!M$1,'2. Metadata'!M$6, IF(D54='2. Metadata'!N$1,'2. Metadata'!N$6))))))))))))))","v":-117.79389},"Oxygen","Dissolved","In situ","mg/L","actual","water","not specified",10,"N/A"]
["2015-09-28","Not specified","Not specified","NEMCD01",{"$f":"IF(ISBLANK(D55)=TRUE,\" \", IF(D55='2. Metadata'!B$1,'2. Metadata'!B$5, IF(D55='2. Metadata'!C$1,'2. Metadata'!C$5,IF(D55='2. Metadata'!D$1,'2. Metadata'!D$5, IF(D55='2. Metadata'!E$1,'2. Metadata'!E$5,IF( D55='2. Metadata'!F$1,'2. Metadata'!F$5,IF(D55='2. Metadata'!G$1,'2. Metadata'!G$5,IF(D55='2. Metadata'!H$1,'2. Metadata'!H$5, IF(D55='2. Metadata'!I$1,'2. Metadata'!I$5, IF(D55='2. Metadata'!J$1,'2. Metadata'!J$5, IF(D55='2. Metadata'!K$1,'2. Metadata'!K$5, IF(D55='2. Metadata'!L$1,'2. Metadata'!L$5, IF(D55='2. Metadata'!M$1,'2. Metadata'!M$5, IF(D55='2. Metadata'!N$1,'2. Metadata'!N$5))))))))))))))","v":50.145},{"$f":"IF(ISBLANK(D55)=TRUE,\" \", IF(D55='2. Metadata'!B$1,'2. Metadata'!B$6, IF(D55='2. Metadata'!C$1,'2. Metadata'!C$6,IF(D55='2. Metadata'!D$1,'2. Metadata'!D$6, IF(D55='2. Metadata'!E$1,'2. Metadata'!E$6,IF( D55='2. Metadata'!F$1,'2. Metadata'!F$6,IF(D55='2. Metadata'!G$1,'2. Metadata'!G$6,IF(D55='2. Metadata'!H$1,'2. Metadata'!H$6, IF(D55='2. Metadata'!I$1,'2. Metadata'!I$6, IF(D55='2. Metadata'!J$1,'2. Metadata'!J$6, IF(D55='2. Metadata'!K$1,'2. Metadata'!K$6, IF(D55='2. Metadata'!L$1,'2. Metadata'!L$6, IF(D55='2. Metadata'!M$1,'2. Metadata'!M$6, IF(D55='2. Metadata'!N$1,'2. Metadata'!N$6))))))))))))))","v":-117.79389},"Conductivity ","EC","In situ","uS/cm","actual","water",1,196.8,"N/A"]
["2015-09-28","Not specified","Not specified","NEMCD01",{"$f":"IF(ISBLANK(D56)=TRUE,\" \", IF(D56='2. Metadata'!B$1,'2. Metadata'!B$5, IF(D56='2. Metadata'!C$1,'2. Metadata'!C$5,IF(D56='2. Metadata'!D$1,'2. Metadata'!D$5, IF(D56='2. Metadata'!E$1,'2. Metadata'!E$5,IF( D56='2. Metadata'!F$1,'2. Metadata'!F$5,IF(D56='2. Metadata'!G$1,'2. Metadata'!G$5,IF(D56='2. Metadata'!H$1,'2. Metadata'!H$5, IF(D56='2. Metadata'!I$1,'2. Metadata'!I$5, IF(D56='2. Metadata'!J$1,'2. Metadata'!J$5, IF(D56='2. Metadata'!K$1,'2. Metadata'!K$5, IF(D56='2. Metadata'!L$1,'2. Metadata'!L$5, IF(D56='2. Metadata'!M$1,'2. Metadata'!M$5, IF(D56='2. Metadata'!N$1,'2. Metadata'!N$5))))))))))))))","v":50.145},{"$f":"IF(ISBLANK(D56)=TRUE,\" \", IF(D56='2. Metadata'!B$1,'2. Metadata'!B$6, IF(D56='2. Metadata'!C$1,'2. Metadata'!C$6,IF(D56='2. Metadata'!D$1,'2. Metadata'!D$6, IF(D56='2. Metadata'!E$1,'2. Metadata'!E$6,IF( D56='2. Metadata'!F$1,'2. Metadata'!F$6,IF(D56='2. Metadata'!G$1,'2. Metadata'!G$6,IF(D56='2. Metadata'!H$1,'2. Metadata'!H$6, IF(D56='2. Metadata'!I$1,'2. Metadata'!I$6, IF(D56='2. Metadata'!J$1,'2. Metadata'!J$6, IF(D56='2. Metadata'!K$1,'2. Metadata'!K$6, IF(D56='2. Metadata'!L$1,'2. Metadata'!L$6, IF(D56='2. Metadata'!M$1,'2. Metadata'!M$6, IF(D56='2. Metadata'!N$1,'2. Metadata'!N$6))))))))))))))","v":-117.79389},"pH","N/A","In situ","pH units","actual","water","Not specified",7.51,"N/A"]
["2015-09-28","Not specified","Not specified","NEMCD01",{"$f":"IF(ISBLANK(D57)=TRUE,\" \", IF(D57='2. Metadata'!B$1,'2. Metadata'!B$5, IF(D57='2. Metadata'!C$1,'2. Metadata'!C$5,IF(D57='2. Metadata'!D$1,'2. Metadata'!D$5, IF(D57='2. Metadata'!E$1,'2. Metadata'!E$5,IF( D57='2. Metadata'!F$1,'2. Metadata'!F$5,IF(D57='2. Metadata'!G$1,'2. Metadata'!G$5,IF(D57='2. Metadata'!H$1,'2. Metadata'!H$5, IF(D57='2. Metadata'!I$1,'2. Metadata'!I$5, IF(D57='2. Metadata'!J$1,'2. Metadata'!J$5, IF(D57='2. Metadata'!K$1,'2. Metadata'!K$5, IF(D57='2. Metadata'!L$1,'2. Metadata'!L$5, IF(D57='2. Metadata'!M$1,'2. Metadata'!M$5, IF(D57='2. Metadata'!N$1,'2. Metadata'!N$5))))))))))))))","v":50.145},{"$f":"IF(ISBLANK(D57)=TRUE,\" \", IF(D57='2. Metadata'!B$1,'2. Metadata'!B$6, IF(D57='2. Metadata'!C$1,'2. Metadata'!C$6,IF(D57='2. Metadata'!D$1,'2. Metadata'!D$6, IF(D57='2. Metadata'!E$1,'2. Metadata'!E$6,IF( D57='2. Metadata'!F$1,'2. Metadata'!F$6,IF(D57='2. Metadata'!G$1,'2. Metadata'!G$6,IF(D57='2. Metadata'!H$1,'2. Metadata'!H$6, IF(D57='2. Metadata'!I$1,'2. Metadata'!I$6, IF(D57='2. Metadata'!J$1,'2. Metadata'!J$6, IF(D57='2. Metadata'!K$1,'2. Metadata'!K$6, IF(D57='2. Metadata'!L$1,'2. Metadata'!L$6, IF(D57='2. Metadata'!M$1,'2. Metadata'!M$6, IF(D57='2. Metadata'!N$1,'2. Metadata'!N$6))))))))))))))","v":-117.79389},"Turbidity","N/A","In situ","NTU","actual","water","Not specified",0.33,"N/A"]
["2015-09-28","Not specified","Not specified","NEMCD01",{"$f":"IF(ISBLANK(D58)=TRUE,\" \", IF(D58='2. Metadata'!B$1,'2. Metadata'!B$5, IF(D58='2. Metadata'!C$1,'2. Metadata'!C$5,IF(D58='2. Metadata'!D$1,'2. Metadata'!D$5, IF(D58='2. Metadata'!E$1,'2. Metadata'!E$5,IF( D58='2. Metadata'!F$1,'2. Metadata'!F$5,IF(D58='2. Metadata'!G$1,'2. Metadata'!G$5,IF(D58='2. Metadata'!H$1,'2. Metadata'!H$5, IF(D58='2. Metadata'!I$1,'2. Metadata'!I$5, IF(D58='2. Metadata'!J$1,'2. Metadata'!J$5, IF(D58='2. Metadata'!K$1,'2. Metadata'!K$5, IF(D58='2. Metadata'!L$1,'2. Metadata'!L$5, IF(D58='2. Metadata'!M$1,'2. Metadata'!M$5, IF(D58='2. Metadata'!N$1,'2. Metadata'!N$5))))))))))))))","v":50.145},{"$f":"IF(ISBLANK(D58)=TRUE,\" \", IF(D58='2. Metadata'!B$1,'2. Metadata'!B$6, IF(D58='2. Metadata'!C$1,'2. Metadata'!C$6,IF(D58='2. Metadata'!D$1,'2. Metadata'!D$6, IF(D58='2. Metadata'!E$1,'2. Metadata'!E$6,IF( D58='2. Metadata'!F$1,'2. Metadata'!F$6,IF(D58='2. Metadata'!G$1,'2. Metadata'!G$6,IF(D58='2. Metadata'!H$1,'2. Metadata'!H$6, IF(D58='2. Metadata'!I$1,'2. Metadata'!I$6, IF(D58='2. Metadata'!J$1,'2. Metadata'!J$6, IF(D58='2. Metadata'!K$1,'2. Metadata'!K$6, IF(D58='2. Metadata'!L$1,'2. Metadata'!L$6, IF(D58='2. Metadata'!M$1,'2. Metadata'!M$6, IF(D58='2. Metadata'!N$1,'2. Metadata'!N$6))))))))))))))","v":-117.79389},"Temperature","N/A","In situ","Degrees Celsius","actual","water","Not specified",7.7,"N/A"]
["2015-09-28","Not specified","Not specified","NEMCD01",{"$f":"IF(ISBLANK(D59)=TRUE,\" \", IF(D59='2. Metadata'!B$1,'2. Metadata'!B$5, IF(D59='2. Metadata'!C$1,'2. Metadata'!C$5,IF(D59='2. Metadata'!D$1,'2. Metadata'!D$5, IF(D59='2. Metadata'!E$1,'2. Metadata'!E$5,IF( D59='2. Metadata'!F$1,'2. Metadata'!F$5,IF(D59='2. Metadata'!G$1,'2. Metadata'!G$5,IF(D59='2. Metadata'!H$1,'2. Metadata'!H$5, IF(D59='2. Metadata'!I$1,'2. Metadata'!I$5, IF(D59='2. Metadata'!J$1,'2. Metadata'!J$5, IF(D59='2. Metadata'!K$1,'2. Metadata'!K$5, IF(D59='2. Metadata'!L$1,'2. Metadata'!L$5, IF(D59='2. Metadata'!M$1,'2. Metadata'!M$5, IF(D59='2. Metadata'!N$1,'2. Metadata'!N$5))))))))))))))","v":50.145},{"$f":"IF(ISBLANK(D59)=TRUE,\" \", IF(D59='2. Metadata'!B$1,'2. Metadata'!B$6, IF(D59='2. Metadata'!C$1,'2. Metadata'!C$6,IF(D59='2. Metadata'!D$1,'2. Metadata'!D$6, IF(D59='2. Metadata'!E$1,'2. Metadata'!E$6,IF( D59='2. Metadata'!F$1,'2. Metadata'!F$6,IF(D59='2. Metadata'!G$1,'2. Metadata'!G$6,IF(D59='2. Metadata'!H$1,'2. Metadata'!H$6, IF(D59='2. Metadata'!I$1,'2. Metadata'!I$6, IF(D59='2. Metadata'!J$1,'2. Metadata'!J$6, IF(D59='2. Metadata'!K$1,'2. Metadata'!K$6, IF(D59='2. Metadata'!L$1,'2. Metadata'!L$6, IF(D59='2. Metadata'!M$1,'2. Metadata'!M$6, IF(D59='2. Metadata'!N$1,'2. Metadata'!N$6))))))))))))))","v":-117.79389},"Temperature","N/A","In situ","Degrees Celsius","actual","air","Not specified",12,"Air temp"]
["2015-09-28","Not specified","Not specified","NEMCD01",{"$f":"IF(ISBLANK(D60)=TRUE,\" \", IF(D60='2. Metadata'!B$1,'2. Metadata'!B$5, IF(D60='2. Metadata'!C$1,'2. Metadata'!C$5,IF(D60='2. Metadata'!D$1,'2. Metadata'!D$5, IF(D60='2. Metadata'!E$1,'2. Metadata'!E$5,IF( D60='2. Metadata'!F$1,'2. Metadata'!F$5,IF(D60='2. Metadata'!G$1,'2. Metadata'!G$5,IF(D60='2. Metadata'!H$1,'2. Metadata'!H$5, IF(D60='2. Metadata'!I$1,'2. Metadata'!I$5, IF(D60='2. Metadata'!J$1,'2. Metadata'!J$5, IF(D60='2. Metadata'!K$1,'2. Metadata'!K$5, IF(D60='2. Metadata'!L$1,'2. Metadata'!L$5, IF(D60='2. Metadata'!M$1,'2. Metadata'!M$5, IF(D60='2. Metadata'!N$1,'2. Metadata'!N$5))))))))))))))","v":50.145},{"$f":"IF(ISBLANK(D60)=TRUE,\" \", IF(D60='2. Metadata'!B$1,'2. Metadata'!B$6, IF(D60='2. Metadata'!C$1,'2. Metadata'!C$6,IF(D60='2. Metadata'!D$1,'2. Metadata'!D$6, IF(D60='2. Metadata'!E$1,'2. Metadata'!E$6,IF( D60='2. Metadata'!F$1,'2. Metadata'!F$6,IF(D60='2. Metadata'!G$1,'2. Metadata'!G$6,IF(D60='2. Metadata'!H$1,'2. Metadata'!H$6, IF(D60='2. Metadata'!I$1,'2. Metadata'!I$6, IF(D60='2. Metadata'!J$1,'2. Metadata'!J$6, IF(D60='2. Metadata'!K$1,'2. Metadata'!K$6, IF(D60='2. Metadata'!L$1,'2. Metadata'!L$6, IF(D60='2. Metadata'!M$1,'2. Metadata'!M$6, IF(D60='2. Metadata'!N$1,'2. Metadata'!N$6))))))))))))))","v":-117.79389},"Hardness","Total (as CaCO3)","Sample analysed in lab","mg/L","actual","water","Not specified",155,"N/A"]
["2015-09-28","Not specified","Not specified","NEMCD01",{"$f":"IF(ISBLANK(D61)=TRUE,\" \", IF(D61='2. Metadata'!B$1,'2. Metadata'!B$5, IF(D61='2. Metadata'!C$1,'2. Metadata'!C$5,IF(D61='2. Metadata'!D$1,'2. Metadata'!D$5, IF(D61='2. Metadata'!E$1,'2. Metadata'!E$5,IF( D61='2. Metadata'!F$1,'2. Metadata'!F$5,IF(D61='2. Metadata'!G$1,'2. Metadata'!G$5,IF(D61='2. Metadata'!H$1,'2. Metadata'!H$5, IF(D61='2. Metadata'!I$1,'2. Metadata'!I$5, IF(D61='2. Metadata'!J$1,'2. Metadata'!J$5, IF(D61='2. Metadata'!K$1,'2. Metadata'!K$5, IF(D61='2. Metadata'!L$1,'2. Metadata'!L$5, IF(D61='2. Metadata'!M$1,'2. Metadata'!M$5, IF(D61='2. Metadata'!N$1,'2. Metadata'!N$5))))))))))))))","v":50.145},{"$f":"IF(ISBLANK(D61)=TRUE,\" \", IF(D61='2. Metadata'!B$1,'2. Metadata'!B$6, IF(D61='2. Metadata'!C$1,'2. Metadata'!C$6,IF(D61='2. Metadata'!D$1,'2. Metadata'!D$6, IF(D61='2. Metadata'!E$1,'2. Metadata'!E$6,IF( D61='2. Metadata'!F$1,'2. Metadata'!F$6,IF(D61='2. Metadata'!G$1,'2. Metadata'!G$6,IF(D61='2. Metadata'!H$1,'2. Metadata'!H$6, IF(D61='2. Metadata'!I$1,'2. Metadata'!I$6, IF(D61='2. Metadata'!J$1,'2. Metadata'!J$6, IF(D61='2. Metadata'!K$1,'2. Metadata'!K$6, IF(D61='2. Metadata'!L$1,'2. Metadata'!L$6, IF(D61='2. Metadata'!M$1,'2. Metadata'!M$6, IF(D61='2. Metadata'!N$1,'2. Metadata'!N$6))))))))))))))","v":-117.79389},"Phosphorus","as P","Sample analysed in lab","µg/L","actual","water",0.005,"<0.0050","N/A"]
["2015-09-28","Not specified","Not specified","NEMCD01",{"$f":"IF(ISBLANK(D62)=TRUE,\" \", IF(D62='2. Metadata'!B$1,'2. Metadata'!B$5, IF(D62='2. Metadata'!C$1,'2. Metadata'!C$5,IF(D62='2. Metadata'!D$1,'2. Metadata'!D$5, IF(D62='2. Metadata'!E$1,'2. Metadata'!E$5,IF( D62='2. Metadata'!F$1,'2. Metadata'!F$5,IF(D62='2. Metadata'!G$1,'2. Metadata'!G$5,IF(D62='2. Metadata'!H$1,'2. Metadata'!H$5, IF(D62='2. Metadata'!I$1,'2. Metadata'!I$5, IF(D62='2. Metadata'!J$1,'2. Metadata'!J$5, IF(D62='2. Metadata'!K$1,'2. Metadata'!K$5, IF(D62='2. Metadata'!L$1,'2. Metadata'!L$5, IF(D62='2. Metadata'!M$1,'2. Metadata'!M$5, IF(D62='2. Metadata'!N$1,'2. Metadata'!N$5))))))))))))))","v":50.145},{"$f":"IF(ISBLANK(D62)=TRUE,\" \", IF(D62='2. Metadata'!B$1,'2. Metadata'!B$6, IF(D62='2. Metadata'!C$1,'2. Metadata'!C$6,IF(D62='2. Metadata'!D$1,'2. Metadata'!D$6, IF(D62='2. Metadata'!E$1,'2. Metadata'!E$6,IF( D62='2. Metadata'!F$1,'2. Metadata'!F$6,IF(D62='2. Metadata'!G$1,'2. Metadata'!G$6,IF(D62='2. Metadata'!H$1,'2. Metadata'!H$6, IF(D62='2. Metadata'!I$1,'2. Metadata'!I$6, IF(D62='2. Metadata'!J$1,'2. Metadata'!J$6, IF(D62='2. Metadata'!K$1,'2. Metadata'!K$6, IF(D62='2. Metadata'!L$1,'2. Metadata'!L$6, IF(D62='2. Metadata'!M$1,'2. Metadata'!M$6, IF(D62='2. Metadata'!N$1,'2. Metadata'!N$6))))))))))))))","v":-117.79389},"Nitrogen","Total (as N)","Sample analysed in lab","mg/L","actual","water",0.02,0.057,"N/A"]
["2015-09-28","Not specified","Not specified","NEMCD01",{"$f":"IF(ISBLANK(D63)=TRUE,\" \", IF(D63='2. Metadata'!B$1,'2. Metadata'!B$5, IF(D63='2. Metadata'!C$1,'2. Metadata'!C$5,IF(D63='2. Metadata'!D$1,'2. Metadata'!D$5, IF(D63='2. Metadata'!E$1,'2. Metadata'!E$5,IF( D63='2. Metadata'!F$1,'2. Metadata'!F$5,IF(D63='2. Metadata'!G$1,'2. Metadata'!G$5,IF(D63='2. Metadata'!H$1,'2. Metadata'!H$5, IF(D63='2. Metadata'!I$1,'2. Metadata'!I$5, IF(D63='2. Metadata'!J$1,'2. Metadata'!J$5, IF(D63='2. Metadata'!K$1,'2. Metadata'!K$5, IF(D63='2. Metadata'!L$1,'2. Metadata'!L$5, IF(D63='2. Metadata'!M$1,'2. Metadata'!M$5, IF(D63='2. Metadata'!N$1,'2. Metadata'!N$5))))))))))))))","v":50.145},{"$f":"IF(ISBLANK(D63)=TRUE,\" \", IF(D63='2. Metadata'!B$1,'2. Metadata'!B$6, IF(D63='2. Metadata'!C$1,'2. Metadata'!C$6,IF(D63='2. Metadata'!D$1,'2. Metadata'!D$6, IF(D63='2. Metadata'!E$1,'2. Metadata'!E$6,IF( D63='2. Metadata'!F$1,'2. Metadata'!F$6,IF(D63='2. Metadata'!G$1,'2. Metadata'!G$6,IF(D63='2. Metadata'!H$1,'2. Metadata'!H$6, IF(D63='2. Metadata'!I$1,'2. Metadata'!I$6, IF(D63='2. Metadata'!J$1,'2. Metadata'!J$6, IF(D63='2. Metadata'!K$1,'2. Metadata'!K$6, IF(D63='2. Metadata'!L$1,'2. Metadata'!L$6, IF(D63='2. Metadata'!M$1,'2. Metadata'!M$6, IF(D63='2. Metadata'!N$1,'2. Metadata'!N$6))))))))))))))","v":-117.79389},"Solids","Total Suspended","Sample analysed in lab","mg/L","actual","water",4,"<4.0","N/A"]
["2015-09-28","Not specified","Not specified","NEMCD01",{"$f":"IF(ISBLANK(D64)=TRUE,\" \", IF(D64='2. Metadata'!B$1,'2. Metadata'!B$5, IF(D64='2. Metadata'!C$1,'2. Metadata'!C$5,IF(D64='2. Metadata'!D$1,'2. Metadata'!D$5, IF(D64='2. Metadata'!E$1,'2. Metadata'!E$5,IF( D64='2. Metadata'!F$1,'2. Metadata'!F$5,IF(D64='2. Metadata'!G$1,'2. Metadata'!G$5,IF(D64='2. Metadata'!H$1,'2. Metadata'!H$5, IF(D64='2. Metadata'!I$1,'2. Metadata'!I$5, IF(D64='2. Metadata'!J$1,'2. Metadata'!J$5, IF(D64='2. Metadata'!K$1,'2. Metadata'!K$5, IF(D64='2. Metadata'!L$1,'2. Metadata'!L$5, IF(D64='2. Metadata'!M$1,'2. Metadata'!M$5, IF(D64='2. Metadata'!N$1,'2. Metadata'!N$5))))))))))))))","v":50.145},{"$f":"IF(ISBLANK(D64)=TRUE,\" \", IF(D64='2. Metadata'!B$1,'2. Metadata'!B$6, IF(D64='2. Metadata'!C$1,'2. Metadata'!C$6,IF(D64='2. Metadata'!D$1,'2. Metadata'!D$6, IF(D64='2. Metadata'!E$1,'2. Metadata'!E$6,IF( D64='2. Metadata'!F$1,'2. Metadata'!F$6,IF(D64='2. Metadata'!G$1,'2. Metadata'!G$6,IF(D64='2. Metadata'!H$1,'2. Metadata'!H$6, IF(D64='2. Metadata'!I$1,'2. Metadata'!I$6, IF(D64='2. Metadata'!J$1,'2. Metadata'!J$6, IF(D64='2. Metadata'!K$1,'2. Metadata'!K$6, IF(D64='2. Metadata'!L$1,'2. Metadata'!L$6, IF(D64='2. Metadata'!M$1,'2. Metadata'!M$6, IF(D64='2. Metadata'!N$1,'2. Metadata'!N$6))))))))))))))","v":-117.79389},"Chloride","Dissolved","Sample analysed in lab","mg/L","actual","water",1,0.64,"N/A"]
["2015-09-28","Not specified","Not specified","NEMCD01",{"$f":"IF(ISBLANK(D65)=TRUE,\" \", IF(D65='2. Metadata'!B$1,'2. Metadata'!B$5, IF(D65='2. Metadata'!C$1,'2. Metadata'!C$5,IF(D65='2. Metadata'!D$1,'2. Metadata'!D$5, IF(D65='2. Metadata'!E$1,'2. Metadata'!E$5,IF( D65='2. Metadata'!F$1,'2. Metadata'!F$5,IF(D65='2. Metadata'!G$1,'2. Metadata'!G$5,IF(D65='2. Metadata'!H$1,'2. Metadata'!H$5, IF(D65='2. Metadata'!I$1,'2. Metadata'!I$5, IF(D65='2. Metadata'!J$1,'2. Metadata'!J$5, IF(D65='2. Metadata'!K$1,'2. Metadata'!K$5, IF(D65='2. Metadata'!L$1,'2. Metadata'!L$5, IF(D65='2. Metadata'!M$1,'2. Metadata'!M$5, IF(D65='2. Metadata'!N$1,'2. Metadata'!N$5))))))))))))))","v":50.145},{"$f":"IF(ISBLANK(D65)=TRUE,\" \", IF(D65='2. Metadata'!B$1,'2. Metadata'!B$6, IF(D65='2. Metadata'!C$1,'2. Metadata'!C$6,IF(D65='2. Metadata'!D$1,'2. Metadata'!D$6, IF(D65='2. Metadata'!E$1,'2. Metadata'!E$6,IF( D65='2. Metadata'!F$1,'2. Metadata'!F$6,IF(D65='2. Metadata'!G$1,'2. Metadata'!G$6,IF(D65='2. Metadata'!H$1,'2. Metadata'!H$6, IF(D65='2. Metadata'!I$1,'2. Metadata'!I$6, IF(D65='2. Metadata'!J$1,'2. Metadata'!J$6, IF(D65='2. Metadata'!K$1,'2. Metadata'!K$6, IF(D65='2. Metadata'!L$1,'2. Metadata'!L$6, IF(D65='2. Metadata'!M$1,'2. Metadata'!M$6, IF(D65='2. Metadata'!N$1,'2. Metadata'!N$6))))))))))))))","v":-117.79389},"pH","N/A","In situ","mg/L","actual","water","not specified",7.51,"N/A"]
["2015-09-28","Not specified","Not specified","NEMCD01",{"$f":"IF(ISBLANK(D66)=TRUE,\" \", IF(D66='2. Metadata'!B$1,'2. Metadata'!B$5, IF(D66='2. Metadata'!C$1,'2. Metadata'!C$5,IF(D66='2. Metadata'!D$1,'2. Metadata'!D$5, IF(D66='2. Metadata'!E$1,'2. Metadata'!E$5,IF( D66='2. Metadata'!F$1,'2. Metadata'!F$5,IF(D66='2. Metadata'!G$1,'2. Metadata'!G$5,IF(D66='2. Metadata'!H$1,'2. Metadata'!H$5, IF(D66='2. Metadata'!I$1,'2. Metadata'!I$5, IF(D66='2. Metadata'!J$1,'2. Metadata'!J$5, IF(D66='2. Metadata'!K$1,'2. Metadata'!K$5, IF(D66='2. Metadata'!L$1,'2. Metadata'!L$5, IF(D66='2. Metadata'!M$1,'2. Metadata'!M$5, IF(D66='2. Metadata'!N$1,'2. Metadata'!N$5))))))))))))))","v":50.145},{"$f":"IF(ISBLANK(D66)=TRUE,\" \", IF(D66='2. Metadata'!B$1,'2. Metadata'!B$6, IF(D66='2. Metadata'!C$1,'2. Metadata'!C$6,IF(D66='2. Metadata'!D$1,'2. Metadata'!D$6, IF(D66='2. Metadata'!E$1,'2. Metadata'!E$6,IF( D66='2. Metadata'!F$1,'2. Metadata'!F$6,IF(D66='2. Metadata'!G$1,'2. Metadata'!G$6,IF(D66='2. Metadata'!H$1,'2. Metadata'!H$6, IF(D66='2. Metadata'!I$1,'2. Metadata'!I$6, IF(D66='2. Metadata'!J$1,'2. Metadata'!J$6, IF(D66='2. Metadata'!K$1,'2. Metadata'!K$6, IF(D66='2. Metadata'!L$1,'2. Metadata'!L$6, IF(D66='2. Metadata'!M$1,'2. Metadata'!M$6, IF(D66='2. Metadata'!N$1,'2. Metadata'!N$6))))))))))))))","v":-117.79389},"Hardness","Total (as CaCO3)","Sample analysed in lab","µg/L","actual","water","not specified",155,"N/A"]
["2015-09-28","Not specified","Not specified","NEMCD01",{"$f":"IF(ISBLANK(D67)=TRUE,\" \", IF(D67='2. Metadata'!B$1,'2. Metadata'!B$5, IF(D67='2. Metadata'!C$1,'2. Metadata'!C$5,IF(D67='2. Metadata'!D$1,'2. Metadata'!D$5, IF(D67='2. Metadata'!E$1,'2. Metadata'!E$5,IF( D67='2. Metadata'!F$1,'2. Metadata'!F$5,IF(D67='2. Metadata'!G$1,'2. Metadata'!G$5,IF(D67='2. Metadata'!H$1,'2. Metadata'!H$5, IF(D67='2. Metadata'!I$1,'2. Metadata'!I$5, IF(D67='2. Metadata'!J$1,'2. Metadata'!J$5, IF(D67='2. Metadata'!K$1,'2. Metadata'!K$5, IF(D67='2. Metadata'!L$1,'2. Metadata'!L$5, IF(D67='2. Metadata'!M$1,'2. Metadata'!M$5, IF(D67='2. Metadata'!N$1,'2. Metadata'!N$5))))))))))))))","v":50.145},{"$f":"IF(ISBLANK(D67)=TRUE,\" \", IF(D67='2. Metadata'!B$1,'2. Metadata'!B$6, IF(D67='2. Metadata'!C$1,'2. Metadata'!C$6,IF(D67='2. Metadata'!D$1,'2. Metadata'!D$6, IF(D67='2. Metadata'!E$1,'2. Metadata'!E$6,IF( D67='2. Metadata'!F$1,'2. Metadata'!F$6,IF(D67='2. Metadata'!G$1,'2. Metadata'!G$6,IF(D67='2. Metadata'!H$1,'2. Metadata'!H$6, IF(D67='2. Metadata'!I$1,'2. Metadata'!I$6, IF(D67='2. Metadata'!J$1,'2. Metadata'!J$6, IF(D67='2. Metadata'!K$1,'2. Metadata'!K$6, IF(D67='2. Metadata'!L$1,'2. Metadata'!L$6, IF(D67='2. Metadata'!M$1,'2. Metadata'!M$6, IF(D67='2. Metadata'!N$1,'2. Metadata'!N$6))))))))))))))","v":-117.79389},"Aluminum","Total","Sample analysed in lab","µg/L","actual","water","not specified",7.2,"N/A"]
["2015-09-28","Not specified","Not specified","NEMCD01",{"$f":"IF(ISBLANK(D68)=TRUE,\" \", IF(D68='2. Metadata'!B$1,'2. Metadata'!B$5, IF(D68='2. Metadata'!C$1,'2. Metadata'!C$5,IF(D68='2. Metadata'!D$1,'2. Metadata'!D$5, IF(D68='2. Metadata'!E$1,'2. Metadata'!E$5,IF( D68='2. Metadata'!F$1,'2. Metadata'!F$5,IF(D68='2. Metadata'!G$1,'2. Metadata'!G$5,IF(D68='2. Metadata'!H$1,'2. Metadata'!H$5, IF(D68='2. Metadata'!I$1,'2. Metadata'!I$5, IF(D68='2. Metadata'!J$1,'2. Metadata'!J$5, IF(D68='2. Metadata'!K$1,'2. Metadata'!K$5, IF(D68='2. Metadata'!L$1,'2. Metadata'!L$5, IF(D68='2. Metadata'!M$1,'2. Metadata'!M$5, IF(D68='2. Metadata'!N$1,'2. Metadata'!N$5))))))))))))))","v":50.145},{"$f":"IF(ISBLANK(D68)=TRUE,\" \", IF(D68='2. Metadata'!B$1,'2. Metadata'!B$6, IF(D68='2. Metadata'!C$1,'2. Metadata'!C$6,IF(D68='2. Metadata'!D$1,'2. Metadata'!D$6, IF(D68='2. Metadata'!E$1,'2. Metadata'!E$6,IF( D68='2. Metadata'!F$1,'2. Metadata'!F$6,IF(D68='2. Metadata'!G$1,'2. Metadata'!G$6,IF(D68='2. Metadata'!H$1,'2. Metadata'!H$6, IF(D68='2. Metadata'!I$1,'2. Metadata'!I$6, IF(D68='2. Metadata'!J$1,'2. Metadata'!J$6, IF(D68='2. Metadata'!K$1,'2. Metadata'!K$6, IF(D68='2. Metadata'!L$1,'2. Metadata'!L$6, IF(D68='2. Metadata'!M$1,'2. Metadata'!M$6, IF(D68='2. Metadata'!N$1,'2. Metadata'!N$6))))))))))))))","v":-117.79389},"Antimony","Total","Sample analysed in lab","µg/L","actual","water",0.5,"<0.50","N/A"]
["2015-09-28","Not specified","Not specified","NEMCD01",{"$f":"IF(ISBLANK(D69)=TRUE,\" \", IF(D69='2. Metadata'!B$1,'2. Metadata'!B$5, IF(D69='2. Metadata'!C$1,'2. Metadata'!C$5,IF(D69='2. Metadata'!D$1,'2. Metadata'!D$5, IF(D69='2. Metadata'!E$1,'2. Metadata'!E$5,IF( D69='2. Metadata'!F$1,'2. Metadata'!F$5,IF(D69='2. Metadata'!G$1,'2. Metadata'!G$5,IF(D69='2. Metadata'!H$1,'2. Metadata'!H$5, IF(D69='2. Metadata'!I$1,'2. Metadata'!I$5, IF(D69='2. Metadata'!J$1,'2. Metadata'!J$5, IF(D69='2. Metadata'!K$1,'2. Metadata'!K$5, IF(D69='2. Metadata'!L$1,'2. Metadata'!L$5, IF(D69='2. Metadata'!M$1,'2. Metadata'!M$5, IF(D69='2. Metadata'!N$1,'2. Metadata'!N$5))))))))))))))","v":50.145},{"$f":"IF(ISBLANK(D69)=TRUE,\" \", IF(D69='2. Metadata'!B$1,'2. Metadata'!B$6, IF(D69='2. Metadata'!C$1,'2. Metadata'!C$6,IF(D69='2. Metadata'!D$1,'2. Metadata'!D$6, IF(D69='2. Metadata'!E$1,'2. Metadata'!E$6,IF( D69='2. Metadata'!F$1,'2. Metadata'!F$6,IF(D69='2. Metadata'!G$1,'2. Metadata'!G$6,IF(D69='2. Metadata'!H$1,'2. Metadata'!H$6, IF(D69='2. Metadata'!I$1,'2. Metadata'!I$6, IF(D69='2. Metadata'!J$1,'2. Metadata'!J$6, IF(D69='2. Metadata'!K$1,'2. Metadata'!K$6, IF(D69='2. Metadata'!L$1,'2. Metadata'!L$6, IF(D69='2. Metadata'!M$1,'2. Metadata'!M$6, IF(D69='2. Metadata'!N$1,'2. Metadata'!N$6))))))))))))))","v":-117.79389},"Arsenic","Total","Sample analysed in lab","µg/L","actual","water","not specified",0.74,"N/A"]
["2015-09-28","Not specified","Not specified","NEMCD01",{"$f":"IF(ISBLANK(D70)=TRUE,\" \", IF(D70='2. Metadata'!B$1,'2. Metadata'!B$5, IF(D70='2. Metadata'!C$1,'2. Metadata'!C$5,IF(D70='2. Metadata'!D$1,'2. Metadata'!D$5, IF(D70='2. Metadata'!E$1,'2. Metadata'!E$5,IF( D70='2. Metadata'!F$1,'2. Metadata'!F$5,IF(D70='2. Metadata'!G$1,'2. Metadata'!G$5,IF(D70='2. Metadata'!H$1,'2. Metadata'!H$5, IF(D70='2. Metadata'!I$1,'2. Metadata'!I$5, IF(D70='2. Metadata'!J$1,'2. Metadata'!J$5, IF(D70='2. Metadata'!K$1,'2. Metadata'!K$5, IF(D70='2. Metadata'!L$1,'2. Metadata'!L$5, IF(D70='2. Metadata'!M$1,'2. Metadata'!M$5, IF(D70='2. Metadata'!N$1,'2. Metadata'!N$5))))))))))))))","v":50.145},{"$f":"IF(ISBLANK(D70)=TRUE,\" \", IF(D70='2. Metadata'!B$1,'2. Metadata'!B$6, IF(D70='2. Metadata'!C$1,'2. Metadata'!C$6,IF(D70='2. Metadata'!D$1,'2. Metadata'!D$6, IF(D70='2. Metadata'!E$1,'2. Metadata'!E$6,IF( D70='2. Metadata'!F$1,'2. Metadata'!F$6,IF(D70='2. Metadata'!G$1,'2. Metadata'!G$6,IF(D70='2. Metadata'!H$1,'2. Metadata'!H$6, IF(D70='2. Metadata'!I$1,'2. Metadata'!I$6, IF(D70='2. Metadata'!J$1,'2. Metadata'!J$6, IF(D70='2. Metadata'!K$1,'2. Metadata'!K$6, IF(D70='2. Metadata'!L$1,'2. Metadata'!L$6, IF(D70='2. Metadata'!M$1,'2. Metadata'!M$6, IF(D70='2. Metadata'!N$1,'2. Metadata'!N$6))))))))))))))","v":-117.79389},"Barium","Total","Sample analysed in lab","µg/L","actual","water","not specified",17.9,"N/A"]
["2015-09-28","Not specified","Not specified","NEMCD01",{"$f":"IF(ISBLANK(D71)=TRUE,\" \", IF(D71='2. Metadata'!B$1,'2. Metadata'!B$5, IF(D71='2. Metadata'!C$1,'2. Metadata'!C$5,IF(D71='2. Metadata'!D$1,'2. Metadata'!D$5, IF(D71='2. Metadata'!E$1,'2. Metadata'!E$5,IF( D71='2. Metadata'!F$1,'2. Metadata'!F$5,IF(D71='2. Metadata'!G$1,'2. Metadata'!G$5,IF(D71='2. Metadata'!H$1,'2. Metadata'!H$5, IF(D71='2. Metadata'!I$1,'2. Metadata'!I$5, IF(D71='2. Metadata'!J$1,'2. Metadata'!J$5, IF(D71='2. Metadata'!K$1,'2. Metadata'!K$5, IF(D71='2. Metadata'!L$1,'2. Metadata'!L$5, IF(D71='2. Metadata'!M$1,'2. Metadata'!M$5, IF(D71='2. Metadata'!N$1,'2. Metadata'!N$5))))))))))))))","v":50.145},{"$f":"IF(ISBLANK(D71)=TRUE,\" \", IF(D71='2. Metadata'!B$1,'2. Metadata'!B$6, IF(D71='2. Metadata'!C$1,'2. Metadata'!C$6,IF(D71='2. Metadata'!D$1,'2. Metadata'!D$6, IF(D71='2. Metadata'!E$1,'2. Metadata'!E$6,IF( D71='2. Metadata'!F$1,'2. Metadata'!F$6,IF(D71='2. Metadata'!G$1,'2. Metadata'!G$6,IF(D71='2. Metadata'!H$1,'2. Metadata'!H$6, IF(D71='2. Metadata'!I$1,'2. Metadata'!I$6, IF(D71='2. Metadata'!J$1,'2. Metadata'!J$6, IF(D71='2. Metadata'!K$1,'2. Metadata'!K$6, IF(D71='2. Metadata'!L$1,'2. Metadata'!L$6, IF(D71='2. Metadata'!M$1,'2. Metadata'!M$6, IF(D71='2. Metadata'!N$1,'2. Metadata'!N$6))))))))))))))","v":-117.79389},"Beryllium","Total","Sample analysed in lab","µg/L","actual","water",0.1,"<0.10","N/A"]
["2015-09-28","Not specified","Not specified","NEMCD01",{"$f":"IF(ISBLANK(D72)=TRUE,\" \", IF(D72='2. Metadata'!B$1,'2. Metadata'!B$5, IF(D72='2. Metadata'!C$1,'2. Metadata'!C$5,IF(D72='2. Metadata'!D$1,'2. Metadata'!D$5, IF(D72='2. Metadata'!E$1,'2. Metadata'!E$5,IF( D72='2. Metadata'!F$1,'2. Metadata'!F$5,IF(D72='2. Metadata'!G$1,'2. Metadata'!G$5,IF(D72='2. Metadata'!H$1,'2. Metadata'!H$5, IF(D72='2. Metadata'!I$1,'2. Metadata'!I$5, IF(D72='2. Metadata'!J$1,'2. Metadata'!J$5, IF(D72='2. Metadata'!K$1,'2. Metadata'!K$5, IF(D72='2. Metadata'!L$1,'2. Metadata'!L$5, IF(D72='2. Metadata'!M$1,'2. Metadata'!M$5, IF(D72='2. Metadata'!N$1,'2. Metadata'!N$5))))))))))))))","v":50.145},{"$f":"IF(ISBLANK(D72)=TRUE,\" \", IF(D72='2. Metadata'!B$1,'2. Metadata'!B$6, IF(D72='2. Metadata'!C$1,'2. Metadata'!C$6,IF(D72='2. Metadata'!D$1,'2. Metadata'!D$6, IF(D72='2. Metadata'!E$1,'2. Metadata'!E$6,IF( D72='2. Metadata'!F$1,'2. Metadata'!F$6,IF(D72='2. Metadata'!G$1,'2. Metadata'!G$6,IF(D72='2. Metadata'!H$1,'2. Metadata'!H$6, IF(D72='2. Metadata'!I$1,'2. Metadata'!I$6, IF(D72='2. Metadata'!J$1,'2. Metadata'!J$6, IF(D72='2. Metadata'!K$1,'2. Metadata'!K$6, IF(D72='2. Metadata'!L$1,'2. Metadata'!L$6, IF(D72='2. Metadata'!M$1,'2. Metadata'!M$6, IF(D72='2. Metadata'!N$1,'2. Metadata'!N$6))))))))))))))","v":-117.79389},"Bismuth","Total","Sample analysed in lab","µg/L","actual","water",1,"<1.0","N/A"]
["2015-09-28","Not specified","Not specified","NEMCD01",{"$f":"IF(ISBLANK(D73)=TRUE,\" \", IF(D73='2. Metadata'!B$1,'2. Metadata'!B$5, IF(D73='2. Metadata'!C$1,'2. Metadata'!C$5,IF(D73='2. Metadata'!D$1,'2. Metadata'!D$5, IF(D73='2. Metadata'!E$1,'2. Metadata'!E$5,IF( D73='2. Metadata'!F$1,'2. Metadata'!F$5,IF(D73='2. Metadata'!G$1,'2. Metadata'!G$5,IF(D73='2. Metadata'!H$1,'2. Metadata'!H$5, IF(D73='2. Metadata'!I$1,'2. Metadata'!I$5, IF(D73='2. Metadata'!J$1,'2. Metadata'!J$5, IF(D73='2. Metadata'!K$1,'2. Metadata'!K$5, IF(D73='2. Metadata'!L$1,'2. Metadata'!L$5, IF(D73='2. Metadata'!M$1,'2. Metadata'!M$5, IF(D73='2. Metadata'!N$1,'2. Metadata'!N$5))))))))))))))","v":50.145},{"$f":"IF(ISBLANK(D73)=TRUE,\" \", IF(D73='2. Metadata'!B$1,'2. Metadata'!B$6, IF(D73='2. Metadata'!C$1,'2. Metadata'!C$6,IF(D73='2. Metadata'!D$1,'2. Metadata'!D$6, IF(D73='2. Metadata'!E$1,'2. Metadata'!E$6,IF( D73='2. Metadata'!F$1,'2. Metadata'!F$6,IF(D73='2. Metadata'!G$1,'2. Metadata'!G$6,IF(D73='2. Metadata'!H$1,'2. Metadata'!H$6, IF(D73='2. Metadata'!I$1,'2. Metadata'!I$6, IF(D73='2. Metadata'!J$1,'2. Metadata'!J$6, IF(D73='2. Metadata'!K$1,'2. Metadata'!K$6, IF(D73='2. Metadata'!L$1,'2. Metadata'!L$6, IF(D73='2. Metadata'!M$1,'2. Metadata'!M$6, IF(D73='2. Metadata'!N$1,'2. Metadata'!N$6))))))))))))))","v":-117.79389},"Boron","Total","Sample analysed in lab","µg/L","actual","water",50,"<50","N/A"]
["2015-09-28","Not specified","Not specified","NEMCD01",{"$f":"IF(ISBLANK(D74)=TRUE,\" \", IF(D74='2. Metadata'!B$1,'2. Metadata'!B$5, IF(D74='2. Metadata'!C$1,'2. Metadata'!C$5,IF(D74='2. Metadata'!D$1,'2. Metadata'!D$5, IF(D74='2. Metadata'!E$1,'2. Metadata'!E$5,IF( D74='2. Metadata'!F$1,'2. Metadata'!F$5,IF(D74='2. Metadata'!G$1,'2. Metadata'!G$5,IF(D74='2. Metadata'!H$1,'2. Metadata'!H$5, IF(D74='2. Metadata'!I$1,'2. Metadata'!I$5, IF(D74='2. Metadata'!J$1,'2. Metadata'!J$5, IF(D74='2. Metadata'!K$1,'2. Metadata'!K$5, IF(D74='2. Metadata'!L$1,'2. Metadata'!L$5, IF(D74='2. Metadata'!M$1,'2. Metadata'!M$5, IF(D74='2. Metadata'!N$1,'2. Metadata'!N$5))))))))))))))","v":50.145},{"$f":"IF(ISBLANK(D74)=TRUE,\" \", IF(D74='2. Metadata'!B$1,'2. Metadata'!B$6, IF(D74='2. Metadata'!C$1,'2. Metadata'!C$6,IF(D74='2. Metadata'!D$1,'2. Metadata'!D$6, IF(D74='2. Metadata'!E$1,'2. Metadata'!E$6,IF( D74='2. Metadata'!F$1,'2. Metadata'!F$6,IF(D74='2. Metadata'!G$1,'2. Metadata'!G$6,IF(D74='2. Metadata'!H$1,'2. Metadata'!H$6, IF(D74='2. Metadata'!I$1,'2. Metadata'!I$6, IF(D74='2. Metadata'!J$1,'2. Metadata'!J$6, IF(D74='2. Metadata'!K$1,'2. Metadata'!K$6, IF(D74='2. Metadata'!L$1,'2. Metadata'!L$6, IF(D74='2. Metadata'!M$1,'2. Metadata'!M$6, IF(D74='2. Metadata'!N$1,'2. Metadata'!N$6))))))))))))))","v":-117.79389},"Cadmium","Total","Sample analysed in lab","µg/L","actual","water","not specified",0.024,"N/A"]
["2015-09-28","Not specified","Not specified","NEMCD01",{"$f":"IF(ISBLANK(D75)=TRUE,\" \", IF(D75='2. Metadata'!B$1,'2. Metadata'!B$5, IF(D75='2. Metadata'!C$1,'2. Metadata'!C$5,IF(D75='2. Metadata'!D$1,'2. Metadata'!D$5, IF(D75='2. Metadata'!E$1,'2. Metadata'!E$5,IF( D75='2. Metadata'!F$1,'2. Metadata'!F$5,IF(D75='2. Metadata'!G$1,'2. Metadata'!G$5,IF(D75='2. Metadata'!H$1,'2. Metadata'!H$5, IF(D75='2. Metadata'!I$1,'2. Metadata'!I$5, IF(D75='2. Metadata'!J$1,'2. Metadata'!J$5, IF(D75='2. Metadata'!K$1,'2. Metadata'!K$5, IF(D75='2. Metadata'!L$1,'2. Metadata'!L$5, IF(D75='2. Metadata'!M$1,'2. Metadata'!M$5, IF(D75='2. Metadata'!N$1,'2. Metadata'!N$5))))))))))))))","v":50.145},{"$f":"IF(ISBLANK(D75)=TRUE,\" \", IF(D75='2. Metadata'!B$1,'2. Metadata'!B$6, IF(D75='2. Metadata'!C$1,'2. Metadata'!C$6,IF(D75='2. Metadata'!D$1,'2. Metadata'!D$6, IF(D75='2. Metadata'!E$1,'2. Metadata'!E$6,IF( D75='2. Metadata'!F$1,'2. Metadata'!F$6,IF(D75='2. Metadata'!G$1,'2. Metadata'!G$6,IF(D75='2. Metadata'!H$1,'2. Metadata'!H$6, IF(D75='2. Metadata'!I$1,'2. Metadata'!I$6, IF(D75='2. Metadata'!J$1,'2. Metadata'!J$6, IF(D75='2. Metadata'!K$1,'2. Metadata'!K$6, IF(D75='2. Metadata'!L$1,'2. Metadata'!L$6, IF(D75='2. Metadata'!M$1,'2. Metadata'!M$6, IF(D75='2. Metadata'!N$1,'2. Metadata'!N$6))))))))))))))","v":-117.79389},"Calcium","Total","Sample analysed in lab","mg/L","actual","water","not specified",48.2,"N/A"]
["2015-09-28","Not specified","Not specified","NEMCD01",{"$f":"IF(ISBLANK(D76)=TRUE,\" \", IF(D76='2. Metadata'!B$1,'2. Metadata'!B$5, IF(D76='2. Metadata'!C$1,'2. Metadata'!C$5,IF(D76='2. Metadata'!D$1,'2. Metadata'!D$5, IF(D76='2. Metadata'!E$1,'2. Metadata'!E$5,IF( D76='2. Metadata'!F$1,'2. Metadata'!F$5,IF(D76='2. Metadata'!G$1,'2. Metadata'!G$5,IF(D76='2. Metadata'!H$1,'2. Metadata'!H$5, IF(D76='2. Metadata'!I$1,'2. Metadata'!I$5, IF(D76='2. Metadata'!J$1,'2. Metadata'!J$5, IF(D76='2. Metadata'!K$1,'2. Metadata'!K$5, IF(D76='2. Metadata'!L$1,'2. Metadata'!L$5, IF(D76='2. Metadata'!M$1,'2. Metadata'!M$5, IF(D76='2. Metadata'!N$1,'2. Metadata'!N$5))))))))))))))","v":50.145},{"$f":"IF(ISBLANK(D76)=TRUE,\" \", IF(D76='2. Metadata'!B$1,'2. Metadata'!B$6, IF(D76='2. Metadata'!C$1,'2. Metadata'!C$6,IF(D76='2. Metadata'!D$1,'2. Metadata'!D$6, IF(D76='2. Metadata'!E$1,'2. Metadata'!E$6,IF( D76='2. Metadata'!F$1,'2. Metadata'!F$6,IF(D76='2. Metadata'!G$1,'2. Metadata'!G$6,IF(D76='2. Metadata'!H$1,'2. Metadata'!H$6, IF(D76='2. Metadata'!I$1,'2. Metadata'!I$6, IF(D76='2. Metadata'!J$1,'2. Metadata'!J$6, IF(D76='2. Metadata'!K$1,'2. Metadata'!K$6, IF(D76='2. Metadata'!L$1,'2. Metadata'!L$6, IF(D76='2. Metadata'!M$1,'2. Metadata'!M$6, IF(D76='2. Metadata'!N$1,'2. Metadata'!N$6))))))))))))))","v":-117.79389},"Chromium","Total","Sample analysed in lab","µg/L","actual","water",1,"<1.0","N/A"]
["2015-09-28","Not specified","Not specified","NEMCD01",{"$f":"IF(ISBLANK(D77)=TRUE,\" \", IF(D77='2. Metadata'!B$1,'2. Metadata'!B$5, IF(D77='2. Metadata'!C$1,'2. Metadata'!C$5,IF(D77='2. Metadata'!D$1,'2. Metadata'!D$5, IF(D77='2. Metadata'!E$1,'2. Metadata'!E$5,IF( D77='2. Metadata'!F$1,'2. Metadata'!F$5,IF(D77='2. Metadata'!G$1,'2. Metadata'!G$5,IF(D77='2. Metadata'!H$1,'2. Metadata'!H$5, IF(D77='2. Metadata'!I$1,'2. Metadata'!I$5, IF(D77='2. Metadata'!J$1,'2. Metadata'!J$5, IF(D77='2. Metadata'!K$1,'2. Metadata'!K$5, IF(D77='2. Metadata'!L$1,'2. Metadata'!L$5, IF(D77='2. Metadata'!M$1,'2. Metadata'!M$5, IF(D77='2. Metadata'!N$1,'2. Metadata'!N$5))))))))))))))","v":50.145},{"$f":"IF(ISBLANK(D77)=TRUE,\" \", IF(D77='2. Metadata'!B$1,'2. Metadata'!B$6, IF(D77='2. Metadata'!C$1,'2. Metadata'!C$6,IF(D77='2. Metadata'!D$1,'2. Metadata'!D$6, IF(D77='2. Metadata'!E$1,'2. Metadata'!E$6,IF( D77='2. Metadata'!F$1,'2. Metadata'!F$6,IF(D77='2. Metadata'!G$1,'2. Metadata'!G$6,IF(D77='2. Metadata'!H$1,'2. Metadata'!H$6, IF(D77='2. Metadata'!I$1,'2. Metadata'!I$6, IF(D77='2. Metadata'!J$1,'2. Metadata'!J$6, IF(D77='2. Metadata'!K$1,'2. Metadata'!K$6, IF(D77='2. Metadata'!L$1,'2. Metadata'!L$6, IF(D77='2. Metadata'!M$1,'2. Metadata'!M$6, IF(D77='2. Metadata'!N$1,'2. Metadata'!N$6))))))))))))))","v":-117.79389},"Cobalt","Total","Sample analysed in lab","µg/L","actual","water",0.5,"<0.50","N/A"]
["2015-09-28","Not specified","Not specified","NEMCD01",{"$f":"IF(ISBLANK(D78)=TRUE,\" \", IF(D78='2. Metadata'!B$1,'2. Metadata'!B$5, IF(D78='2. Metadata'!C$1,'2. Metadata'!C$5,IF(D78='2. Metadata'!D$1,'2. Metadata'!D$5, IF(D78='2. Metadata'!E$1,'2. Metadata'!E$5,IF( D78='2. Metadata'!F$1,'2. Metadata'!F$5,IF(D78='2. Metadata'!G$1,'2. Metadata'!G$5,IF(D78='2. Metadata'!H$1,'2. Metadata'!H$5, IF(D78='2. Metadata'!I$1,'2. Metadata'!I$5, IF(D78='2. Metadata'!J$1,'2. Metadata'!J$5, IF(D78='2. Metadata'!K$1,'2. Metadata'!K$5, IF(D78='2. Metadata'!L$1,'2. Metadata'!L$5, IF(D78='2. Metadata'!M$1,'2. Metadata'!M$5, IF(D78='2. Metadata'!N$1,'2. Metadata'!N$5))))))))))))))","v":50.145},{"$f":"IF(ISBLANK(D78)=TRUE,\" \", IF(D78='2. Metadata'!B$1,'2. Metadata'!B$6, IF(D78='2. Metadata'!C$1,'2. Metadata'!C$6,IF(D78='2. Metadata'!D$1,'2. Metadata'!D$6, IF(D78='2. Metadata'!E$1,'2. Metadata'!E$6,IF( D78='2. Metadata'!F$1,'2. Metadata'!F$6,IF(D78='2. Metadata'!G$1,'2. Metadata'!G$6,IF(D78='2. Metadata'!H$1,'2. Metadata'!H$6, IF(D78='2. Metadata'!I$1,'2. Metadata'!I$6, IF(D78='2. Metadata'!J$1,'2. Metadata'!J$6, IF(D78='2. Metadata'!K$1,'2. Metadata'!K$6, IF(D78='2. Metadata'!L$1,'2. Metadata'!L$6, IF(D78='2. Metadata'!M$1,'2. Metadata'!M$6, IF(D78='2. Metadata'!N$1,'2. Metadata'!N$6))))))))))))))","v":-117.79389},"Copper","Total","Sample analysed in lab","µg/L","actual","water","not specified",1.13,"N/A"]
["2015-09-28","Not specified","Not specified","NEMCD01",{"$f":"IF(ISBLANK(D79)=TRUE,\" \", IF(D79='2. Metadata'!B$1,'2. Metadata'!B$5, IF(D79='2. Metadata'!C$1,'2. Metadata'!C$5,IF(D79='2. Metadata'!D$1,'2. Metadata'!D$5, IF(D79='2. Metadata'!E$1,'2. Metadata'!E$5,IF( D79='2. Metadata'!F$1,'2. Metadata'!F$5,IF(D79='2. Metadata'!G$1,'2. Metadata'!G$5,IF(D79='2. Metadata'!H$1,'2. Metadata'!H$5, IF(D79='2. Metadata'!I$1,'2. Metadata'!I$5, IF(D79='2. Metadata'!J$1,'2. Metadata'!J$5, IF(D79='2. Metadata'!K$1,'2. Metadata'!K$5, IF(D79='2. Metadata'!L$1,'2. Metadata'!L$5, IF(D79='2. Metadata'!M$1,'2. Metadata'!M$5, IF(D79='2. Metadata'!N$1,'2. Metadata'!N$5))))))))))))))","v":50.145},{"$f":"IF(ISBLANK(D79)=TRUE,\" \", IF(D79='2. Metadata'!B$1,'2. Metadata'!B$6, IF(D79='2. Metadata'!C$1,'2. Metadata'!C$6,IF(D79='2. Metadata'!D$1,'2. Metadata'!D$6, IF(D79='2. Metadata'!E$1,'2. Metadata'!E$6,IF( D79='2. Metadata'!F$1,'2. Metadata'!F$6,IF(D79='2. Metadata'!G$1,'2. Metadata'!G$6,IF(D79='2. Metadata'!H$1,'2. Metadata'!H$6, IF(D79='2. Metadata'!I$1,'2. Metadata'!I$6, IF(D79='2. Metadata'!J$1,'2. Metadata'!J$6, IF(D79='2. Metadata'!K$1,'2. Metadata'!K$6, IF(D79='2. Metadata'!L$1,'2. Metadata'!L$6, IF(D79='2. Metadata'!M$1,'2. Metadata'!M$6, IF(D79='2. Metadata'!N$1,'2. Metadata'!N$6))))))))))))))","v":-117.79389},"Iron","Total","Sample analysed in lab","µg/L","actual","water","not specified",12,"N/A"]
["2015-09-28","Not specified","Not specified","NEMCD01",{"$f":"IF(ISBLANK(D80)=TRUE,\" \", IF(D80='2. Metadata'!B$1,'2. Metadata'!B$5, IF(D80='2. Metadata'!C$1,'2. Metadata'!C$5,IF(D80='2. Metadata'!D$1,'2. Metadata'!D$5, IF(D80='2. Metadata'!E$1,'2. Metadata'!E$5,IF( D80='2. Metadata'!F$1,'2. Metadata'!F$5,IF(D80='2. Metadata'!G$1,'2. Metadata'!G$5,IF(D80='2. Metadata'!H$1,'2. Metadata'!H$5, IF(D80='2. Metadata'!I$1,'2. Metadata'!I$5, IF(D80='2. Metadata'!J$1,'2. Metadata'!J$5, IF(D80='2. Metadata'!K$1,'2. Metadata'!K$5, IF(D80='2. Metadata'!L$1,'2. Metadata'!L$5, IF(D80='2. Metadata'!M$1,'2. Metadata'!M$5, IF(D80='2. Metadata'!N$1,'2. Metadata'!N$5))))))))))))))","v":50.145},{"$f":"IF(ISBLANK(D80)=TRUE,\" \", IF(D80='2. Metadata'!B$1,'2. Metadata'!B$6, IF(D80='2. Metadata'!C$1,'2. Metadata'!C$6,IF(D80='2. Metadata'!D$1,'2. Metadata'!D$6, IF(D80='2. Metadata'!E$1,'2. Metadata'!E$6,IF( D80='2. Metadata'!F$1,'2. Metadata'!F$6,IF(D80='2. Metadata'!G$1,'2. Metadata'!G$6,IF(D80='2. Metadata'!H$1,'2. Metadata'!H$6, IF(D80='2. Metadata'!I$1,'2. Metadata'!I$6, IF(D80='2. Metadata'!J$1,'2. Metadata'!J$6, IF(D80='2. Metadata'!K$1,'2. Metadata'!K$6, IF(D80='2. Metadata'!L$1,'2. Metadata'!L$6, IF(D80='2. Metadata'!M$1,'2. Metadata'!M$6, IF(D80='2. Metadata'!N$1,'2. Metadata'!N$6))))))))))))))","v":-117.79389},"Lead","Total","Sample analysed in lab","µg/L","actual","water",0.2,"<0.20","N/A"]
["2015-09-28","Not specified","Not specified","NEMCD01",{"$f":"IF(ISBLANK(D81)=TRUE,\" \", IF(D81='2. Metadata'!B$1,'2. Metadata'!B$5, IF(D81='2. Metadata'!C$1,'2. Metadata'!C$5,IF(D81='2. Metadata'!D$1,'2. Metadata'!D$5, IF(D81='2. Metadata'!E$1,'2. Metadata'!E$5,IF( D81='2. Metadata'!F$1,'2. Metadata'!F$5,IF(D81='2. Metadata'!G$1,'2. Metadata'!G$5,IF(D81='2. Metadata'!H$1,'2. Metadata'!H$5, IF(D81='2. Metadata'!I$1,'2. Metadata'!I$5, IF(D81='2. Metadata'!J$1,'2. Metadata'!J$5, IF(D81='2. Metadata'!K$1,'2. Metadata'!K$5, IF(D81='2. Metadata'!L$1,'2. Metadata'!L$5, IF(D81='2. Metadata'!M$1,'2. Metadata'!M$5, IF(D81='2. Metadata'!N$1,'2. Metadata'!N$5))))))))))))))","v":50.145},{"$f":"IF(ISBLANK(D81)=TRUE,\" \", IF(D81='2. Metadata'!B$1,'2. Metadata'!B$6, IF(D81='2. Metadata'!C$1,'2. Metadata'!C$6,IF(D81='2. Metadata'!D$1,'2. Metadata'!D$6, IF(D81='2. Metadata'!E$1,'2. Metadata'!E$6,IF( D81='2. Metadata'!F$1,'2. Metadata'!F$6,IF(D81='2. Metadata'!G$1,'2. Metadata'!G$6,IF(D81='2. Metadata'!H$1,'2. Metadata'!H$6, IF(D81='2. Metadata'!I$1,'2. Metadata'!I$6, IF(D81='2. Metadata'!J$1,'2. Metadata'!J$6, IF(D81='2. Metadata'!K$1,'2. Metadata'!K$6, IF(D81='2. Metadata'!L$1,'2. Metadata'!L$6, IF(D81='2. Metadata'!M$1,'2. Metadata'!M$6, IF(D81='2. Metadata'!N$1,'2. Metadata'!N$6))))))))))))))","v":-117.79389},"Lithium","Total","Sample analysed in lab","µg/L","actual","water",5,"<5.0","N/A"]
["2015-09-28","Not specified","Not specified","NEMCD01",{"$f":"IF(ISBLANK(D82)=TRUE,\" \", IF(D82='2. Metadata'!B$1,'2. Metadata'!B$5, IF(D82='2. Metadata'!C$1,'2. Metadata'!C$5,IF(D82='2. Metadata'!D$1,'2. Metadata'!D$5, IF(D82='2. Metadata'!E$1,'2. Metadata'!E$5,IF( D82='2. Metadata'!F$1,'2. Metadata'!F$5,IF(D82='2. Metadata'!G$1,'2. Metadata'!G$5,IF(D82='2. Metadata'!H$1,'2. Metadata'!H$5, IF(D82='2. Metadata'!I$1,'2. Metadata'!I$5, IF(D82='2. Metadata'!J$1,'2. Metadata'!J$5, IF(D82='2. Metadata'!K$1,'2. Metadata'!K$5, IF(D82='2. Metadata'!L$1,'2. Metadata'!L$5, IF(D82='2. Metadata'!M$1,'2. Metadata'!M$5, IF(D82='2. Metadata'!N$1,'2. Metadata'!N$5))))))))))))))","v":50.145},{"$f":"IF(ISBLANK(D82)=TRUE,\" \", IF(D82='2. Metadata'!B$1,'2. Metadata'!B$6, IF(D82='2. Metadata'!C$1,'2. Metadata'!C$6,IF(D82='2. Metadata'!D$1,'2. Metadata'!D$6, IF(D82='2. Metadata'!E$1,'2. Metadata'!E$6,IF( D82='2. Metadata'!F$1,'2. Metadata'!F$6,IF(D82='2. Metadata'!G$1,'2. Metadata'!G$6,IF(D82='2. Metadata'!H$1,'2. Metadata'!H$6, IF(D82='2. Metadata'!I$1,'2. Metadata'!I$6, IF(D82='2. Metadata'!J$1,'2. Metadata'!J$6, IF(D82='2. Metadata'!K$1,'2. Metadata'!K$6, IF(D82='2. Metadata'!L$1,'2. Metadata'!L$6, IF(D82='2. Metadata'!M$1,'2. Metadata'!M$6, IF(D82='2. Metadata'!N$1,'2. Metadata'!N$6))))))))))))))","v":-117.79389},"Magnesium","Total","Sample analysed in lab","mg/L","actual","water","not specified",8.4,"N/A"]
["2015-09-28","Not specified","Not specified","NEMCD01",{"$f":"IF(ISBLANK(D83)=TRUE,\" \", IF(D83='2. Metadata'!B$1,'2. Metadata'!B$5, IF(D83='2. Metadata'!C$1,'2. Metadata'!C$5,IF(D83='2. Metadata'!D$1,'2. Metadata'!D$5, IF(D83='2. Metadata'!E$1,'2. Metadata'!E$5,IF( D83='2. Metadata'!F$1,'2. Metadata'!F$5,IF(D83='2. Metadata'!G$1,'2. Metadata'!G$5,IF(D83='2. Metadata'!H$1,'2. Metadata'!H$5, IF(D83='2. Metadata'!I$1,'2. Metadata'!I$5, IF(D83='2. Metadata'!J$1,'2. Metadata'!J$5, IF(D83='2. Metadata'!K$1,'2. Metadata'!K$5, IF(D83='2. Metadata'!L$1,'2. Metadata'!L$5, IF(D83='2. Metadata'!M$1,'2. Metadata'!M$5, IF(D83='2. Metadata'!N$1,'2. Metadata'!N$5))))))))))))))","v":50.145},{"$f":"IF(ISBLANK(D83)=TRUE,\" \", IF(D83='2. Metadata'!B$1,'2. Metadata'!B$6, IF(D83='2. Metadata'!C$1,'2. Metadata'!C$6,IF(D83='2. Metadata'!D$1,'2. Metadata'!D$6, IF(D83='2. Metadata'!E$1,'2. Metadata'!E$6,IF( D83='2. Metadata'!F$1,'2. Metadata'!F$6,IF(D83='2. Metadata'!G$1,'2. Metadata'!G$6,IF(D83='2. Metadata'!H$1,'2. Metadata'!H$6, IF(D83='2. Metadata'!I$1,'2. Metadata'!I$6, IF(D83='2. Metadata'!J$1,'2. Metadata'!J$6, IF(D83='2. Metadata'!K$1,'2. Metadata'!K$6, IF(D83='2. Metadata'!L$1,'2. Metadata'!L$6, IF(D83='2. Metadata'!M$1,'2. Metadata'!M$6, IF(D83='2. Metadata'!N$1,'2. Metadata'!N$6))))))))))))))","v":-117.79389},"Manganese","Total","Sample analysed in lab","µg/L","actual","water","not specified",1.2,"N/A"]
["2015-09-28","Not specified","Not specified","NEMCD01",{"$f":"IF(ISBLANK(D84)=TRUE,\" \", IF(D84='2. Metadata'!B$1,'2. Metadata'!B$5, IF(D84='2. Metadata'!C$1,'2. Metadata'!C$5,IF(D84='2. Metadata'!D$1,'2. Metadata'!D$5, IF(D84='2. Metadata'!E$1,'2. Metadata'!E$5,IF( D84='2. Metadata'!F$1,'2. Metadata'!F$5,IF(D84='2. Metadata'!G$1,'2. Metadata'!G$5,IF(D84='2. Metadata'!H$1,'2. Metadata'!H$5, IF(D84='2. Metadata'!I$1,'2. Metadata'!I$5, IF(D84='2. Metadata'!J$1,'2. Metadata'!J$5, IF(D84='2. Metadata'!K$1,'2. Metadata'!K$5, IF(D84='2. Metadata'!L$1,'2. Metadata'!L$5, IF(D84='2. Metadata'!M$1,'2. Metadata'!M$5, IF(D84='2. Metadata'!N$1,'2. Metadata'!N$5))))))))))))))","v":50.145},{"$f":"IF(ISBLANK(D84)=TRUE,\" \", IF(D84='2. Metadata'!B$1,'2. Metadata'!B$6, IF(D84='2. Metadata'!C$1,'2. Metadata'!C$6,IF(D84='2. Metadata'!D$1,'2. Metadata'!D$6, IF(D84='2. Metadata'!E$1,'2. Metadata'!E$6,IF( D84='2. Metadata'!F$1,'2. Metadata'!F$6,IF(D84='2. Metadata'!G$1,'2. Metadata'!G$6,IF(D84='2. Metadata'!H$1,'2. Metadata'!H$6, IF(D84='2. Metadata'!I$1,'2. Metadata'!I$6, IF(D84='2. Metadata'!J$1,'2. Metadata'!J$6, IF(D84='2. Metadata'!K$1,'2. Metadata'!K$6, IF(D84='2. Metadata'!L$1,'2. Metadata'!L$6, IF(D84='2. Metadata'!M$1,'2. Metadata'!M$6, IF(D84='2. Metadata'!N$1,'2. Metadata'!N$6))))))))))))))","v":-117.79389},"Mercury","Total","Sample analysed in lab","µg/L","actual","water",0.01,"<0.010","N/A"]
["2015-09-28","Not specified","Not specified","NEMCD01",{"$f":"IF(ISBLANK(D85)=TRUE,\" \", IF(D85='2. Metadata'!B$1,'2. Metadata'!B$5, IF(D85='2. Metadata'!C$1,'2. Metadata'!C$5,IF(D85='2. Metadata'!D$1,'2. Metadata'!D$5, IF(D85='2. Metadata'!E$1,'2. Metadata'!E$5,IF( D85='2. Metadata'!F$1,'2. Metadata'!F$5,IF(D85='2. Metadata'!G$1,'2. Metadata'!G$5,IF(D85='2. Metadata'!H$1,'2. Metadata'!H$5, IF(D85='2. Metadata'!I$1,'2. Metadata'!I$5, IF(D85='2. Metadata'!J$1,'2. Metadata'!J$5, IF(D85='2. Metadata'!K$1,'2. Metadata'!K$5, IF(D85='2. Metadata'!L$1,'2. Metadata'!L$5, IF(D85='2. Metadata'!M$1,'2. Metadata'!M$5, IF(D85='2. Metadata'!N$1,'2. Metadata'!N$5))))))))))))))","v":50.145},{"$f":"IF(ISBLANK(D85)=TRUE,\" \", IF(D85='2. Metadata'!B$1,'2. Metadata'!B$6, IF(D85='2. Metadata'!C$1,'2. Metadata'!C$6,IF(D85='2. Metadata'!D$1,'2. Metadata'!D$6, IF(D85='2. Metadata'!E$1,'2. Metadata'!E$6,IF( D85='2. Metadata'!F$1,'2. Metadata'!F$6,IF(D85='2. Metadata'!G$1,'2. Metadata'!G$6,IF(D85='2. Metadata'!H$1,'2. Metadata'!H$6, IF(D85='2. Metadata'!I$1,'2. Metadata'!I$6, IF(D85='2. Metadata'!J$1,'2. Metadata'!J$6, IF(D85='2. Metadata'!K$1,'2. Metadata'!K$6, IF(D85='2. Metadata'!L$1,'2. Metadata'!L$6, IF(D85='2. Metadata'!M$1,'2. Metadata'!M$6, IF(D85='2. Metadata'!N$1,'2. Metadata'!N$6))))))))))))))","v":-117.79389},"Molybdenum","Total","Sample analysed in lab","µg/L","actual","water","not specified",2.3,"N/A"]
["2015-09-28","Not specified","Not specified","NEMCD01",{"$f":"IF(ISBLANK(D86)=TRUE,\" \", IF(D86='2. Metadata'!B$1,'2. Metadata'!B$5, IF(D86='2. Metadata'!C$1,'2. Metadata'!C$5,IF(D86='2. Metadata'!D$1,'2. Metadata'!D$5, IF(D86='2. Metadata'!E$1,'2. Metadata'!E$5,IF( D86='2. Metadata'!F$1,'2. Metadata'!F$5,IF(D86='2. Metadata'!G$1,'2. Metadata'!G$5,IF(D86='2. Metadata'!H$1,'2. Metadata'!H$5, IF(D86='2. Metadata'!I$1,'2. Metadata'!I$5, IF(D86='2. Metadata'!J$1,'2. Metadata'!J$5, IF(D86='2. Metadata'!K$1,'2. Metadata'!K$5, IF(D86='2. Metadata'!L$1,'2. Metadata'!L$5, IF(D86='2. Metadata'!M$1,'2. Metadata'!M$5, IF(D86='2. Metadata'!N$1,'2. Metadata'!N$5))))))))))))))","v":50.145},{"$f":"IF(ISBLANK(D86)=TRUE,\" \", IF(D86='2. Metadata'!B$1,'2. Metadata'!B$6, IF(D86='2. Metadata'!C$1,'2. Metadata'!C$6,IF(D86='2. Metadata'!D$1,'2. Metadata'!D$6, IF(D86='2. Metadata'!E$1,'2. Metadata'!E$6,IF( D86='2. Metadata'!F$1,'2. Metadata'!F$6,IF(D86='2. Metadata'!G$1,'2. Metadata'!G$6,IF(D86='2. Metadata'!H$1,'2. Metadata'!H$6, IF(D86='2. Metadata'!I$1,'2. Metadata'!I$6, IF(D86='2. Metadata'!J$1,'2. Metadata'!J$6, IF(D86='2. Metadata'!K$1,'2. Metadata'!K$6, IF(D86='2. Metadata'!L$1,'2. Metadata'!L$6, IF(D86='2. Metadata'!M$1,'2. Metadata'!M$6, IF(D86='2. Metadata'!N$1,'2. Metadata'!N$6))))))))))))))","v":-117.79389},"Nickel","Total","Sample analysed in lab","µg/L","actual","water",1,"<1.0","N/A"]
["2015-09-28","Not specified","Not specified","NEMCD01",{"$f":"IF(ISBLANK(D87)=TRUE,\" \", IF(D87='2. Metadata'!B$1,'2. Metadata'!B$5, IF(D87='2. Metadata'!C$1,'2. Metadata'!C$5,IF(D87='2. Metadata'!D$1,'2. Metadata'!D$5, IF(D87='2. Metadata'!E$1,'2. Metadata'!E$5,IF( D87='2. Metadata'!F$1,'2. Metadata'!F$5,IF(D87='2. Metadata'!G$1,'2. Metadata'!G$5,IF(D87='2. Metadata'!H$1,'2. Metadata'!H$5, IF(D87='2. Metadata'!I$1,'2. Metadata'!I$5, IF(D87='2. Metadata'!J$1,'2. Metadata'!J$5, IF(D87='2. Metadata'!K$1,'2. Metadata'!K$5, IF(D87='2. Metadata'!L$1,'2. Metadata'!L$5, IF(D87='2. Metadata'!M$1,'2. Metadata'!M$5, IF(D87='2. Metadata'!N$1,'2. Metadata'!N$5))))))))))))))","v":50.145},{"$f":"IF(ISBLANK(D87)=TRUE,\" \", IF(D87='2. Metadata'!B$1,'2. Metadata'!B$6, IF(D87='2. Metadata'!C$1,'2. Metadata'!C$6,IF(D87='2. Metadata'!D$1,'2. Metadata'!D$6, IF(D87='2. Metadata'!E$1,'2. Metadata'!E$6,IF( D87='2. Metadata'!F$1,'2. Metadata'!F$6,IF(D87='2. Metadata'!G$1,'2. Metadata'!G$6,IF(D87='2. Metadata'!H$1,'2. Metadata'!H$6, IF(D87='2. Metadata'!I$1,'2. Metadata'!I$6, IF(D87='2. Metadata'!J$1,'2. Metadata'!J$6, IF(D87='2. Metadata'!K$1,'2. Metadata'!K$6, IF(D87='2. Metadata'!L$1,'2. Metadata'!L$6, IF(D87='2. Metadata'!M$1,'2. Metadata'!M$6, IF(D87='2. Metadata'!N$1,'2. Metadata'!N$6))))))))))))))","v":-117.79389},"Potassium","Total","Sample analysed in lab","µg/L","actual","water","not specified",0.688,"N/A"]
["2015-09-28","Not specified","Not specified","NEMCD01",{"$f":"IF(ISBLANK(D88)=TRUE,\" \", IF(D88='2. Metadata'!B$1,'2. Metadata'!B$5, IF(D88='2. Metadata'!C$1,'2. Metadata'!C$5,IF(D88='2. Metadata'!D$1,'2. Metadata'!D$5, IF(D88='2. Metadata'!E$1,'2. Metadata'!E$5,IF( D88='2. Metadata'!F$1,'2. Metadata'!F$5,IF(D88='2. Metadata'!G$1,'2. Metadata'!G$5,IF(D88='2. Metadata'!H$1,'2. Metadata'!H$5, IF(D88='2. Metadata'!I$1,'2. Metadata'!I$5, IF(D88='2. Metadata'!J$1,'2. Metadata'!J$5, IF(D88='2. Metadata'!K$1,'2. Metadata'!K$5, IF(D88='2. Metadata'!L$1,'2. Metadata'!L$5, IF(D88='2. Metadata'!M$1,'2. Metadata'!M$5, IF(D88='2. Metadata'!N$1,'2. Metadata'!N$5))))))))))))))","v":50.145},{"$f":"IF(ISBLANK(D88)=TRUE,\" \", IF(D88='2. Metadata'!B$1,'2. Metadata'!B$6, IF(D88='2. Metadata'!C$1,'2. Metadata'!C$6,IF(D88='2. Metadata'!D$1,'2. Metadata'!D$6, IF(D88='2. Metadata'!E$1,'2. Metadata'!E$6,IF( D88='2. Metadata'!F$1,'2. Metadata'!F$6,IF(D88='2. Metadata'!G$1,'2. Metadata'!G$6,IF(D88='2. Metadata'!H$1,'2. Metadata'!H$6, IF(D88='2. Metadata'!I$1,'2. Metadata'!I$6, IF(D88='2. Metadata'!J$1,'2. Metadata'!J$6, IF(D88='2. Metadata'!K$1,'2. Metadata'!K$6, IF(D88='2. Metadata'!L$1,'2. Metadata'!L$6, IF(D88='2. Metadata'!M$1,'2. Metadata'!M$6, IF(D88='2. Metadata'!N$1,'2. Metadata'!N$6))))))))))))))","v":-117.79389},"Selenium","Total","Sample analysed in lab","µg/L","actual","water","not specified",1.81,"N/A"]
["2015-09-28","Not specified","Not specified","NEMCD01",{"$f":"IF(ISBLANK(D89)=TRUE,\" \", IF(D89='2. Metadata'!B$1,'2. Metadata'!B$5, IF(D89='2. Metadata'!C$1,'2. Metadata'!C$5,IF(D89='2. Metadata'!D$1,'2. Metadata'!D$5, IF(D89='2. Metadata'!E$1,'2. Metadata'!E$5,IF( D89='2. Metadata'!F$1,'2. Metadata'!F$5,IF(D89='2. Metadata'!G$1,'2. Metadata'!G$5,IF(D89='2. Metadata'!H$1,'2. Metadata'!H$5, IF(D89='2. Metadata'!I$1,'2. Metadata'!I$5, IF(D89='2. Metadata'!J$1,'2. Metadata'!J$5, IF(D89='2. Metadata'!K$1,'2. Metadata'!K$5, IF(D89='2. Metadata'!L$1,'2. Metadata'!L$5, IF(D89='2. Metadata'!M$1,'2. Metadata'!M$5, IF(D89='2. Metadata'!N$1,'2. Metadata'!N$5))))))))))))))","v":50.145},{"$f":"IF(ISBLANK(D89)=TRUE,\" \", IF(D89='2. Metadata'!B$1,'2. Metadata'!B$6, IF(D89='2. Metadata'!C$1,'2. Metadata'!C$6,IF(D89='2. Metadata'!D$1,'2. Metadata'!D$6, IF(D89='2. Metadata'!E$1,'2. Metadata'!E$6,IF( D89='2. Metadata'!F$1,'2. Metadata'!F$6,IF(D89='2. Metadata'!G$1,'2. Metadata'!G$6,IF(D89='2. Metadata'!H$1,'2. Metadata'!H$6, IF(D89='2. Metadata'!I$1,'2. Metadata'!I$6, IF(D89='2. Metadata'!J$1,'2. Metadata'!J$6, IF(D89='2. Metadata'!K$1,'2. Metadata'!K$6, IF(D89='2. Metadata'!L$1,'2. Metadata'!L$6, IF(D89='2. Metadata'!M$1,'2. Metadata'!M$6, IF(D89='2. Metadata'!N$1,'2. Metadata'!N$6))))))))))))))","v":-117.79389},"Silicon","Total","Sample analysed in lab","µg/L","actual","water","not specified",4840,"N/A"]
["2015-09-28","Not specified","Not specified","NEMCD01",{"$f":"IF(ISBLANK(D90)=TRUE,\" \", IF(D90='2. Metadata'!B$1,'2. Metadata'!B$5, IF(D90='2. Metadata'!C$1,'2. Metadata'!C$5,IF(D90='2. Metadata'!D$1,'2. Metadata'!D$5, IF(D90='2. Metadata'!E$1,'2. Metadata'!E$5,IF( D90='2. Metadata'!F$1,'2. Metadata'!F$5,IF(D90='2. Metadata'!G$1,'2. Metadata'!G$5,IF(D90='2. Metadata'!H$1,'2. Metadata'!H$5, IF(D90='2. Metadata'!I$1,'2. Metadata'!I$5, IF(D90='2. Metadata'!J$1,'2. Metadata'!J$5, IF(D90='2. Metadata'!K$1,'2. Metadata'!K$5, IF(D90='2. Metadata'!L$1,'2. Metadata'!L$5, IF(D90='2. Metadata'!M$1,'2. Metadata'!M$5, IF(D90='2. Metadata'!N$1,'2. Metadata'!N$5))))))))))))))","v":50.145},{"$f":"IF(ISBLANK(D90)=TRUE,\" \", IF(D90='2. Metadata'!B$1,'2. Metadata'!B$6, IF(D90='2. Metadata'!C$1,'2. Metadata'!C$6,IF(D90='2. Metadata'!D$1,'2. Metadata'!D$6, IF(D90='2. Metadata'!E$1,'2. Metadata'!E$6,IF( D90='2. Metadata'!F$1,'2. Metadata'!F$6,IF(D90='2. Metadata'!G$1,'2. Metadata'!G$6,IF(D90='2. Metadata'!H$1,'2. Metadata'!H$6, IF(D90='2. Metadata'!I$1,'2. Metadata'!I$6, IF(D90='2. Metadata'!J$1,'2. Metadata'!J$6, IF(D90='2. Metadata'!K$1,'2. Metadata'!K$6, IF(D90='2. Metadata'!L$1,'2. Metadata'!L$6, IF(D90='2. Metadata'!M$1,'2. Metadata'!M$6, IF(D90='2. Metadata'!N$1,'2. Metadata'!N$6))))))))))))))","v":-117.79389},"Silver","Total","Sample analysed in lab","µg/L","actual","water",0.02,"<0.020","N/A"]
["2015-09-28","Not specified","Not specified","NEMCD01",{"$f":"IF(ISBLANK(D91)=TRUE,\" \", IF(D91='2. Metadata'!B$1,'2. Metadata'!B$5, IF(D91='2. Metadata'!C$1,'2. Metadata'!C$5,IF(D91='2. Metadata'!D$1,'2. Metadata'!D$5, IF(D91='2. Metadata'!E$1,'2. Metadata'!E$5,IF( D91='2. Metadata'!F$1,'2. Metadata'!F$5,IF(D91='2. Metadata'!G$1,'2. Metadata'!G$5,IF(D91='2. Metadata'!H$1,'2. Metadata'!H$5, IF(D91='2. Metadata'!I$1,'2. Metadata'!I$5, IF(D91='2. Metadata'!J$1,'2. Metadata'!J$5, IF(D91='2. Metadata'!K$1,'2. Metadata'!K$5, IF(D91='2. Metadata'!L$1,'2. Metadata'!L$5, IF(D91='2. Metadata'!M$1,'2. Metadata'!M$5, IF(D91='2. Metadata'!N$1,'2. Metadata'!N$5))))))))))))))","v":50.145},{"$f":"IF(ISBLANK(D91)=TRUE,\" \", IF(D91='2. Metadata'!B$1,'2. Metadata'!B$6, IF(D91='2. Metadata'!C$1,'2. Metadata'!C$6,IF(D91='2. Metadata'!D$1,'2. Metadata'!D$6, IF(D91='2. Metadata'!E$1,'2. Metadata'!E$6,IF( D91='2. Metadata'!F$1,'2. Metadata'!F$6,IF(D91='2. Metadata'!G$1,'2. Metadata'!G$6,IF(D91='2. Metadata'!H$1,'2. Metadata'!H$6, IF(D91='2. Metadata'!I$1,'2. Metadata'!I$6, IF(D91='2. Metadata'!J$1,'2. Metadata'!J$6, IF(D91='2. Metadata'!K$1,'2. Metadata'!K$6, IF(D91='2. Metadata'!L$1,'2. Metadata'!L$6, IF(D91='2. Metadata'!M$1,'2. Metadata'!M$6, IF(D91='2. Metadata'!N$1,'2. Metadata'!N$6))))))))))))))","v":-117.79389},"Sodium","Total","Sample analysed in lab","mg/L","actual","water","not specified",2.29,"N/A"]
["2015-09-28","Not specified","Not specified","NEMCD01",{"$f":"IF(ISBLANK(D92)=TRUE,\" \", IF(D92='2. Metadata'!B$1,'2. Metadata'!B$5, IF(D92='2. Metadata'!C$1,'2. Metadata'!C$5,IF(D92='2. Metadata'!D$1,'2. Metadata'!D$5, IF(D92='2. Metadata'!E$1,'2. Metadata'!E$5,IF( D92='2. Metadata'!F$1,'2. Metadata'!F$5,IF(D92='2. Metadata'!G$1,'2. Metadata'!G$5,IF(D92='2. Metadata'!H$1,'2. Metadata'!H$5, IF(D92='2. Metadata'!I$1,'2. Metadata'!I$5, IF(D92='2. Metadata'!J$1,'2. Metadata'!J$5, IF(D92='2. Metadata'!K$1,'2. Metadata'!K$5, IF(D92='2. Metadata'!L$1,'2. Metadata'!L$5, IF(D92='2. Metadata'!M$1,'2. Metadata'!M$5, IF(D92='2. Metadata'!N$1,'2. Metadata'!N$5))))))))))))))","v":50.145},{"$f":"IF(ISBLANK(D92)=TRUE,\" \", IF(D92='2. Metadata'!B$1,'2. Metadata'!B$6, IF(D92='2. Metadata'!C$1,'2. Metadata'!C$6,IF(D92='2. Metadata'!D$1,'2. Metadata'!D$6, IF(D92='2. Metadata'!E$1,'2. Metadata'!E$6,IF( D92='2. Metadata'!F$1,'2. Metadata'!F$6,IF(D92='2. Metadata'!G$1,'2. Metadata'!G$6,IF(D92='2. Metadata'!H$1,'2. Metadata'!H$6, IF(D92='2. Metadata'!I$1,'2. Metadata'!I$6, IF(D92='2. Metadata'!J$1,'2. Metadata'!J$6, IF(D92='2. Metadata'!K$1,'2. Metadata'!K$6, IF(D92='2. Metadata'!L$1,'2. Metadata'!L$6, IF(D92='2. Metadata'!M$1,'2. Metadata'!M$6, IF(D92='2. Metadata'!N$1,'2. Metadata'!N$6))))))))))))))","v":-117.79389},"Strontium","Total","Sample analysed in lab","µg/L","actual","water","not specified",318,"N/A"]
["2015-09-28","Not specified","Not specified","NEMCD01",{"$f":"IF(ISBLANK(D93)=TRUE,\" \", IF(D93='2. Metadata'!B$1,'2. Metadata'!B$5, IF(D93='2. Metadata'!C$1,'2. Metadata'!C$5,IF(D93='2. Metadata'!D$1,'2. Metadata'!D$5, IF(D93='2. Metadata'!E$1,'2. Metadata'!E$5,IF( D93='2. Metadata'!F$1,'2. Metadata'!F$5,IF(D93='2. Metadata'!G$1,'2. Metadata'!G$5,IF(D93='2. Metadata'!H$1,'2. Metadata'!H$5, IF(D93='2. Metadata'!I$1,'2. Metadata'!I$5, IF(D93='2. Metadata'!J$1,'2. Metadata'!J$5, IF(D93='2. Metadata'!K$1,'2. Metadata'!K$5, IF(D93='2. Metadata'!L$1,'2. Metadata'!L$5, IF(D93='2. Metadata'!M$1,'2. Metadata'!M$5, IF(D93='2. Metadata'!N$1,'2. Metadata'!N$5))))))))))))))","v":50.145},{"$f":"IF(ISBLANK(D93)=TRUE,\" \", IF(D93='2. Metadata'!B$1,'2. Metadata'!B$6, IF(D93='2. Metadata'!C$1,'2. Metadata'!C$6,IF(D93='2. Metadata'!D$1,'2. Metadata'!D$6, IF(D93='2. Metadata'!E$1,'2. Metadata'!E$6,IF( D93='2. Metadata'!F$1,'2. Metadata'!F$6,IF(D93='2. Metadata'!G$1,'2. Metadata'!G$6,IF(D93='2. Metadata'!H$1,'2. Metadata'!H$6, IF(D93='2. Metadata'!I$1,'2. Metadata'!I$6, IF(D93='2. Metadata'!J$1,'2. Metadata'!J$6, IF(D93='2. Metadata'!K$1,'2. Metadata'!K$6, IF(D93='2. Metadata'!L$1,'2. Metadata'!L$6, IF(D93='2. Metadata'!M$1,'2. Metadata'!M$6, IF(D93='2. Metadata'!N$1,'2. Metadata'!N$6))))))))))))))","v":-117.79389},"Sulfur","Total","Sample analysed in lab","mg/L","actual","water","not specified",7.9,"N/A"]
["2015-09-28","Not specified","Not specified","NEMCD01",{"$f":"IF(ISBLANK(D94)=TRUE,\" \", IF(D94='2. Metadata'!B$1,'2. Metadata'!B$5, IF(D94='2. Metadata'!C$1,'2. Metadata'!C$5,IF(D94='2. Metadata'!D$1,'2. Metadata'!D$5, IF(D94='2. Metadata'!E$1,'2. Metadata'!E$5,IF( D94='2. Metadata'!F$1,'2. Metadata'!F$5,IF(D94='2. Metadata'!G$1,'2. Metadata'!G$5,IF(D94='2. Metadata'!H$1,'2. Metadata'!H$5, IF(D94='2. Metadata'!I$1,'2. Metadata'!I$5, IF(D94='2. Metadata'!J$1,'2. Metadata'!J$5, IF(D94='2. Metadata'!K$1,'2. Metadata'!K$5, IF(D94='2. Metadata'!L$1,'2. Metadata'!L$5, IF(D94='2. Metadata'!M$1,'2. Metadata'!M$5, IF(D94='2. Metadata'!N$1,'2. Metadata'!N$5))))))))))))))","v":50.145},{"$f":"IF(ISBLANK(D94)=TRUE,\" \", IF(D94='2. Metadata'!B$1,'2. Metadata'!B$6, IF(D94='2. Metadata'!C$1,'2. Metadata'!C$6,IF(D94='2. Metadata'!D$1,'2. Metadata'!D$6, IF(D94='2. Metadata'!E$1,'2. Metadata'!E$6,IF( D94='2. Metadata'!F$1,'2. Metadata'!F$6,IF(D94='2. Metadata'!G$1,'2. Metadata'!G$6,IF(D94='2. Metadata'!H$1,'2. Metadata'!H$6, IF(D94='2. Metadata'!I$1,'2. Metadata'!I$6, IF(D94='2. Metadata'!J$1,'2. Metadata'!J$6, IF(D94='2. Metadata'!K$1,'2. Metadata'!K$6, IF(D94='2. Metadata'!L$1,'2. Metadata'!L$6, IF(D94='2. Metadata'!M$1,'2. Metadata'!M$6, IF(D94='2. Metadata'!N$1,'2. Metadata'!N$6))))))))))))))","v":-117.79389},"Thallium","Total","Sample analysed in lab","µg/L","actual","water",0.05,"<0.050","N/A"]
["2015-09-28","Not specified","Not specified","NEMCD01",{"$f":"IF(ISBLANK(D95)=TRUE,\" \", IF(D95='2. Metadata'!B$1,'2. Metadata'!B$5, IF(D95='2. Metadata'!C$1,'2. Metadata'!C$5,IF(D95='2. Metadata'!D$1,'2. Metadata'!D$5, IF(D95='2. Metadata'!E$1,'2. Metadata'!E$5,IF( D95='2. Metadata'!F$1,'2. Metadata'!F$5,IF(D95='2. Metadata'!G$1,'2. Metadata'!G$5,IF(D95='2. Metadata'!H$1,'2. Metadata'!H$5, IF(D95='2. Metadata'!I$1,'2. Metadata'!I$5, IF(D95='2. Metadata'!J$1,'2. Metadata'!J$5, IF(D95='2. Metadata'!K$1,'2. Metadata'!K$5, IF(D95='2. Metadata'!L$1,'2. Metadata'!L$5, IF(D95='2. Metadata'!M$1,'2. Metadata'!M$5, IF(D95='2. Metadata'!N$1,'2. Metadata'!N$5))))))))))))))","v":50.145},{"$f":"IF(ISBLANK(D95)=TRUE,\" \", IF(D95='2. Metadata'!B$1,'2. Metadata'!B$6, IF(D95='2. Metadata'!C$1,'2. Metadata'!C$6,IF(D95='2. Metadata'!D$1,'2. Metadata'!D$6, IF(D95='2. Metadata'!E$1,'2. Metadata'!E$6,IF( D95='2. Metadata'!F$1,'2. Metadata'!F$6,IF(D95='2. Metadata'!G$1,'2. Metadata'!G$6,IF(D95='2. Metadata'!H$1,'2. Metadata'!H$6, IF(D95='2. Metadata'!I$1,'2. Metadata'!I$6, IF(D95='2. Metadata'!J$1,'2. Metadata'!J$6, IF(D95='2. Metadata'!K$1,'2. Metadata'!K$6, IF(D95='2. Metadata'!L$1,'2. Metadata'!L$6, IF(D95='2. Metadata'!M$1,'2. Metadata'!M$6, IF(D95='2. Metadata'!N$1,'2. Metadata'!N$6))))))))))))))","v":-117.79389},"Tin","Total","Sample analysed in lab","µg/L","actual","water",5,"<5.0","N/A"]
["2015-09-28","Not specified","Not specified","NEMCD01",{"$f":"IF(ISBLANK(D96)=TRUE,\" \", IF(D96='2. Metadata'!B$1,'2. Metadata'!B$5, IF(D96='2. Metadata'!C$1,'2. Metadata'!C$5,IF(D96='2. Metadata'!D$1,'2. Metadata'!D$5, IF(D96='2. Metadata'!E$1,'2. Metadata'!E$5,IF( D96='2. Metadata'!F$1,'2. Metadata'!F$5,IF(D96='2. Metadata'!G$1,'2. Metadata'!G$5,IF(D96='2. Metadata'!H$1,'2. Metadata'!H$5, IF(D96='2. Metadata'!I$1,'2. Metadata'!I$5, IF(D96='2. Metadata'!J$1,'2. Metadata'!J$5, IF(D96='2. Metadata'!K$1,'2. Metadata'!K$5, IF(D96='2. Metadata'!L$1,'2. Metadata'!L$5, IF(D96='2. Metadata'!M$1,'2. Metadata'!M$5, IF(D96='2. Metadata'!N$1,'2. Metadata'!N$5))))))))))))))","v":50.145},{"$f":"IF(ISBLANK(D96)=TRUE,\" \", IF(D96='2. Metadata'!B$1,'2. Metadata'!B$6, IF(D96='2. Metadata'!C$1,'2. Metadata'!C$6,IF(D96='2. Metadata'!D$1,'2. Metadata'!D$6, IF(D96='2. Metadata'!E$1,'2. Metadata'!E$6,IF( D96='2. Metadata'!F$1,'2. Metadata'!F$6,IF(D96='2. Metadata'!G$1,'2. Metadata'!G$6,IF(D96='2. Metadata'!H$1,'2. Metadata'!H$6, IF(D96='2. Metadata'!I$1,'2. Metadata'!I$6, IF(D96='2. Metadata'!J$1,'2. Metadata'!J$6, IF(D96='2. Metadata'!K$1,'2. Metadata'!K$6, IF(D96='2. Metadata'!L$1,'2. Metadata'!L$6, IF(D96='2. Metadata'!M$1,'2. Metadata'!M$6, IF(D96='2. Metadata'!N$1,'2. Metadata'!N$6))))))))))))))","v":-117.79389},"Titanium","Total","Sample analysed in lab","µg/L","actual","water",5,"<5.0","N/A"]
["2015-09-28","Not specified","Not specified","NEMCD01",{"$f":"IF(ISBLANK(D97)=TRUE,\" \", IF(D97='2. Metadata'!B$1,'2. Metadata'!B$5, IF(D97='2. Metadata'!C$1,'2. Metadata'!C$5,IF(D97='2. Metadata'!D$1,'2. Metadata'!D$5, IF(D97='2. Metadata'!E$1,'2. Metadata'!E$5,IF( D97='2. Metadata'!F$1,'2. Metadata'!F$5,IF(D97='2. Metadata'!G$1,'2. Metadata'!G$5,IF(D97='2. Metadata'!H$1,'2. Metadata'!H$5, IF(D97='2. Metadata'!I$1,'2. Metadata'!I$5, IF(D97='2. Metadata'!J$1,'2. Metadata'!J$5, IF(D97='2. Metadata'!K$1,'2. Metadata'!K$5, IF(D97='2. Metadata'!L$1,'2. Metadata'!L$5, IF(D97='2. Metadata'!M$1,'2. Metadata'!M$5, IF(D97='2. Metadata'!N$1,'2. Metadata'!N$5))))))))))))))","v":50.145},{"$f":"IF(ISBLANK(D97)=TRUE,\" \", IF(D97='2. Metadata'!B$1,'2. Metadata'!B$6, IF(D97='2. Metadata'!C$1,'2. Metadata'!C$6,IF(D97='2. Metadata'!D$1,'2. Metadata'!D$6, IF(D97='2. Metadata'!E$1,'2. Metadata'!E$6,IF( D97='2. Metadata'!F$1,'2. Metadata'!F$6,IF(D97='2. Metadata'!G$1,'2. Metadata'!G$6,IF(D97='2. Metadata'!H$1,'2. Metadata'!H$6, IF(D97='2. Metadata'!I$1,'2. Metadata'!I$6, IF(D97='2. Metadata'!J$1,'2. Metadata'!J$6, IF(D97='2. Metadata'!K$1,'2. Metadata'!K$6, IF(D97='2. Metadata'!L$1,'2. Metadata'!L$6, IF(D97='2. Metadata'!M$1,'2. Metadata'!M$6, IF(D97='2. Metadata'!N$1,'2. Metadata'!N$6))))))))))))))","v":-117.79389},"Uranium","Total","Sample analysed in lab","µg/L","actual","water","not specified",0.38,"N/A"]
["2015-09-28","Not specified","Not specified","NEMCD01",{"$f":"IF(ISBLANK(D98)=TRUE,\" \", IF(D98='2. Metadata'!B$1,'2. Metadata'!B$5, IF(D98='2. Metadata'!C$1,'2. Metadata'!C$5,IF(D98='2. Metadata'!D$1,'2. Metadata'!D$5, IF(D98='2. Metadata'!E$1,'2. Metadata'!E$5,IF( D98='2. Metadata'!F$1,'2. Metadata'!F$5,IF(D98='2. Metadata'!G$1,'2. Metadata'!G$5,IF(D98='2. Metadata'!H$1,'2. Metadata'!H$5, IF(D98='2. Metadata'!I$1,'2. Metadata'!I$5, IF(D98='2. Metadata'!J$1,'2. Metadata'!J$5, IF(D98='2. Metadata'!K$1,'2. Metadata'!K$5, IF(D98='2. Metadata'!L$1,'2. Metadata'!L$5, IF(D98='2. Metadata'!M$1,'2. Metadata'!M$5, IF(D98='2. Metadata'!N$1,'2. Metadata'!N$5))))))))))))))","v":50.145},{"$f":"IF(ISBLANK(D98)=TRUE,\" \", IF(D98='2. Metadata'!B$1,'2. Metadata'!B$6, IF(D98='2. Metadata'!C$1,'2. Metadata'!C$6,IF(D98='2. Metadata'!D$1,'2. Metadata'!D$6, IF(D98='2. Metadata'!E$1,'2. Metadata'!E$6,IF( D98='2. Metadata'!F$1,'2. Metadata'!F$6,IF(D98='2. Metadata'!G$1,'2. Metadata'!G$6,IF(D98='2. Metadata'!H$1,'2. Metadata'!H$6, IF(D98='2. Metadata'!I$1,'2. Metadata'!I$6, IF(D98='2. Metadata'!J$1,'2. Metadata'!J$6, IF(D98='2. Metadata'!K$1,'2. Metadata'!K$6, IF(D98='2. Metadata'!L$1,'2. Metadata'!L$6, IF(D98='2. Metadata'!M$1,'2. Metadata'!M$6, IF(D98='2. Metadata'!N$1,'2. Metadata'!N$6))))))))))))))","v":-117.79389},"Vanadium","Total","Sample analysed in lab","µg/L","actual","water",5,"<5.0","N/A"]
["2015-09-28","Not specified","Not specified","NEMCD01",{"$f":"IF(ISBLANK(D99)=TRUE,\" \", IF(D99='2. Metadata'!B$1,'2. Metadata'!B$5, IF(D99='2. Metadata'!C$1,'2. Metadata'!C$5,IF(D99='2. Metadata'!D$1,'2. Metadata'!D$5, IF(D99='2. Metadata'!E$1,'2. Metadata'!E$5,IF( D99='2. Metadata'!F$1,'2. Metadata'!F$5,IF(D99='2. Metadata'!G$1,'2. Metadata'!G$5,IF(D99='2. Metadata'!H$1,'2. Metadata'!H$5, IF(D99='2. Metadata'!I$1,'2. Metadata'!I$5, IF(D99='2. Metadata'!J$1,'2. Metadata'!J$5, IF(D99='2. Metadata'!K$1,'2. Metadata'!K$5, IF(D99='2. Metadata'!L$1,'2. Metadata'!L$5, IF(D99='2. Metadata'!M$1,'2. Metadata'!M$5, IF(D99='2. Metadata'!N$1,'2. Metadata'!N$5))))))))))))))","v":50.145},{"$f":"IF(ISBLANK(D99)=TRUE,\" \", IF(D99='2. Metadata'!B$1,'2. Metadata'!B$6, IF(D99='2. Metadata'!C$1,'2. Metadata'!C$6,IF(D99='2. Metadata'!D$1,'2. Metadata'!D$6, IF(D99='2. Metadata'!E$1,'2. Metadata'!E$6,IF( D99='2. Metadata'!F$1,'2. Metadata'!F$6,IF(D99='2. Metadata'!G$1,'2. Metadata'!G$6,IF(D99='2. Metadata'!H$1,'2. Metadata'!H$6, IF(D99='2. Metadata'!I$1,'2. Metadata'!I$6, IF(D99='2. Metadata'!J$1,'2. Metadata'!J$6, IF(D99='2. Metadata'!K$1,'2. Metadata'!K$6, IF(D99='2. Metadata'!L$1,'2. Metadata'!L$6, IF(D99='2. Metadata'!M$1,'2. Metadata'!M$6, IF(D99='2. Metadata'!N$1,'2. Metadata'!N$6))))))))))))))","v":-117.79389},"Zinc","Total","Sample analysed in lab","µg/L","actual","water",5,"<5.0","N/A"]
["2015-09-28","Not specified","Not specified","NEMCD01",{"$f":"IF(ISBLANK(D100)=TRUE,\" \", IF(D100='2. Metadata'!B$1,'2. Metadata'!B$5, IF(D100='2. Metadata'!C$1,'2. Metadata'!C$5,IF(D100='2. Metadata'!D$1,'2. Metadata'!D$5, IF(D100='2. Metadata'!E$1,'2. Metadata'!E$5,IF( D100='2. Metadata'!F$1,'2. Metadata'!F$5,IF(D100='2. Metadata'!G$1,'2. Metadata'!G$5,IF(D100='2. Metadata'!H$1,'2. Metadata'!H$5, IF(D100='2. Metadata'!I$1,'2. Metadata'!I$5, IF(D100='2. Metadata'!J$1,'2. Metadata'!J$5, IF(D100='2. Metadata'!K$1,'2. Metadata'!K$5, IF(D100='2. Metadata'!L$1,'2. Metadata'!L$5, IF(D100='2. Metadata'!M$1,'2. Metadata'!M$5, IF(D100='2. Metadata'!N$1,'2. Metadata'!N$5))))))))))))))","v":50.145},{"$f":"IF(ISBLANK(D100)=TRUE,\" \", IF(D100='2. Metadata'!B$1,'2. Metadata'!B$6, IF(D100='2. Metadata'!C$1,'2. Metadata'!C$6,IF(D100='2. Metadata'!D$1,'2. Metadata'!D$6, IF(D100='2. Metadata'!E$1,'2. Metadata'!E$6,IF( D100='2. Metadata'!F$1,'2. Metadata'!F$6,IF(D100='2. Metadata'!G$1,'2. Metadata'!G$6,IF(D100='2. Metadata'!H$1,'2. Metadata'!H$6, IF(D100='2. Metadata'!I$1,'2. Metadata'!I$6, IF(D100='2. Metadata'!J$1,'2. Metadata'!J$6, IF(D100='2. Metadata'!K$1,'2. Metadata'!K$6, IF(D100='2. Metadata'!L$1,'2. Metadata'!L$6, IF(D100='2. Metadata'!M$1,'2. Metadata'!M$6, IF(D100='2. Metadata'!N$1,'2. Metadata'!N$6))))))))))))))","v":-117.79389},"Zirconium","Total","Sample analysed in lab","µg/L","actual","water",0.5,"<0.50","N/A"]
["2015-10-26","Not specified","Not specified","NEMCD01",{"$f":"IF(ISBLANK(D101)=TRUE,\" \", IF(D101='2. Metadata'!B$1,'2. Metadata'!B$5, IF(D101='2. Metadata'!C$1,'2. Metadata'!C$5,IF(D101='2. Metadata'!D$1,'2. Metadata'!D$5, IF(D101='2. Metadata'!E$1,'2. Metadata'!E$5,IF( D101='2. Metadata'!F$1,'2. Metadata'!F$5,IF(D101='2. Metadata'!G$1,'2. Metadata'!G$5,IF(D101='2. Metadata'!H$1,'2. Metadata'!H$5, IF(D101='2. Metadata'!I$1,'2. Metadata'!I$5, IF(D101='2. Metadata'!J$1,'2. Metadata'!J$5, IF(D101='2. Metadata'!K$1,'2. Metadata'!K$5, IF(D101='2. Metadata'!L$1,'2. Metadata'!L$5, IF(D101='2. Metadata'!M$1,'2. Metadata'!M$5, IF(D101='2. Metadata'!N$1,'2. Metadata'!N$5))))))))))))))","v":50.145},{"$f":"IF(ISBLANK(D101)=TRUE,\" \", IF(D101='2. Metadata'!B$1,'2. Metadata'!B$6, IF(D101='2. Metadata'!C$1,'2. Metadata'!C$6,IF(D101='2. Metadata'!D$1,'2. Metadata'!D$6, IF(D101='2. Metadata'!E$1,'2. Metadata'!E$6,IF( D101='2. Metadata'!F$1,'2. Metadata'!F$6,IF(D101='2. Metadata'!G$1,'2. Metadata'!G$6,IF(D101='2. Metadata'!H$1,'2. Metadata'!H$6, IF(D101='2. Metadata'!I$1,'2. Metadata'!I$6, IF(D101='2. Metadata'!J$1,'2. Metadata'!J$6, IF(D101='2. Metadata'!K$1,'2. Metadata'!K$6, IF(D101='2. Metadata'!L$1,'2. Metadata'!L$6, IF(D101='2. Metadata'!M$1,'2. Metadata'!M$6, IF(D101='2. Metadata'!N$1,'2. Metadata'!N$6))))))))))))))","v":-117.79389},"Oxygen","Dissolved","In situ","mg/L","actual","water","not specified",9,"N/A"]
["2015-10-26","Not specified","Not specified","NEMCD01",{"$f":"IF(ISBLANK(D102)=TRUE,\" \", IF(D102='2. Metadata'!B$1,'2. Metadata'!B$5, IF(D102='2. Metadata'!C$1,'2. Metadata'!C$5,IF(D102='2. Metadata'!D$1,'2. Metadata'!D$5, IF(D102='2. Metadata'!E$1,'2. Metadata'!E$5,IF( D102='2. Metadata'!F$1,'2. Metadata'!F$5,IF(D102='2. Metadata'!G$1,'2. Metadata'!G$5,IF(D102='2. Metadata'!H$1,'2. Metadata'!H$5, IF(D102='2. Metadata'!I$1,'2. Metadata'!I$5, IF(D102='2. Metadata'!J$1,'2. Metadata'!J$5, IF(D102='2. Metadata'!K$1,'2. Metadata'!K$5, IF(D102='2. Metadata'!L$1,'2. Metadata'!L$5, IF(D102='2. Metadata'!M$1,'2. Metadata'!M$5, IF(D102='2. Metadata'!N$1,'2. Metadata'!N$5))))))))))))))","v":50.145},{"$f":"IF(ISBLANK(D102)=TRUE,\" \", IF(D102='2. Metadata'!B$1,'2. Metadata'!B$6, IF(D102='2. Metadata'!C$1,'2. Metadata'!C$6,IF(D102='2. Metadata'!D$1,'2. Metadata'!D$6, IF(D102='2. Metadata'!E$1,'2. Metadata'!E$6,IF( D102='2. Metadata'!F$1,'2. Metadata'!F$6,IF(D102='2. Metadata'!G$1,'2. Metadata'!G$6,IF(D102='2. Metadata'!H$1,'2. Metadata'!H$6, IF(D102='2. Metadata'!I$1,'2. Metadata'!I$6, IF(D102='2. Metadata'!J$1,'2. Metadata'!J$6, IF(D102='2. Metadata'!K$1,'2. Metadata'!K$6, IF(D102='2. Metadata'!L$1,'2. Metadata'!L$6, IF(D102='2. Metadata'!M$1,'2. Metadata'!M$6, IF(D102='2. Metadata'!N$1,'2. Metadata'!N$6))))))))))))))","v":-117.79389},"Conductivity ","EC","In situ","uS/cm","actual","water",1,195.5,"N/A"]
["2015-10-26","Not specified","Not specified","NEMCD01",{"$f":"IF(ISBLANK(D103)=TRUE,\" \", IF(D103='2. Metadata'!B$1,'2. Metadata'!B$5, IF(D103='2. Metadata'!C$1,'2. Metadata'!C$5,IF(D103='2. Metadata'!D$1,'2. Metadata'!D$5, IF(D103='2. Metadata'!E$1,'2. Metadata'!E$5,IF( D103='2. Metadata'!F$1,'2. Metadata'!F$5,IF(D103='2. Metadata'!G$1,'2. Metadata'!G$5,IF(D103='2. Metadata'!H$1,'2. Metadata'!H$5, IF(D103='2. Metadata'!I$1,'2. Metadata'!I$5, IF(D103='2. Metadata'!J$1,'2. Metadata'!J$5, IF(D103='2. Metadata'!K$1,'2. Metadata'!K$5, IF(D103='2. Metadata'!L$1,'2. Metadata'!L$5, IF(D103='2. Metadata'!M$1,'2. Metadata'!M$5, IF(D103='2. Metadata'!N$1,'2. Metadata'!N$5))))))))))))))","v":50.145},{"$f":"IF(ISBLANK(D103)=TRUE,\" \", IF(D103='2. Metadata'!B$1,'2. Metadata'!B$6, IF(D103='2. Metadata'!C$1,'2. Metadata'!C$6,IF(D103='2. Metadata'!D$1,'2. Metadata'!D$6, IF(D103='2. Metadata'!E$1,'2. Metadata'!E$6,IF( D103='2. Metadata'!F$1,'2. Metadata'!F$6,IF(D103='2. Metadata'!G$1,'2. Metadata'!G$6,IF(D103='2. Metadata'!H$1,'2. Metadata'!H$6, IF(D103='2. Metadata'!I$1,'2. Metadata'!I$6, IF(D103='2. Metadata'!J$1,'2. Metadata'!J$6, IF(D103='2. Metadata'!K$1,'2. Metadata'!K$6, IF(D103='2. Metadata'!L$1,'2. Metadata'!L$6, IF(D103='2. Metadata'!M$1,'2. Metadata'!M$6, IF(D103='2. Metadata'!N$1,'2. Metadata'!N$6))))))))))))))","v":-117.79389},"pH","N/A","In situ","pH units","actual","water","Not specified",7.5,"N/A"]
["2015-10-26","Not specified","Not specified","NEMCD01",{"$f":"IF(ISBLANK(D104)=TRUE,\" \", IF(D104='2. Metadata'!B$1,'2. Metadata'!B$5, IF(D104='2. Metadata'!C$1,'2. Metadata'!C$5,IF(D104='2. Metadata'!D$1,'2. Metadata'!D$5, IF(D104='2. Metadata'!E$1,'2. Metadata'!E$5,IF( D104='2. Metadata'!F$1,'2. Metadata'!F$5,IF(D104='2. Metadata'!G$1,'2. Metadata'!G$5,IF(D104='2. Metadata'!H$1,'2. Metadata'!H$5, IF(D104='2. Metadata'!I$1,'2. Metadata'!I$5, IF(D104='2. Metadata'!J$1,'2. Metadata'!J$5, IF(D104='2. Metadata'!K$1,'2. Metadata'!K$5, IF(D104='2. Metadata'!L$1,'2. Metadata'!L$5, IF(D104='2. Metadata'!M$1,'2. Metadata'!M$5, IF(D104='2. Metadata'!N$1,'2. Metadata'!N$5))))))))))))))","v":50.145},{"$f":"IF(ISBLANK(D104)=TRUE,\" \", IF(D104='2. Metadata'!B$1,'2. Metadata'!B$6, IF(D104='2. Metadata'!C$1,'2. Metadata'!C$6,IF(D104='2. Metadata'!D$1,'2. Metadata'!D$6, IF(D104='2. Metadata'!E$1,'2. Metadata'!E$6,IF( D104='2. Metadata'!F$1,'2. Metadata'!F$6,IF(D104='2. Metadata'!G$1,'2. Metadata'!G$6,IF(D104='2. Metadata'!H$1,'2. Metadata'!H$6, IF(D104='2. Metadata'!I$1,'2. Metadata'!I$6, IF(D104='2. Metadata'!J$1,'2. Metadata'!J$6, IF(D104='2. Metadata'!K$1,'2. Metadata'!K$6, IF(D104='2. Metadata'!L$1,'2. Metadata'!L$6, IF(D104='2. Metadata'!M$1,'2. Metadata'!M$6, IF(D104='2. Metadata'!N$1,'2. Metadata'!N$6))))))))))))))","v":-117.79389},"Turbidity","N/A","In situ","NTU","actual","water","Not specified",0.38,"N/A"]
["2015-10-26","Not specified","Not specified","NEMCD01",{"$f":"IF(ISBLANK(D105)=TRUE,\" \", IF(D105='2. Metadata'!B$1,'2. Metadata'!B$5, IF(D105='2. Metadata'!C$1,'2. Metadata'!C$5,IF(D105='2. Metadata'!D$1,'2. Metadata'!D$5, IF(D105='2. Metadata'!E$1,'2. Metadata'!E$5,IF( D105='2. Metadata'!F$1,'2. Metadata'!F$5,IF(D105='2. Metadata'!G$1,'2. Metadata'!G$5,IF(D105='2. Metadata'!H$1,'2. Metadata'!H$5, IF(D105='2. Metadata'!I$1,'2. Metadata'!I$5, IF(D105='2. Metadata'!J$1,'2. Metadata'!J$5, IF(D105='2. Metadata'!K$1,'2. Metadata'!K$5, IF(D105='2. Metadata'!L$1,'2. Metadata'!L$5, IF(D105='2. Metadata'!M$1,'2. Metadata'!M$5, IF(D105='2. Metadata'!N$1,'2. Metadata'!N$5))))))))))))))","v":50.145},{"$f":"IF(ISBLANK(D105)=TRUE,\" \", IF(D105='2. Metadata'!B$1,'2. Metadata'!B$6, IF(D105='2. Metadata'!C$1,'2. Metadata'!C$6,IF(D105='2. Metadata'!D$1,'2. Metadata'!D$6, IF(D105='2. Metadata'!E$1,'2. Metadata'!E$6,IF( D105='2. Metadata'!F$1,'2. Metadata'!F$6,IF(D105='2. Metadata'!G$1,'2. Metadata'!G$6,IF(D105='2. Metadata'!H$1,'2. Metadata'!H$6, IF(D105='2. Metadata'!I$1,'2. Metadata'!I$6, IF(D105='2. Metadata'!J$1,'2. Metadata'!J$6, IF(D105='2. Metadata'!K$1,'2. Metadata'!K$6, IF(D105='2. Metadata'!L$1,'2. Metadata'!L$6, IF(D105='2. Metadata'!M$1,'2. Metadata'!M$6, IF(D105='2. Metadata'!N$1,'2. Metadata'!N$6))))))))))))))","v":-117.79389},"Temperature","N/A","In situ","Degrees Celsius","actual","water","Not specified",5.8,"N/A"]
["2015-10-26","Not specified","Not specified","NEMCD01",{"$f":"IF(ISBLANK(D106)=TRUE,\" \", IF(D106='2. Metadata'!B$1,'2. Metadata'!B$5, IF(D106='2. Metadata'!C$1,'2. Metadata'!C$5,IF(D106='2. Metadata'!D$1,'2. Metadata'!D$5, IF(D106='2. Metadata'!E$1,'2. Metadata'!E$5,IF( D106='2. Metadata'!F$1,'2. Metadata'!F$5,IF(D106='2. Metadata'!G$1,'2. Metadata'!G$5,IF(D106='2. Metadata'!H$1,'2. Metadata'!H$5, IF(D106='2. Metadata'!I$1,'2. Metadata'!I$5, IF(D106='2. Metadata'!J$1,'2. Metadata'!J$5, IF(D106='2. Metadata'!K$1,'2. Metadata'!K$5, IF(D106='2. Metadata'!L$1,'2. Metadata'!L$5, IF(D106='2. Metadata'!M$1,'2. Metadata'!M$5, IF(D106='2. Metadata'!N$1,'2. Metadata'!N$5))))))))))))))","v":50.145},{"$f":"IF(ISBLANK(D106)=TRUE,\" \", IF(D106='2. Metadata'!B$1,'2. Metadata'!B$6, IF(D106='2. Metadata'!C$1,'2. Metadata'!C$6,IF(D106='2. Metadata'!D$1,'2. Metadata'!D$6, IF(D106='2. Metadata'!E$1,'2. Metadata'!E$6,IF( D106='2. Metadata'!F$1,'2. Metadata'!F$6,IF(D106='2. Metadata'!G$1,'2. Metadata'!G$6,IF(D106='2. Metadata'!H$1,'2. Metadata'!H$6, IF(D106='2. Metadata'!I$1,'2. Metadata'!I$6, IF(D106='2. Metadata'!J$1,'2. Metadata'!J$6, IF(D106='2. Metadata'!K$1,'2. Metadata'!K$6, IF(D106='2. Metadata'!L$1,'2. Metadata'!L$6, IF(D106='2. Metadata'!M$1,'2. Metadata'!M$6, IF(D106='2. Metadata'!N$1,'2. Metadata'!N$6))))))))))))))","v":-117.79389},"Temperature","N/A","In situ","Degrees Celsius","actual","air","Not specified",5.9,"Air temp"]
["2015-10-26","Not specified","Not specified","NEMCD01",{"$f":"IF(ISBLANK(D107)=TRUE,\" \", IF(D107='2. Metadata'!B$1,'2. Metadata'!B$5, IF(D107='2. Metadata'!C$1,'2. Metadata'!C$5,IF(D107='2. Metadata'!D$1,'2. Metadata'!D$5, IF(D107='2. Metadata'!E$1,'2. Metadata'!E$5,IF( D107='2. Metadata'!F$1,'2. Metadata'!F$5,IF(D107='2. Metadata'!G$1,'2. Metadata'!G$5,IF(D107='2. Metadata'!H$1,'2. Metadata'!H$5, IF(D107='2. Metadata'!I$1,'2. Metadata'!I$5, IF(D107='2. Metadata'!J$1,'2. Metadata'!J$5, IF(D107='2. Metadata'!K$1,'2. Metadata'!K$5, IF(D107='2. Metadata'!L$1,'2. Metadata'!L$5, IF(D107='2. Metadata'!M$1,'2. Metadata'!M$5, IF(D107='2. Metadata'!N$1,'2. Metadata'!N$5))))))))))))))","v":50.145},{"$f":"IF(ISBLANK(D107)=TRUE,\" \", IF(D107='2. Metadata'!B$1,'2. Metadata'!B$6, IF(D107='2. Metadata'!C$1,'2. Metadata'!C$6,IF(D107='2. Metadata'!D$1,'2. Metadata'!D$6, IF(D107='2. Metadata'!E$1,'2. Metadata'!E$6,IF( D107='2. Metadata'!F$1,'2. Metadata'!F$6,IF(D107='2. Metadata'!G$1,'2. Metadata'!G$6,IF(D107='2. Metadata'!H$1,'2. Metadata'!H$6, IF(D107='2. Metadata'!I$1,'2. Metadata'!I$6, IF(D107='2. Metadata'!J$1,'2. Metadata'!J$6, IF(D107='2. Metadata'!K$1,'2. Metadata'!K$6, IF(D107='2. Metadata'!L$1,'2. Metadata'!L$6, IF(D107='2. Metadata'!M$1,'2. Metadata'!M$6, IF(D107='2. Metadata'!N$1,'2. Metadata'!N$6))))))))))))))","v":-117.79389},"Solids","Total Suspended","Sample analysed in lab","mg/L","actual","water",4,"<4.0","N/A"]
["2016-05-31","Not specified","Not specified","NEMCD01",{"$f":"IF(ISBLANK(D108)=TRUE,\" \", IF(D108='2. Metadata'!B$1,'2. Metadata'!B$5, IF(D108='2. Metadata'!C$1,'2. Metadata'!C$5,IF(D108='2. Metadata'!D$1,'2. Metadata'!D$5, IF(D108='2. Metadata'!E$1,'2. Metadata'!E$5,IF( D108='2. Metadata'!F$1,'2. Metadata'!F$5,IF(D108='2. Metadata'!G$1,'2. Metadata'!G$5,IF(D108='2. Metadata'!H$1,'2. Metadata'!H$5, IF(D108='2. Metadata'!I$1,'2. Metadata'!I$5, IF(D108='2. Metadata'!J$1,'2. Metadata'!J$5, IF(D108='2. Metadata'!K$1,'2. Metadata'!K$5, IF(D108='2. Metadata'!L$1,'2. Metadata'!L$5, IF(D108='2. Metadata'!M$1,'2. Metadata'!M$5, IF(D108='2. Metadata'!N$1,'2. Metadata'!N$5))))))))))))))","v":50.145},{"$f":"IF(ISBLANK(D108)=TRUE,\" \", IF(D108='2. Metadata'!B$1,'2. Metadata'!B$6, IF(D108='2. Metadata'!C$1,'2. Metadata'!C$6,IF(D108='2. Metadata'!D$1,'2. Metadata'!D$6, IF(D108='2. Metadata'!E$1,'2. Metadata'!E$6,IF( D108='2. Metadata'!F$1,'2. Metadata'!F$6,IF(D108='2. Metadata'!G$1,'2. Metadata'!G$6,IF(D108='2. Metadata'!H$1,'2. Metadata'!H$6, IF(D108='2. Metadata'!I$1,'2. Metadata'!I$6, IF(D108='2. Metadata'!J$1,'2. Metadata'!J$6, IF(D108='2. Metadata'!K$1,'2. Metadata'!K$6, IF(D108='2. Metadata'!L$1,'2. Metadata'!L$6, IF(D108='2. Metadata'!M$1,'2. Metadata'!M$6, IF(D108='2. Metadata'!N$1,'2. Metadata'!N$6))))))))))))))","v":-117.79389},"Phosphate","ortho-, dissolved (as P)","Sample analysed in lab","µg/L","actual","water",0.005,"<0.0050","N/A"]
["2016-05-31","Not specified","Not specified","NEMCD01",{"$f":"IF(ISBLANK(D109)=TRUE,\" \", IF(D109='2. Metadata'!B$1,'2. Metadata'!B$5, IF(D109='2. Metadata'!C$1,'2. Metadata'!C$5,IF(D109='2. Metadata'!D$1,'2. Metadata'!D$5, IF(D109='2. Metadata'!E$1,'2. Metadata'!E$5,IF( D109='2. Metadata'!F$1,'2. Metadata'!F$5,IF(D109='2. Metadata'!G$1,'2. Metadata'!G$5,IF(D109='2. Metadata'!H$1,'2. Metadata'!H$5, IF(D109='2. Metadata'!I$1,'2. Metadata'!I$5, IF(D109='2. Metadata'!J$1,'2. Metadata'!J$5, IF(D109='2. Metadata'!K$1,'2. Metadata'!K$5, IF(D109='2. Metadata'!L$1,'2. Metadata'!L$5, IF(D109='2. Metadata'!M$1,'2. Metadata'!M$5, IF(D109='2. Metadata'!N$1,'2. Metadata'!N$5))))))))))))))","v":50.145},{"$f":"IF(ISBLANK(D109)=TRUE,\" \", IF(D109='2. Metadata'!B$1,'2. Metadata'!B$6, IF(D109='2. Metadata'!C$1,'2. Metadata'!C$6,IF(D109='2. Metadata'!D$1,'2. Metadata'!D$6, IF(D109='2. Metadata'!E$1,'2. Metadata'!E$6,IF( D109='2. Metadata'!F$1,'2. Metadata'!F$6,IF(D109='2. Metadata'!G$1,'2. Metadata'!G$6,IF(D109='2. Metadata'!H$1,'2. Metadata'!H$6, IF(D109='2. Metadata'!I$1,'2. Metadata'!I$6, IF(D109='2. Metadata'!J$1,'2. Metadata'!J$6, IF(D109='2. Metadata'!K$1,'2. Metadata'!K$6, IF(D109='2. Metadata'!L$1,'2. Metadata'!L$6, IF(D109='2. Metadata'!M$1,'2. Metadata'!M$6, IF(D109='2. Metadata'!N$1,'2. Metadata'!N$6))))))))))))))","v":-117.79389},"Oxygen","Dissolved","In situ","mg/L","actual","water","not specified",10,"N/A"]
["2016-05-31","Not specified","Not specified","NEMCD01",{"$f":"IF(ISBLANK(D110)=TRUE,\" \", IF(D110='2. Metadata'!B$1,'2. Metadata'!B$5, IF(D110='2. Metadata'!C$1,'2. Metadata'!C$5,IF(D110='2. Metadata'!D$1,'2. Metadata'!D$5, IF(D110='2. Metadata'!E$1,'2. Metadata'!E$5,IF( D110='2. Metadata'!F$1,'2. Metadata'!F$5,IF(D110='2. Metadata'!G$1,'2. Metadata'!G$5,IF(D110='2. Metadata'!H$1,'2. Metadata'!H$5, IF(D110='2. Metadata'!I$1,'2. Metadata'!I$5, IF(D110='2. Metadata'!J$1,'2. Metadata'!J$5, IF(D110='2. Metadata'!K$1,'2. Metadata'!K$5, IF(D110='2. Metadata'!L$1,'2. Metadata'!L$5, IF(D110='2. Metadata'!M$1,'2. Metadata'!M$5, IF(D110='2. Metadata'!N$1,'2. Metadata'!N$5))))))))))))))","v":50.145},{"$f":"IF(ISBLANK(D110)=TRUE,\" \", IF(D110='2. Metadata'!B$1,'2. Metadata'!B$6, IF(D110='2. Metadata'!C$1,'2. Metadata'!C$6,IF(D110='2. Metadata'!D$1,'2. Metadata'!D$6, IF(D110='2. Metadata'!E$1,'2. Metadata'!E$6,IF( D110='2. Metadata'!F$1,'2. Metadata'!F$6,IF(D110='2. Metadata'!G$1,'2. Metadata'!G$6,IF(D110='2. Metadata'!H$1,'2. Metadata'!H$6, IF(D110='2. Metadata'!I$1,'2. Metadata'!I$6, IF(D110='2. Metadata'!J$1,'2. Metadata'!J$6, IF(D110='2. Metadata'!K$1,'2. Metadata'!K$6, IF(D110='2. Metadata'!L$1,'2. Metadata'!L$6, IF(D110='2. Metadata'!M$1,'2. Metadata'!M$6, IF(D110='2. Metadata'!N$1,'2. Metadata'!N$6))))))))))))))","v":-117.79389},"Conductivity ","EC","In situ","uS/cm","actual","water",1,177,"N/A"]
["2016-05-31","Not specified","Not specified","NEMCD01",{"$f":"IF(ISBLANK(D111)=TRUE,\" \", IF(D111='2. Metadata'!B$1,'2. Metadata'!B$5, IF(D111='2. Metadata'!C$1,'2. Metadata'!C$5,IF(D111='2. Metadata'!D$1,'2. Metadata'!D$5, IF(D111='2. Metadata'!E$1,'2. Metadata'!E$5,IF( D111='2. Metadata'!F$1,'2. Metadata'!F$5,IF(D111='2. Metadata'!G$1,'2. Metadata'!G$5,IF(D111='2. Metadata'!H$1,'2. Metadata'!H$5, IF(D111='2. Metadata'!I$1,'2. Metadata'!I$5, IF(D111='2. Metadata'!J$1,'2. Metadata'!J$5, IF(D111='2. Metadata'!K$1,'2. Metadata'!K$5, IF(D111='2. Metadata'!L$1,'2. Metadata'!L$5, IF(D111='2. Metadata'!M$1,'2. Metadata'!M$5, IF(D111='2. Metadata'!N$1,'2. Metadata'!N$5))))))))))))))","v":50.145},{"$f":"IF(ISBLANK(D111)=TRUE,\" \", IF(D111='2. Metadata'!B$1,'2. Metadata'!B$6, IF(D111='2. Metadata'!C$1,'2. Metadata'!C$6,IF(D111='2. Metadata'!D$1,'2. Metadata'!D$6, IF(D111='2. Metadata'!E$1,'2. Metadata'!E$6,IF( D111='2. Metadata'!F$1,'2. Metadata'!F$6,IF(D111='2. Metadata'!G$1,'2. Metadata'!G$6,IF(D111='2. Metadata'!H$1,'2. Metadata'!H$6, IF(D111='2. Metadata'!I$1,'2. Metadata'!I$6, IF(D111='2. Metadata'!J$1,'2. Metadata'!J$6, IF(D111='2. Metadata'!K$1,'2. Metadata'!K$6, IF(D111='2. Metadata'!L$1,'2. Metadata'!L$6, IF(D111='2. Metadata'!M$1,'2. Metadata'!M$6, IF(D111='2. Metadata'!N$1,'2. Metadata'!N$6))))))))))))))","v":-117.79389},"pH","N/A","In situ","pH units","actual","water","Not specified",7.59,"N/A"]
["2016-05-31","Not specified","Not specified","NEMCD01",{"$f":"IF(ISBLANK(D112)=TRUE,\" \", IF(D112='2. Metadata'!B$1,'2. Metadata'!B$5, IF(D112='2. Metadata'!C$1,'2. Metadata'!C$5,IF(D112='2. Metadata'!D$1,'2. Metadata'!D$5, IF(D112='2. Metadata'!E$1,'2. Metadata'!E$5,IF( D112='2. Metadata'!F$1,'2. Metadata'!F$5,IF(D112='2. Metadata'!G$1,'2. Metadata'!G$5,IF(D112='2. Metadata'!H$1,'2. Metadata'!H$5, IF(D112='2. Metadata'!I$1,'2. Metadata'!I$5, IF(D112='2. Metadata'!J$1,'2. Metadata'!J$5, IF(D112='2. Metadata'!K$1,'2. Metadata'!K$5, IF(D112='2. Metadata'!L$1,'2. Metadata'!L$5, IF(D112='2. Metadata'!M$1,'2. Metadata'!M$5, IF(D112='2. Metadata'!N$1,'2. Metadata'!N$5))))))))))))))","v":50.145},{"$f":"IF(ISBLANK(D112)=TRUE,\" \", IF(D112='2. Metadata'!B$1,'2. Metadata'!B$6, IF(D112='2. Metadata'!C$1,'2. Metadata'!C$6,IF(D112='2. Metadata'!D$1,'2. Metadata'!D$6, IF(D112='2. Metadata'!E$1,'2. Metadata'!E$6,IF( D112='2. Metadata'!F$1,'2. Metadata'!F$6,IF(D112='2. Metadata'!G$1,'2. Metadata'!G$6,IF(D112='2. Metadata'!H$1,'2. Metadata'!H$6, IF(D112='2. Metadata'!I$1,'2. Metadata'!I$6, IF(D112='2. Metadata'!J$1,'2. Metadata'!J$6, IF(D112='2. Metadata'!K$1,'2. Metadata'!K$6, IF(D112='2. Metadata'!L$1,'2. Metadata'!L$6, IF(D112='2. Metadata'!M$1,'2. Metadata'!M$6, IF(D112='2. Metadata'!N$1,'2. Metadata'!N$6))))))))))))))","v":-117.79389},"Turbidity","N/A","In situ","NTU","actual","water","Not specified",1.86,"N/A"]
["2016-05-31","Not specified","Not specified","NEMCD01",{"$f":"IF(ISBLANK(D113)=TRUE,\" \", IF(D113='2. Metadata'!B$1,'2. Metadata'!B$5, IF(D113='2. Metadata'!C$1,'2. Metadata'!C$5,IF(D113='2. Metadata'!D$1,'2. Metadata'!D$5, IF(D113='2. Metadata'!E$1,'2. Metadata'!E$5,IF( D113='2. Metadata'!F$1,'2. Metadata'!F$5,IF(D113='2. Metadata'!G$1,'2. Metadata'!G$5,IF(D113='2. Metadata'!H$1,'2. Metadata'!H$5, IF(D113='2. Metadata'!I$1,'2. Metadata'!I$5, IF(D113='2. Metadata'!J$1,'2. Metadata'!J$5, IF(D113='2. Metadata'!K$1,'2. Metadata'!K$5, IF(D113='2. Metadata'!L$1,'2. Metadata'!L$5, IF(D113='2. Metadata'!M$1,'2. Metadata'!M$5, IF(D113='2. Metadata'!N$1,'2. Metadata'!N$5))))))))))))))","v":50.145},{"$f":"IF(ISBLANK(D113)=TRUE,\" \", IF(D113='2. Metadata'!B$1,'2. Metadata'!B$6, IF(D113='2. Metadata'!C$1,'2. Metadata'!C$6,IF(D113='2. Metadata'!D$1,'2. Metadata'!D$6, IF(D113='2. Metadata'!E$1,'2. Metadata'!E$6,IF( D113='2. Metadata'!F$1,'2. Metadata'!F$6,IF(D113='2. Metadata'!G$1,'2. Metadata'!G$6,IF(D113='2. Metadata'!H$1,'2. Metadata'!H$6, IF(D113='2. Metadata'!I$1,'2. Metadata'!I$6, IF(D113='2. Metadata'!J$1,'2. Metadata'!J$6, IF(D113='2. Metadata'!K$1,'2. Metadata'!K$6, IF(D113='2. Metadata'!L$1,'2. Metadata'!L$6, IF(D113='2. Metadata'!M$1,'2. Metadata'!M$6, IF(D113='2. Metadata'!N$1,'2. Metadata'!N$6))))))))))))))","v":-117.79389},"Temperature","N/A","In situ","Degrees Celsius","actual","water","Not specified",6,"N/A"]
["2016-05-31","Not specified","Not specified","NEMCD01",{"$f":"IF(ISBLANK(D114)=TRUE,\" \", IF(D114='2. Metadata'!B$1,'2. Metadata'!B$5, IF(D114='2. Metadata'!C$1,'2. Metadata'!C$5,IF(D114='2. Metadata'!D$1,'2. Metadata'!D$5, IF(D114='2. Metadata'!E$1,'2. Metadata'!E$5,IF( D114='2. Metadata'!F$1,'2. Metadata'!F$5,IF(D114='2. Metadata'!G$1,'2. Metadata'!G$5,IF(D114='2. Metadata'!H$1,'2. Metadata'!H$5, IF(D114='2. Metadata'!I$1,'2. Metadata'!I$5, IF(D114='2. Metadata'!J$1,'2. Metadata'!J$5, IF(D114='2. Metadata'!K$1,'2. Metadata'!K$5, IF(D114='2. Metadata'!L$1,'2. Metadata'!L$5, IF(D114='2. Metadata'!M$1,'2. Metadata'!M$5, IF(D114='2. Metadata'!N$1,'2. Metadata'!N$5))))))))))))))","v":50.145},{"$f":"IF(ISBLANK(D114)=TRUE,\" \", IF(D114='2. Metadata'!B$1,'2. Metadata'!B$6, IF(D114='2. Metadata'!C$1,'2. Metadata'!C$6,IF(D114='2. Metadata'!D$1,'2. Metadata'!D$6, IF(D114='2. Metadata'!E$1,'2. Metadata'!E$6,IF( D114='2. Metadata'!F$1,'2. Metadata'!F$6,IF(D114='2. Metadata'!G$1,'2. Metadata'!G$6,IF(D114='2. Metadata'!H$1,'2. Metadata'!H$6, IF(D114='2. Metadata'!I$1,'2. Metadata'!I$6, IF(D114='2. Metadata'!J$1,'2. Metadata'!J$6, IF(D114='2. Metadata'!K$1,'2. Metadata'!K$6, IF(D114='2. Metadata'!L$1,'2. Metadata'!L$6, IF(D114='2. Metadata'!M$1,'2. Metadata'!M$6, IF(D114='2. Metadata'!N$1,'2. Metadata'!N$6))))))))))))))","v":-117.79389},"Temperature","N/A","In situ","Degrees Celsius","actual","air","Not specified",12,"Air temp"]
["2016-05-31","Not specified","Not specified","NEMCD01",{"$f":"IF(ISBLANK(D115)=TRUE,\" \", IF(D115='2. Metadata'!B$1,'2. Metadata'!B$5, IF(D115='2. Metadata'!C$1,'2. Metadata'!C$5,IF(D115='2. Metadata'!D$1,'2. Metadata'!D$5, IF(D115='2. Metadata'!E$1,'2. Metadata'!E$5,IF( D115='2. Metadata'!F$1,'2. Metadata'!F$5,IF(D115='2. Metadata'!G$1,'2. Metadata'!G$5,IF(D115='2. Metadata'!H$1,'2. Metadata'!H$5, IF(D115='2. Metadata'!I$1,'2. Metadata'!I$5, IF(D115='2. Metadata'!J$1,'2. Metadata'!J$5, IF(D115='2. Metadata'!K$1,'2. Metadata'!K$5, IF(D115='2. Metadata'!L$1,'2. Metadata'!L$5, IF(D115='2. Metadata'!M$1,'2. Metadata'!M$5, IF(D115='2. Metadata'!N$1,'2. Metadata'!N$5))))))))))))))","v":50.145},{"$f":"IF(ISBLANK(D115)=TRUE,\" \", IF(D115='2. Metadata'!B$1,'2. Metadata'!B$6, IF(D115='2. Metadata'!C$1,'2. Metadata'!C$6,IF(D115='2. Metadata'!D$1,'2. Metadata'!D$6, IF(D115='2. Metadata'!E$1,'2. Metadata'!E$6,IF( D115='2. Metadata'!F$1,'2. Metadata'!F$6,IF(D115='2. Metadata'!G$1,'2. Metadata'!G$6,IF(D115='2. Metadata'!H$1,'2. Metadata'!H$6, IF(D115='2. Metadata'!I$1,'2. Metadata'!I$6, IF(D115='2. Metadata'!J$1,'2. Metadata'!J$6, IF(D115='2. Metadata'!K$1,'2. Metadata'!K$6, IF(D115='2. Metadata'!L$1,'2. Metadata'!L$6, IF(D115='2. Metadata'!M$1,'2. Metadata'!M$6, IF(D115='2. Metadata'!N$1,'2. Metadata'!N$6))))))))))))))","v":-117.79389},"Phosphorus","as P","Sample analysed in lab","µg/L","actual","water",0.005,0.0056,"N/A"]
["2016-05-31","Not specified","Not specified","NEMCD01",{"$f":"IF(ISBLANK(D116)=TRUE,\" \", IF(D116='2. Metadata'!B$1,'2. Metadata'!B$5, IF(D116='2. Metadata'!C$1,'2. Metadata'!C$5,IF(D116='2. Metadata'!D$1,'2. Metadata'!D$5, IF(D116='2. Metadata'!E$1,'2. Metadata'!E$5,IF( D116='2. Metadata'!F$1,'2. Metadata'!F$5,IF(D116='2. Metadata'!G$1,'2. Metadata'!G$5,IF(D116='2. Metadata'!H$1,'2. Metadata'!H$5, IF(D116='2. Metadata'!I$1,'2. Metadata'!I$5, IF(D116='2. Metadata'!J$1,'2. Metadata'!J$5, IF(D116='2. Metadata'!K$1,'2. Metadata'!K$5, IF(D116='2. Metadata'!L$1,'2. Metadata'!L$5, IF(D116='2. Metadata'!M$1,'2. Metadata'!M$5, IF(D116='2. Metadata'!N$1,'2. Metadata'!N$5))))))))))))))","v":50.145},{"$f":"IF(ISBLANK(D116)=TRUE,\" \", IF(D116='2. Metadata'!B$1,'2. Metadata'!B$6, IF(D116='2. Metadata'!C$1,'2. Metadata'!C$6,IF(D116='2. Metadata'!D$1,'2. Metadata'!D$6, IF(D116='2. Metadata'!E$1,'2. Metadata'!E$6,IF( D116='2. Metadata'!F$1,'2. Metadata'!F$6,IF(D116='2. Metadata'!G$1,'2. Metadata'!G$6,IF(D116='2. Metadata'!H$1,'2. Metadata'!H$6, IF(D116='2. Metadata'!I$1,'2. Metadata'!I$6, IF(D116='2. Metadata'!J$1,'2. Metadata'!J$6, IF(D116='2. Metadata'!K$1,'2. Metadata'!K$6, IF(D116='2. Metadata'!L$1,'2. Metadata'!L$6, IF(D116='2. Metadata'!M$1,'2. Metadata'!M$6, IF(D116='2. Metadata'!N$1,'2. Metadata'!N$6))))))))))))))","v":-117.79389},"Solids","Total Suspended","Sample analysed in lab","mg/L","actual","water",4,"<4.0","N/A"]
["2016-06-29","Not specified","Not specified","NEMCD01",{"$f":"IF(ISBLANK(D117)=TRUE,\" \", IF(D117='2. Metadata'!B$1,'2. Metadata'!B$5, IF(D117='2. Metadata'!C$1,'2. Metadata'!C$5,IF(D117='2. Metadata'!D$1,'2. Metadata'!D$5, IF(D117='2. Metadata'!E$1,'2. Metadata'!E$5,IF( D117='2. Metadata'!F$1,'2. Metadata'!F$5,IF(D117='2. Metadata'!G$1,'2. Metadata'!G$5,IF(D117='2. Metadata'!H$1,'2. Metadata'!H$5, IF(D117='2. Metadata'!I$1,'2. Metadata'!I$5, IF(D117='2. Metadata'!J$1,'2. Metadata'!J$5, IF(D117='2. Metadata'!K$1,'2. Metadata'!K$5, IF(D117='2. Metadata'!L$1,'2. Metadata'!L$5, IF(D117='2. Metadata'!M$1,'2. Metadata'!M$5, IF(D117='2. Metadata'!N$1,'2. Metadata'!N$5))))))))))))))","v":50.145},{"$f":"IF(ISBLANK(D117)=TRUE,\" \", IF(D117='2. Metadata'!B$1,'2. Metadata'!B$6, IF(D117='2. Metadata'!C$1,'2. Metadata'!C$6,IF(D117='2. Metadata'!D$1,'2. Metadata'!D$6, IF(D117='2. Metadata'!E$1,'2. Metadata'!E$6,IF( D117='2. Metadata'!F$1,'2. Metadata'!F$6,IF(D117='2. Metadata'!G$1,'2. Metadata'!G$6,IF(D117='2. Metadata'!H$1,'2. Metadata'!H$6, IF(D117='2. Metadata'!I$1,'2. Metadata'!I$6, IF(D117='2. Metadata'!J$1,'2. Metadata'!J$6, IF(D117='2. Metadata'!K$1,'2. Metadata'!K$6, IF(D117='2. Metadata'!L$1,'2. Metadata'!L$6, IF(D117='2. Metadata'!M$1,'2. Metadata'!M$6, IF(D117='2. Metadata'!N$1,'2. Metadata'!N$6))))))))))))))","v":-117.79389},"Phosphate","ortho-, dissolved (as P)","Sample analysed in lab","µg/L","actual","water",0.005,"<0.0050","N/A"]
["2016-06-29","Not specified","Not specified","NEMCD01",{"$f":"IF(ISBLANK(D118)=TRUE,\" \", IF(D118='2. Metadata'!B$1,'2. Metadata'!B$5, IF(D118='2. Metadata'!C$1,'2. Metadata'!C$5,IF(D118='2. Metadata'!D$1,'2. Metadata'!D$5, IF(D118='2. Metadata'!E$1,'2. Metadata'!E$5,IF( D118='2. Metadata'!F$1,'2. Metadata'!F$5,IF(D118='2. Metadata'!G$1,'2. Metadata'!G$5,IF(D118='2. Metadata'!H$1,'2. Metadata'!H$5, IF(D118='2. Metadata'!I$1,'2. Metadata'!I$5, IF(D118='2. Metadata'!J$1,'2. Metadata'!J$5, IF(D118='2. Metadata'!K$1,'2. Metadata'!K$5, IF(D118='2. Metadata'!L$1,'2. Metadata'!L$5, IF(D118='2. Metadata'!M$1,'2. Metadata'!M$5, IF(D118='2. Metadata'!N$1,'2. Metadata'!N$5))))))))))))))","v":50.145},{"$f":"IF(ISBLANK(D118)=TRUE,\" \", IF(D118='2. Metadata'!B$1,'2. Metadata'!B$6, IF(D118='2. Metadata'!C$1,'2. Metadata'!C$6,IF(D118='2. Metadata'!D$1,'2. Metadata'!D$6, IF(D118='2. Metadata'!E$1,'2. Metadata'!E$6,IF( D118='2. Metadata'!F$1,'2. Metadata'!F$6,IF(D118='2. Metadata'!G$1,'2. Metadata'!G$6,IF(D118='2. Metadata'!H$1,'2. Metadata'!H$6, IF(D118='2. Metadata'!I$1,'2. Metadata'!I$6, IF(D118='2. Metadata'!J$1,'2. Metadata'!J$6, IF(D118='2. Metadata'!K$1,'2. Metadata'!K$6, IF(D118='2. Metadata'!L$1,'2. Metadata'!L$6, IF(D118='2. Metadata'!M$1,'2. Metadata'!M$6, IF(D118='2. Metadata'!N$1,'2. Metadata'!N$6))))))))))))))","v":-117.79389},"Oxygen","Dissolved","In situ","mg/L","actual","water","not specified",11,"N/A"]
["2016-06-29","Not specified","Not specified","NEMCD01",{"$f":"IF(ISBLANK(D119)=TRUE,\" \", IF(D119='2. Metadata'!B$1,'2. Metadata'!B$5, IF(D119='2. Metadata'!C$1,'2. Metadata'!C$5,IF(D119='2. Metadata'!D$1,'2. Metadata'!D$5, IF(D119='2. Metadata'!E$1,'2. Metadata'!E$5,IF( D119='2. Metadata'!F$1,'2. Metadata'!F$5,IF(D119='2. Metadata'!G$1,'2. Metadata'!G$5,IF(D119='2. Metadata'!H$1,'2. Metadata'!H$5, IF(D119='2. Metadata'!I$1,'2. Metadata'!I$5, IF(D119='2. Metadata'!J$1,'2. Metadata'!J$5, IF(D119='2. Metadata'!K$1,'2. Metadata'!K$5, IF(D119='2. Metadata'!L$1,'2. Metadata'!L$5, IF(D119='2. Metadata'!M$1,'2. Metadata'!M$5, IF(D119='2. Metadata'!N$1,'2. Metadata'!N$5))))))))))))))","v":50.145},{"$f":"IF(ISBLANK(D119)=TRUE,\" \", IF(D119='2. Metadata'!B$1,'2. Metadata'!B$6, IF(D119='2. Metadata'!C$1,'2. Metadata'!C$6,IF(D119='2. Metadata'!D$1,'2. Metadata'!D$6, IF(D119='2. Metadata'!E$1,'2. Metadata'!E$6,IF( D119='2. Metadata'!F$1,'2. Metadata'!F$6,IF(D119='2. Metadata'!G$1,'2. Metadata'!G$6,IF(D119='2. Metadata'!H$1,'2. Metadata'!H$6, IF(D119='2. Metadata'!I$1,'2. Metadata'!I$6, IF(D119='2. Metadata'!J$1,'2. Metadata'!J$6, IF(D119='2. Metadata'!K$1,'2. Metadata'!K$6, IF(D119='2. Metadata'!L$1,'2. Metadata'!L$6, IF(D119='2. Metadata'!M$1,'2. Metadata'!M$6, IF(D119='2. Metadata'!N$1,'2. Metadata'!N$6))))))))))))))","v":-117.79389},"Conductivity ","EC","In situ","uS/cm","actual","water",1,192.9,"N/A"]
["2016-06-29","Not specified","Not specified","NEMCD01",{"$f":"IF(ISBLANK(D120)=TRUE,\" \", IF(D120='2. Metadata'!B$1,'2. Metadata'!B$5, IF(D120='2. Metadata'!C$1,'2. Metadata'!C$5,IF(D120='2. Metadata'!D$1,'2. Metadata'!D$5, IF(D120='2. Metadata'!E$1,'2. Metadata'!E$5,IF( D120='2. Metadata'!F$1,'2. Metadata'!F$5,IF(D120='2. Metadata'!G$1,'2. Metadata'!G$5,IF(D120='2. Metadata'!H$1,'2. Metadata'!H$5, IF(D120='2. Metadata'!I$1,'2. Metadata'!I$5, IF(D120='2. Metadata'!J$1,'2. Metadata'!J$5, IF(D120='2. Metadata'!K$1,'2. Metadata'!K$5, IF(D120='2. Metadata'!L$1,'2. Metadata'!L$5, IF(D120='2. Metadata'!M$1,'2. Metadata'!M$5, IF(D120='2. Metadata'!N$1,'2. Metadata'!N$5))))))))))))))","v":50.145},{"$f":"IF(ISBLANK(D120)=TRUE,\" \", IF(D120='2. Metadata'!B$1,'2. Metadata'!B$6, IF(D120='2. Metadata'!C$1,'2. Metadata'!C$6,IF(D120='2. Metadata'!D$1,'2. Metadata'!D$6, IF(D120='2. Metadata'!E$1,'2. Metadata'!E$6,IF( D120='2. Metadata'!F$1,'2. Metadata'!F$6,IF(D120='2. Metadata'!G$1,'2. Metadata'!G$6,IF(D120='2. Metadata'!H$1,'2. Metadata'!H$6, IF(D120='2. Metadata'!I$1,'2. Metadata'!I$6, IF(D120='2. Metadata'!J$1,'2. Metadata'!J$6, IF(D120='2. Metadata'!K$1,'2. Metadata'!K$6, IF(D120='2. Metadata'!L$1,'2. Metadata'!L$6, IF(D120='2. Metadata'!M$1,'2. Metadata'!M$6, IF(D120='2. Metadata'!N$1,'2. Metadata'!N$6))))))))))))))","v":-117.79389},"pH","N/A","In situ","pH units","actual","water","Not specified",7.15,"N/A"]
["2016-06-29","Not specified","Not specified","NEMCD01",{"$f":"IF(ISBLANK(D121)=TRUE,\" \", IF(D121='2. Metadata'!B$1,'2. Metadata'!B$5, IF(D121='2. Metadata'!C$1,'2. Metadata'!C$5,IF(D121='2. Metadata'!D$1,'2. Metadata'!D$5, IF(D121='2. Metadata'!E$1,'2. Metadata'!E$5,IF( D121='2. Metadata'!F$1,'2. Metadata'!F$5,IF(D121='2. Metadata'!G$1,'2. Metadata'!G$5,IF(D121='2. Metadata'!H$1,'2. Metadata'!H$5, IF(D121='2. Metadata'!I$1,'2. Metadata'!I$5, IF(D121='2. Metadata'!J$1,'2. Metadata'!J$5, IF(D121='2. Metadata'!K$1,'2. Metadata'!K$5, IF(D121='2. Metadata'!L$1,'2. Metadata'!L$5, IF(D121='2. Metadata'!M$1,'2. Metadata'!M$5, IF(D121='2. Metadata'!N$1,'2. Metadata'!N$5))))))))))))))","v":50.145},{"$f":"IF(ISBLANK(D121)=TRUE,\" \", IF(D121='2. Metadata'!B$1,'2. Metadata'!B$6, IF(D121='2. Metadata'!C$1,'2. Metadata'!C$6,IF(D121='2. Metadata'!D$1,'2. Metadata'!D$6, IF(D121='2. Metadata'!E$1,'2. Metadata'!E$6,IF( D121='2. Metadata'!F$1,'2. Metadata'!F$6,IF(D121='2. Metadata'!G$1,'2. Metadata'!G$6,IF(D121='2. Metadata'!H$1,'2. Metadata'!H$6, IF(D121='2. Metadata'!I$1,'2. Metadata'!I$6, IF(D121='2. Metadata'!J$1,'2. Metadata'!J$6, IF(D121='2. Metadata'!K$1,'2. Metadata'!K$6, IF(D121='2. Metadata'!L$1,'2. Metadata'!L$6, IF(D121='2. Metadata'!M$1,'2. Metadata'!M$6, IF(D121='2. Metadata'!N$1,'2. Metadata'!N$6))))))))))))))","v":-117.79389},"Turbidity","N/A","In situ","NTU","actual","water","Not specified",1.04,"N/A"]
["2016-06-29","Not specified","Not specified","NEMCD01",{"$f":"IF(ISBLANK(D122)=TRUE,\" \", IF(D122='2. Metadata'!B$1,'2. Metadata'!B$5, IF(D122='2. Metadata'!C$1,'2. Metadata'!C$5,IF(D122='2. Metadata'!D$1,'2. Metadata'!D$5, IF(D122='2. Metadata'!E$1,'2. Metadata'!E$5,IF( D122='2. Metadata'!F$1,'2. Metadata'!F$5,IF(D122='2. Metadata'!G$1,'2. Metadata'!G$5,IF(D122='2. Metadata'!H$1,'2. Metadata'!H$5, IF(D122='2. Metadata'!I$1,'2. Metadata'!I$5, IF(D122='2. Metadata'!J$1,'2. Metadata'!J$5, IF(D122='2. Metadata'!K$1,'2. Metadata'!K$5, IF(D122='2. Metadata'!L$1,'2. Metadata'!L$5, IF(D122='2. Metadata'!M$1,'2. Metadata'!M$5, IF(D122='2. Metadata'!N$1,'2. Metadata'!N$5))))))))))))))","v":50.145},{"$f":"IF(ISBLANK(D122)=TRUE,\" \", IF(D122='2. Metadata'!B$1,'2. Metadata'!B$6, IF(D122='2. Metadata'!C$1,'2. Metadata'!C$6,IF(D122='2. Metadata'!D$1,'2. Metadata'!D$6, IF(D122='2. Metadata'!E$1,'2. Metadata'!E$6,IF( D122='2. Metadata'!F$1,'2. Metadata'!F$6,IF(D122='2. Metadata'!G$1,'2. Metadata'!G$6,IF(D122='2. Metadata'!H$1,'2. Metadata'!H$6, IF(D122='2. Metadata'!I$1,'2. Metadata'!I$6, IF(D122='2. Metadata'!J$1,'2. Metadata'!J$6, IF(D122='2. Metadata'!K$1,'2. Metadata'!K$6, IF(D122='2. Metadata'!L$1,'2. Metadata'!L$6, IF(D122='2. Metadata'!M$1,'2. Metadata'!M$6, IF(D122='2. Metadata'!N$1,'2. Metadata'!N$6))))))))))))))","v":-117.79389},"Temperature","N/A","In situ","Degrees Celsius","actual","water","Not specified",10,"N/A"]
["2016-06-29","Not specified","Not specified","NEMCD01",{"$f":"IF(ISBLANK(D123)=TRUE,\" \", IF(D123='2. Metadata'!B$1,'2. Metadata'!B$5, IF(D123='2. Metadata'!C$1,'2. Metadata'!C$5,IF(D123='2. Metadata'!D$1,'2. Metadata'!D$5, IF(D123='2. Metadata'!E$1,'2. Metadata'!E$5,IF( D123='2. Metadata'!F$1,'2. Metadata'!F$5,IF(D123='2. Metadata'!G$1,'2. Metadata'!G$5,IF(D123='2. Metadata'!H$1,'2. Metadata'!H$5, IF(D123='2. Metadata'!I$1,'2. Metadata'!I$5, IF(D123='2. Metadata'!J$1,'2. Metadata'!J$5, IF(D123='2. Metadata'!K$1,'2. Metadata'!K$5, IF(D123='2. Metadata'!L$1,'2. Metadata'!L$5, IF(D123='2. Metadata'!M$1,'2. Metadata'!M$5, IF(D123='2. Metadata'!N$1,'2. Metadata'!N$5))))))))))))))","v":50.145},{"$f":"IF(ISBLANK(D123)=TRUE,\" \", IF(D123='2. Metadata'!B$1,'2. Metadata'!B$6, IF(D123='2. Metadata'!C$1,'2. Metadata'!C$6,IF(D123='2. Metadata'!D$1,'2. Metadata'!D$6, IF(D123='2. Metadata'!E$1,'2. Metadata'!E$6,IF( D123='2. Metadata'!F$1,'2. Metadata'!F$6,IF(D123='2. Metadata'!G$1,'2. Metadata'!G$6,IF(D123='2. Metadata'!H$1,'2. Metadata'!H$6, IF(D123='2. Metadata'!I$1,'2. Metadata'!I$6, IF(D123='2. Metadata'!J$1,'2. Metadata'!J$6, IF(D123='2. Metadata'!K$1,'2. Metadata'!K$6, IF(D123='2. Metadata'!L$1,'2. Metadata'!L$6, IF(D123='2. Metadata'!M$1,'2. Metadata'!M$6, IF(D123='2. Metadata'!N$1,'2. Metadata'!N$6))))))))))))))","v":-117.79389},"Temperature","N/A","In situ","Degrees Celsius","actual","air","Not specified",20,"Air temp"]
["2016-06-29","Not specified","Not specified","NEMCD01",{"$f":"IF(ISBLANK(D124)=TRUE,\" \", IF(D124='2. Metadata'!B$1,'2. Metadata'!B$5, IF(D124='2. Metadata'!C$1,'2. Metadata'!C$5,IF(D124='2. Metadata'!D$1,'2. Metadata'!D$5, IF(D124='2. Metadata'!E$1,'2. Metadata'!E$5,IF( D124='2. Metadata'!F$1,'2. Metadata'!F$5,IF(D124='2. Metadata'!G$1,'2. Metadata'!G$5,IF(D124='2. Metadata'!H$1,'2. Metadata'!H$5, IF(D124='2. Metadata'!I$1,'2. Metadata'!I$5, IF(D124='2. Metadata'!J$1,'2. Metadata'!J$5, IF(D124='2. Metadata'!K$1,'2. Metadata'!K$5, IF(D124='2. Metadata'!L$1,'2. Metadata'!L$5, IF(D124='2. Metadata'!M$1,'2. Metadata'!M$5, IF(D124='2. Metadata'!N$1,'2. Metadata'!N$5))))))))))))))","v":50.145},{"$f":"IF(ISBLANK(D124)=TRUE,\" \", IF(D124='2. Metadata'!B$1,'2. Metadata'!B$6, IF(D124='2. Metadata'!C$1,'2. Metadata'!C$6,IF(D124='2. Metadata'!D$1,'2. Metadata'!D$6, IF(D124='2. Metadata'!E$1,'2. Metadata'!E$6,IF( D124='2. Metadata'!F$1,'2. Metadata'!F$6,IF(D124='2. Metadata'!G$1,'2. Metadata'!G$6,IF(D124='2. Metadata'!H$1,'2. Metadata'!H$6, IF(D124='2. Metadata'!I$1,'2. Metadata'!I$6, IF(D124='2. Metadata'!J$1,'2. Metadata'!J$6, IF(D124='2. Metadata'!K$1,'2. Metadata'!K$6, IF(D124='2. Metadata'!L$1,'2. Metadata'!L$6, IF(D124='2. Metadata'!M$1,'2. Metadata'!M$6, IF(D124='2. Metadata'!N$1,'2. Metadata'!N$6))))))))))))))","v":-117.79389},"Phosphorus","as P","Sample analysed in lab","µg/L","actual","water",0.005,0.0109,"N/A"]
["2016-06-29","Not specified","Not specified","NEMCD01",{"$f":"IF(ISBLANK(D125)=TRUE,\" \", IF(D125='2. Metadata'!B$1,'2. Metadata'!B$5, IF(D125='2. Metadata'!C$1,'2. Metadata'!C$5,IF(D125='2. Metadata'!D$1,'2. Metadata'!D$5, IF(D125='2. Metadata'!E$1,'2. Metadata'!E$5,IF( D125='2. Metadata'!F$1,'2. Metadata'!F$5,IF(D125='2. Metadata'!G$1,'2. Metadata'!G$5,IF(D125='2. Metadata'!H$1,'2. Metadata'!H$5, IF(D125='2. Metadata'!I$1,'2. Metadata'!I$5, IF(D125='2. Metadata'!J$1,'2. Metadata'!J$5, IF(D125='2. Metadata'!K$1,'2. Metadata'!K$5, IF(D125='2. Metadata'!L$1,'2. Metadata'!L$5, IF(D125='2. Metadata'!M$1,'2. Metadata'!M$5, IF(D125='2. Metadata'!N$1,'2. Metadata'!N$5))))))))))))))","v":50.145},{"$f":"IF(ISBLANK(D125)=TRUE,\" \", IF(D125='2. Metadata'!B$1,'2. Metadata'!B$6, IF(D125='2. Metadata'!C$1,'2. Metadata'!C$6,IF(D125='2. Metadata'!D$1,'2. Metadata'!D$6, IF(D125='2. Metadata'!E$1,'2. Metadata'!E$6,IF( D125='2. Metadata'!F$1,'2. Metadata'!F$6,IF(D125='2. Metadata'!G$1,'2. Metadata'!G$6,IF(D125='2. Metadata'!H$1,'2. Metadata'!H$6, IF(D125='2. Metadata'!I$1,'2. Metadata'!I$6, IF(D125='2. Metadata'!J$1,'2. Metadata'!J$6, IF(D125='2. Metadata'!K$1,'2. Metadata'!K$6, IF(D125='2. Metadata'!L$1,'2. Metadata'!L$6, IF(D125='2. Metadata'!M$1,'2. Metadata'!M$6, IF(D125='2. Metadata'!N$1,'2. Metadata'!N$6))))))))))))))","v":-117.79389},"Solids","Total Suspended","Sample analysed in lab","mg/L","actual","water",4,"<4.0","N/A"]
["2016-07-27","Not specified","Not specified","NEMCD01",{"$f":"IF(ISBLANK(D126)=TRUE,\" \", IF(D126='2. Metadata'!B$1,'2. Metadata'!B$5, IF(D126='2. Metadata'!C$1,'2. Metadata'!C$5,IF(D126='2. Metadata'!D$1,'2. Metadata'!D$5, IF(D126='2. Metadata'!E$1,'2. Metadata'!E$5,IF( D126='2. Metadata'!F$1,'2. Metadata'!F$5,IF(D126='2. Metadata'!G$1,'2. Metadata'!G$5,IF(D126='2. Metadata'!H$1,'2. Metadata'!H$5, IF(D126='2. Metadata'!I$1,'2. Metadata'!I$5, IF(D126='2. Metadata'!J$1,'2. Metadata'!J$5, IF(D126='2. Metadata'!K$1,'2. Metadata'!K$5, IF(D126='2. Metadata'!L$1,'2. Metadata'!L$5, IF(D126='2. Metadata'!M$1,'2. Metadata'!M$5, IF(D126='2. Metadata'!N$1,'2. Metadata'!N$5))))))))))))))","v":50.145},{"$f":"IF(ISBLANK(D126)=TRUE,\" \", IF(D126='2. Metadata'!B$1,'2. Metadata'!B$6, IF(D126='2. Metadata'!C$1,'2. Metadata'!C$6,IF(D126='2. Metadata'!D$1,'2. Metadata'!D$6, IF(D126='2. Metadata'!E$1,'2. Metadata'!E$6,IF( D126='2. Metadata'!F$1,'2. Metadata'!F$6,IF(D126='2. Metadata'!G$1,'2. Metadata'!G$6,IF(D126='2. Metadata'!H$1,'2. Metadata'!H$6, IF(D126='2. Metadata'!I$1,'2. Metadata'!I$6, IF(D126='2. Metadata'!J$1,'2. Metadata'!J$6, IF(D126='2. Metadata'!K$1,'2. Metadata'!K$6, IF(D126='2. Metadata'!L$1,'2. Metadata'!L$6, IF(D126='2. Metadata'!M$1,'2. Metadata'!M$6, IF(D126='2. Metadata'!N$1,'2. Metadata'!N$6))))))))))))))","v":-117.79389},"Phosphate","ortho-, dissolved (as P)","Sample analysed in lab","µg/L","actual","water",0.005,"<0.0050","N/A"]
["2016-07-27","Not specified","Not specified","NEMCD01",{"$f":"IF(ISBLANK(D127)=TRUE,\" \", IF(D127='2. Metadata'!B$1,'2. Metadata'!B$5, IF(D127='2. Metadata'!C$1,'2. Metadata'!C$5,IF(D127='2. Metadata'!D$1,'2. Metadata'!D$5, IF(D127='2. Metadata'!E$1,'2. Metadata'!E$5,IF( D127='2. Metadata'!F$1,'2. Metadata'!F$5,IF(D127='2. Metadata'!G$1,'2. Metadata'!G$5,IF(D127='2. Metadata'!H$1,'2. Metadata'!H$5, IF(D127='2. Metadata'!I$1,'2. Metadata'!I$5, IF(D127='2. Metadata'!J$1,'2. Metadata'!J$5, IF(D127='2. Metadata'!K$1,'2. Metadata'!K$5, IF(D127='2. Metadata'!L$1,'2. Metadata'!L$5, IF(D127='2. Metadata'!M$1,'2. Metadata'!M$5, IF(D127='2. Metadata'!N$1,'2. Metadata'!N$5))))))))))))))","v":50.145},{"$f":"IF(ISBLANK(D127)=TRUE,\" \", IF(D127='2. Metadata'!B$1,'2. Metadata'!B$6, IF(D127='2. Metadata'!C$1,'2. Metadata'!C$6,IF(D127='2. Metadata'!D$1,'2. Metadata'!D$6, IF(D127='2. Metadata'!E$1,'2. Metadata'!E$6,IF( D127='2. Metadata'!F$1,'2. Metadata'!F$6,IF(D127='2. Metadata'!G$1,'2. Metadata'!G$6,IF(D127='2. Metadata'!H$1,'2. Metadata'!H$6, IF(D127='2. Metadata'!I$1,'2. Metadata'!I$6, IF(D127='2. Metadata'!J$1,'2. Metadata'!J$6, IF(D127='2. Metadata'!K$1,'2. Metadata'!K$6, IF(D127='2. Metadata'!L$1,'2. Metadata'!L$6, IF(D127='2. Metadata'!M$1,'2. Metadata'!M$6, IF(D127='2. Metadata'!N$1,'2. Metadata'!N$6))))))))))))))","v":-117.79389},"Oxygen","Dissolved","In situ","mg/L","actual","water","not specified",10,"N/A"]
["2016-07-27","Not specified","Not specified","NEMCD01",{"$f":"IF(ISBLANK(D128)=TRUE,\" \", IF(D128='2. Metadata'!B$1,'2. Metadata'!B$5, IF(D128='2. Metadata'!C$1,'2. Metadata'!C$5,IF(D128='2. Metadata'!D$1,'2. Metadata'!D$5, IF(D128='2. Metadata'!E$1,'2. Metadata'!E$5,IF( D128='2. Metadata'!F$1,'2. Metadata'!F$5,IF(D128='2. Metadata'!G$1,'2. Metadata'!G$5,IF(D128='2. Metadata'!H$1,'2. Metadata'!H$5, IF(D128='2. Metadata'!I$1,'2. Metadata'!I$5, IF(D128='2. Metadata'!J$1,'2. Metadata'!J$5, IF(D128='2. Metadata'!K$1,'2. Metadata'!K$5, IF(D128='2. Metadata'!L$1,'2. Metadata'!L$5, IF(D128='2. Metadata'!M$1,'2. Metadata'!M$5, IF(D128='2. Metadata'!N$1,'2. Metadata'!N$5))))))))))))))","v":50.145},{"$f":"IF(ISBLANK(D128)=TRUE,\" \", IF(D128='2. Metadata'!B$1,'2. Metadata'!B$6, IF(D128='2. Metadata'!C$1,'2. Metadata'!C$6,IF(D128='2. Metadata'!D$1,'2. Metadata'!D$6, IF(D128='2. Metadata'!E$1,'2. Metadata'!E$6,IF( D128='2. Metadata'!F$1,'2. Metadata'!F$6,IF(D128='2. Metadata'!G$1,'2. Metadata'!G$6,IF(D128='2. Metadata'!H$1,'2. Metadata'!H$6, IF(D128='2. Metadata'!I$1,'2. Metadata'!I$6, IF(D128='2. Metadata'!J$1,'2. Metadata'!J$6, IF(D128='2. Metadata'!K$1,'2. Metadata'!K$6, IF(D128='2. Metadata'!L$1,'2. Metadata'!L$6, IF(D128='2. Metadata'!M$1,'2. Metadata'!M$6, IF(D128='2. Metadata'!N$1,'2. Metadata'!N$6))))))))))))))","v":-117.79389},"Conductivity ","EC","In situ","uS/cm","actual","water",1,254,"N/A"]
["2016-07-27","Not specified","Not specified","NEMCD01",{"$f":"IF(ISBLANK(D129)=TRUE,\" \", IF(D129='2. Metadata'!B$1,'2. Metadata'!B$5, IF(D129='2. Metadata'!C$1,'2. Metadata'!C$5,IF(D129='2. Metadata'!D$1,'2. Metadata'!D$5, IF(D129='2. Metadata'!E$1,'2. Metadata'!E$5,IF( D129='2. Metadata'!F$1,'2. Metadata'!F$5,IF(D129='2. Metadata'!G$1,'2. Metadata'!G$5,IF(D129='2. Metadata'!H$1,'2. Metadata'!H$5, IF(D129='2. Metadata'!I$1,'2. Metadata'!I$5, IF(D129='2. Metadata'!J$1,'2. Metadata'!J$5, IF(D129='2. Metadata'!K$1,'2. Metadata'!K$5, IF(D129='2. Metadata'!L$1,'2. Metadata'!L$5, IF(D129='2. Metadata'!M$1,'2. Metadata'!M$5, IF(D129='2. Metadata'!N$1,'2. Metadata'!N$5))))))))))))))","v":50.145},{"$f":"IF(ISBLANK(D129)=TRUE,\" \", IF(D129='2. Metadata'!B$1,'2. Metadata'!B$6, IF(D129='2. Metadata'!C$1,'2. Metadata'!C$6,IF(D129='2. Metadata'!D$1,'2. Metadata'!D$6, IF(D129='2. Metadata'!E$1,'2. Metadata'!E$6,IF( D129='2. Metadata'!F$1,'2. Metadata'!F$6,IF(D129='2. Metadata'!G$1,'2. Metadata'!G$6,IF(D129='2. Metadata'!H$1,'2. Metadata'!H$6, IF(D129='2. Metadata'!I$1,'2. Metadata'!I$6, IF(D129='2. Metadata'!J$1,'2. Metadata'!J$6, IF(D129='2. Metadata'!K$1,'2. Metadata'!K$6, IF(D129='2. Metadata'!L$1,'2. Metadata'!L$6, IF(D129='2. Metadata'!M$1,'2. Metadata'!M$6, IF(D129='2. Metadata'!N$1,'2. Metadata'!N$6))))))))))))))","v":-117.79389},"pH","N/A","In situ","pH units","actual","water","Not specified",7.54,"N/A"]
["2016-07-27","Not specified","Not specified","NEMCD01",{"$f":"IF(ISBLANK(D130)=TRUE,\" \", IF(D130='2. Metadata'!B$1,'2. Metadata'!B$5, IF(D130='2. Metadata'!C$1,'2. Metadata'!C$5,IF(D130='2. Metadata'!D$1,'2. Metadata'!D$5, IF(D130='2. Metadata'!E$1,'2. Metadata'!E$5,IF( D130='2. Metadata'!F$1,'2. Metadata'!F$5,IF(D130='2. Metadata'!G$1,'2. Metadata'!G$5,IF(D130='2. Metadata'!H$1,'2. Metadata'!H$5, IF(D130='2. Metadata'!I$1,'2. Metadata'!I$5, IF(D130='2. Metadata'!J$1,'2. Metadata'!J$5, IF(D130='2. Metadata'!K$1,'2. Metadata'!K$5, IF(D130='2. Metadata'!L$1,'2. Metadata'!L$5, IF(D130='2. Metadata'!M$1,'2. Metadata'!M$5, IF(D130='2. Metadata'!N$1,'2. Metadata'!N$5))))))))))))))","v":50.145},{"$f":"IF(ISBLANK(D130)=TRUE,\" \", IF(D130='2. Metadata'!B$1,'2. Metadata'!B$6, IF(D130='2. Metadata'!C$1,'2. Metadata'!C$6,IF(D130='2. Metadata'!D$1,'2. Metadata'!D$6, IF(D130='2. Metadata'!E$1,'2. Metadata'!E$6,IF( D130='2. Metadata'!F$1,'2. Metadata'!F$6,IF(D130='2. Metadata'!G$1,'2. Metadata'!G$6,IF(D130='2. Metadata'!H$1,'2. Metadata'!H$6, IF(D130='2. Metadata'!I$1,'2. Metadata'!I$6, IF(D130='2. Metadata'!J$1,'2. Metadata'!J$6, IF(D130='2. Metadata'!K$1,'2. Metadata'!K$6, IF(D130='2. Metadata'!L$1,'2. Metadata'!L$6, IF(D130='2. Metadata'!M$1,'2. Metadata'!M$6, IF(D130='2. Metadata'!N$1,'2. Metadata'!N$6))))))))))))))","v":-117.79389},"Turbidity","N/A","In situ","NTU","actual","water","Not specified",0.55,"N/A"]
["2016-07-27","Not specified","Not specified","NEMCD01",{"$f":"IF(ISBLANK(D131)=TRUE,\" \", IF(D131='2. Metadata'!B$1,'2. Metadata'!B$5, IF(D131='2. Metadata'!C$1,'2. Metadata'!C$5,IF(D131='2. Metadata'!D$1,'2. Metadata'!D$5, IF(D131='2. Metadata'!E$1,'2. Metadata'!E$5,IF( D131='2. Metadata'!F$1,'2. Metadata'!F$5,IF(D131='2. Metadata'!G$1,'2. Metadata'!G$5,IF(D131='2. Metadata'!H$1,'2. Metadata'!H$5, IF(D131='2. Metadata'!I$1,'2. Metadata'!I$5, IF(D131='2. Metadata'!J$1,'2. Metadata'!J$5, IF(D131='2. Metadata'!K$1,'2. Metadata'!K$5, IF(D131='2. Metadata'!L$1,'2. Metadata'!L$5, IF(D131='2. Metadata'!M$1,'2. Metadata'!M$5, IF(D131='2. Metadata'!N$1,'2. Metadata'!N$5))))))))))))))","v":50.145},{"$f":"IF(ISBLANK(D131)=TRUE,\" \", IF(D131='2. Metadata'!B$1,'2. Metadata'!B$6, IF(D131='2. Metadata'!C$1,'2. Metadata'!C$6,IF(D131='2. Metadata'!D$1,'2. Metadata'!D$6, IF(D131='2. Metadata'!E$1,'2. Metadata'!E$6,IF( D131='2. Metadata'!F$1,'2. Metadata'!F$6,IF(D131='2. Metadata'!G$1,'2. Metadata'!G$6,IF(D131='2. Metadata'!H$1,'2. Metadata'!H$6, IF(D131='2. Metadata'!I$1,'2. Metadata'!I$6, IF(D131='2. Metadata'!J$1,'2. Metadata'!J$6, IF(D131='2. Metadata'!K$1,'2. Metadata'!K$6, IF(D131='2. Metadata'!L$1,'2. Metadata'!L$6, IF(D131='2. Metadata'!M$1,'2. Metadata'!M$6, IF(D131='2. Metadata'!N$1,'2. Metadata'!N$6))))))))))))))","v":-117.79389},"Temperature","N/A","In situ","Degrees Celsius","actual","water","Not specified",11.5,"N/A"]
["2016-07-27","Not specified","Not specified","NEMCD01",{"$f":"IF(ISBLANK(D132)=TRUE,\" \", IF(D132='2. Metadata'!B$1,'2. Metadata'!B$5, IF(D132='2. Metadata'!C$1,'2. Metadata'!C$5,IF(D132='2. Metadata'!D$1,'2. Metadata'!D$5, IF(D132='2. Metadata'!E$1,'2. Metadata'!E$5,IF( D132='2. Metadata'!F$1,'2. Metadata'!F$5,IF(D132='2. Metadata'!G$1,'2. Metadata'!G$5,IF(D132='2. Metadata'!H$1,'2. Metadata'!H$5, IF(D132='2. Metadata'!I$1,'2. Metadata'!I$5, IF(D132='2. Metadata'!J$1,'2. Metadata'!J$5, IF(D132='2. Metadata'!K$1,'2. Metadata'!K$5, IF(D132='2. Metadata'!L$1,'2. Metadata'!L$5, IF(D132='2. Metadata'!M$1,'2. Metadata'!M$5, IF(D132='2. Metadata'!N$1,'2. Metadata'!N$5))))))))))))))","v":50.145},{"$f":"IF(ISBLANK(D132)=TRUE,\" \", IF(D132='2. Metadata'!B$1,'2. Metadata'!B$6, IF(D132='2. Metadata'!C$1,'2. Metadata'!C$6,IF(D132='2. Metadata'!D$1,'2. Metadata'!D$6, IF(D132='2. Metadata'!E$1,'2. Metadata'!E$6,IF( D132='2. Metadata'!F$1,'2. Metadata'!F$6,IF(D132='2. Metadata'!G$1,'2. Metadata'!G$6,IF(D132='2. Metadata'!H$1,'2. Metadata'!H$6, IF(D132='2. Metadata'!I$1,'2. Metadata'!I$6, IF(D132='2. Metadata'!J$1,'2. Metadata'!J$6, IF(D132='2. Metadata'!K$1,'2. Metadata'!K$6, IF(D132='2. Metadata'!L$1,'2. Metadata'!L$6, IF(D132='2. Metadata'!M$1,'2. Metadata'!M$6, IF(D132='2. Metadata'!N$1,'2. Metadata'!N$6))))))))))))))","v":-117.79389},"Temperature","N/A","In situ","Degrees Celsius","actual","air","Not specified",17,"Air temp"]
["2016-07-27","Not specified","Not specified","NEMCD01",{"$f":"IF(ISBLANK(D133)=TRUE,\" \", IF(D133='2. Metadata'!B$1,'2. Metadata'!B$5, IF(D133='2. Metadata'!C$1,'2. Metadata'!C$5,IF(D133='2. Metadata'!D$1,'2. Metadata'!D$5, IF(D133='2. Metadata'!E$1,'2. Metadata'!E$5,IF( D133='2. Metadata'!F$1,'2. Metadata'!F$5,IF(D133='2. Metadata'!G$1,'2. Metadata'!G$5,IF(D133='2. Metadata'!H$1,'2. Metadata'!H$5, IF(D133='2. Metadata'!I$1,'2. Metadata'!I$5, IF(D133='2. Metadata'!J$1,'2. Metadata'!J$5, IF(D133='2. Metadata'!K$1,'2. Metadata'!K$5, IF(D133='2. Metadata'!L$1,'2. Metadata'!L$5, IF(D133='2. Metadata'!M$1,'2. Metadata'!M$5, IF(D133='2. Metadata'!N$1,'2. Metadata'!N$5))))))))))))))","v":50.145},{"$f":"IF(ISBLANK(D133)=TRUE,\" \", IF(D133='2. Metadata'!B$1,'2. Metadata'!B$6, IF(D133='2. Metadata'!C$1,'2. Metadata'!C$6,IF(D133='2. Metadata'!D$1,'2. Metadata'!D$6, IF(D133='2. Metadata'!E$1,'2. Metadata'!E$6,IF( D133='2. Metadata'!F$1,'2. Metadata'!F$6,IF(D133='2. Metadata'!G$1,'2. Metadata'!G$6,IF(D133='2. Metadata'!H$1,'2. Metadata'!H$6, IF(D133='2. Metadata'!I$1,'2. Metadata'!I$6, IF(D133='2. Metadata'!J$1,'2. Metadata'!J$6, IF(D133='2. Metadata'!K$1,'2. Metadata'!K$6, IF(D133='2. Metadata'!L$1,'2. Metadata'!L$6, IF(D133='2. Metadata'!M$1,'2. Metadata'!M$6, IF(D133='2. Metadata'!N$1,'2. Metadata'!N$6))))))))))))))","v":-117.79389},"Phosphorus","as P","Sample analysed in lab","µg/L","actual","water",0.005,"<0.0050","N/A"]
["2016-07-27","Not specified","Not specified","NEMCD01",{"$f":"IF(ISBLANK(D134)=TRUE,\" \", IF(D134='2. Metadata'!B$1,'2. Metadata'!B$5, IF(D134='2. Metadata'!C$1,'2. Metadata'!C$5,IF(D134='2. Metadata'!D$1,'2. Metadata'!D$5, IF(D134='2. Metadata'!E$1,'2. Metadata'!E$5,IF( D134='2. Metadata'!F$1,'2. Metadata'!F$5,IF(D134='2. Metadata'!G$1,'2. Metadata'!G$5,IF(D134='2. Metadata'!H$1,'2. Metadata'!H$5, IF(D134='2. Metadata'!I$1,'2. Metadata'!I$5, IF(D134='2. Metadata'!J$1,'2. Metadata'!J$5, IF(D134='2. Metadata'!K$1,'2. Metadata'!K$5, IF(D134='2. Metadata'!L$1,'2. Metadata'!L$5, IF(D134='2. Metadata'!M$1,'2. Metadata'!M$5, IF(D134='2. Metadata'!N$1,'2. Metadata'!N$5))))))))))))))","v":50.145},{"$f":"IF(ISBLANK(D134)=TRUE,\" \", IF(D134='2. Metadata'!B$1,'2. Metadata'!B$6, IF(D134='2. Metadata'!C$1,'2. Metadata'!C$6,IF(D134='2. Metadata'!D$1,'2. Metadata'!D$6, IF(D134='2. Metadata'!E$1,'2. Metadata'!E$6,IF( D134='2. Metadata'!F$1,'2. Metadata'!F$6,IF(D134='2. Metadata'!G$1,'2. Metadata'!G$6,IF(D134='2. Metadata'!H$1,'2. Metadata'!H$6, IF(D134='2. Metadata'!I$1,'2. Metadata'!I$6, IF(D134='2. Metadata'!J$1,'2. Metadata'!J$6, IF(D134='2. Metadata'!K$1,'2. Metadata'!K$6, IF(D134='2. Metadata'!L$1,'2. Metadata'!L$6, IF(D134='2. Metadata'!M$1,'2. Metadata'!M$6, IF(D134='2. Metadata'!N$1,'2. Metadata'!N$6))))))))))))))","v":-117.79389},"Solids","Total Suspended","Sample analysed in lab","mg/L","actual","water",4,"<4.0","N/A"]
["2016-08-30","Not specified","Not specified","NEMCD01",{"$f":"IF(ISBLANK(D135)=TRUE,\" \", IF(D135='2. Metadata'!B$1,'2. Metadata'!B$5, IF(D135='2. Metadata'!C$1,'2. Metadata'!C$5,IF(D135='2. Metadata'!D$1,'2. Metadata'!D$5, IF(D135='2. Metadata'!E$1,'2. Metadata'!E$5,IF( D135='2. Metadata'!F$1,'2. Metadata'!F$5,IF(D135='2. Metadata'!G$1,'2. Metadata'!G$5,IF(D135='2. Metadata'!H$1,'2. Metadata'!H$5, IF(D135='2. Metadata'!I$1,'2. Metadata'!I$5, IF(D135='2. Metadata'!J$1,'2. Metadata'!J$5, IF(D135='2. Metadata'!K$1,'2. Metadata'!K$5, IF(D135='2. Metadata'!L$1,'2. Metadata'!L$5, IF(D135='2. Metadata'!M$1,'2. Metadata'!M$5, IF(D135='2. Metadata'!N$1,'2. Metadata'!N$5))))))))))))))","v":50.145},{"$f":"IF(ISBLANK(D135)=TRUE,\" \", IF(D135='2. Metadata'!B$1,'2. Metadata'!B$6, IF(D135='2. Metadata'!C$1,'2. Metadata'!C$6,IF(D135='2. Metadata'!D$1,'2. Metadata'!D$6, IF(D135='2. Metadata'!E$1,'2. Metadata'!E$6,IF( D135='2. Metadata'!F$1,'2. Metadata'!F$6,IF(D135='2. Metadata'!G$1,'2. Metadata'!G$6,IF(D135='2. Metadata'!H$1,'2. Metadata'!H$6, IF(D135='2. Metadata'!I$1,'2. Metadata'!I$6, IF(D135='2. Metadata'!J$1,'2. Metadata'!J$6, IF(D135='2. Metadata'!K$1,'2. Metadata'!K$6, IF(D135='2. Metadata'!L$1,'2. Metadata'!L$6, IF(D135='2. Metadata'!M$1,'2. Metadata'!M$6, IF(D135='2. Metadata'!N$1,'2. Metadata'!N$6))))))))))))))","v":-117.79389},"Phosphate","ortho-, dissolved (as P)","Sample analysed in lab","µg/L","actual","water",0.005,"<0.0050","N/A"]
["2016-08-30","Not specified","Not specified","NEMCD01",{"$f":"IF(ISBLANK(D136)=TRUE,\" \", IF(D136='2. Metadata'!B$1,'2. Metadata'!B$5, IF(D136='2. Metadata'!C$1,'2. Metadata'!C$5,IF(D136='2. Metadata'!D$1,'2. Metadata'!D$5, IF(D136='2. Metadata'!E$1,'2. Metadata'!E$5,IF( D136='2. Metadata'!F$1,'2. Metadata'!F$5,IF(D136='2. Metadata'!G$1,'2. Metadata'!G$5,IF(D136='2. Metadata'!H$1,'2. Metadata'!H$5, IF(D136='2. Metadata'!I$1,'2. Metadata'!I$5, IF(D136='2. Metadata'!J$1,'2. Metadata'!J$5, IF(D136='2. Metadata'!K$1,'2. Metadata'!K$5, IF(D136='2. Metadata'!L$1,'2. Metadata'!L$5, IF(D136='2. Metadata'!M$1,'2. Metadata'!M$5, IF(D136='2. Metadata'!N$1,'2. Metadata'!N$5))))))))))))))","v":50.145},{"$f":"IF(ISBLANK(D136)=TRUE,\" \", IF(D136='2. Metadata'!B$1,'2. Metadata'!B$6, IF(D136='2. Metadata'!C$1,'2. Metadata'!C$6,IF(D136='2. Metadata'!D$1,'2. Metadata'!D$6, IF(D136='2. Metadata'!E$1,'2. Metadata'!E$6,IF( D136='2. Metadata'!F$1,'2. Metadata'!F$6,IF(D136='2. Metadata'!G$1,'2. Metadata'!G$6,IF(D136='2. Metadata'!H$1,'2. Metadata'!H$6, IF(D136='2. Metadata'!I$1,'2. Metadata'!I$6, IF(D136='2. Metadata'!J$1,'2. Metadata'!J$6, IF(D136='2. Metadata'!K$1,'2. Metadata'!K$6, IF(D136='2. Metadata'!L$1,'2. Metadata'!L$6, IF(D136='2. Metadata'!M$1,'2. Metadata'!M$6, IF(D136='2. Metadata'!N$1,'2. Metadata'!N$6))))))))))))))","v":-117.79389},"Oxygen","Dissolved","In situ","mg/L","actual","water","not specified",10,"N/A"]
["2016-08-30","Not specified","Not specified","NEMCD01",{"$f":"IF(ISBLANK(D137)=TRUE,\" \", IF(D137='2. Metadata'!B$1,'2. Metadata'!B$5, IF(D137='2. Metadata'!C$1,'2. Metadata'!C$5,IF(D137='2. Metadata'!D$1,'2. Metadata'!D$5, IF(D137='2. Metadata'!E$1,'2. Metadata'!E$5,IF( D137='2. Metadata'!F$1,'2. Metadata'!F$5,IF(D137='2. Metadata'!G$1,'2. Metadata'!G$5,IF(D137='2. Metadata'!H$1,'2. Metadata'!H$5, IF(D137='2. Metadata'!I$1,'2. Metadata'!I$5, IF(D137='2. Metadata'!J$1,'2. Metadata'!J$5, IF(D137='2. Metadata'!K$1,'2. Metadata'!K$5, IF(D137='2. Metadata'!L$1,'2. Metadata'!L$5, IF(D137='2. Metadata'!M$1,'2. Metadata'!M$5, IF(D137='2. Metadata'!N$1,'2. Metadata'!N$5))))))))))))))","v":50.145},{"$f":"IF(ISBLANK(D137)=TRUE,\" \", IF(D137='2. Metadata'!B$1,'2. Metadata'!B$6, IF(D137='2. Metadata'!C$1,'2. Metadata'!C$6,IF(D137='2. Metadata'!D$1,'2. Metadata'!D$6, IF(D137='2. Metadata'!E$1,'2. Metadata'!E$6,IF( D137='2. Metadata'!F$1,'2. Metadata'!F$6,IF(D137='2. Metadata'!G$1,'2. Metadata'!G$6,IF(D137='2. Metadata'!H$1,'2. Metadata'!H$6, IF(D137='2. Metadata'!I$1,'2. Metadata'!I$6, IF(D137='2. Metadata'!J$1,'2. Metadata'!J$6, IF(D137='2. Metadata'!K$1,'2. Metadata'!K$6, IF(D137='2. Metadata'!L$1,'2. Metadata'!L$6, IF(D137='2. Metadata'!M$1,'2. Metadata'!M$6, IF(D137='2. Metadata'!N$1,'2. Metadata'!N$6))))))))))))))","v":-117.79389},"Conductivity ","EC","In situ","uS/cm","actual","water",1,298.1,"N/A"]
["2016-08-30","Not specified","Not specified","NEMCD01",{"$f":"IF(ISBLANK(D138)=TRUE,\" \", IF(D138='2. Metadata'!B$1,'2. Metadata'!B$5, IF(D138='2. Metadata'!C$1,'2. Metadata'!C$5,IF(D138='2. Metadata'!D$1,'2. Metadata'!D$5, IF(D138='2. Metadata'!E$1,'2. Metadata'!E$5,IF( D138='2. Metadata'!F$1,'2. Metadata'!F$5,IF(D138='2. Metadata'!G$1,'2. Metadata'!G$5,IF(D138='2. Metadata'!H$1,'2. Metadata'!H$5, IF(D138='2. Metadata'!I$1,'2. Metadata'!I$5, IF(D138='2. Metadata'!J$1,'2. Metadata'!J$5, IF(D138='2. Metadata'!K$1,'2. Metadata'!K$5, IF(D138='2. Metadata'!L$1,'2. Metadata'!L$5, IF(D138='2. Metadata'!M$1,'2. Metadata'!M$5, IF(D138='2. Metadata'!N$1,'2. Metadata'!N$5))))))))))))))","v":50.145},{"$f":"IF(ISBLANK(D138)=TRUE,\" \", IF(D138='2. Metadata'!B$1,'2. Metadata'!B$6, IF(D138='2. Metadata'!C$1,'2. Metadata'!C$6,IF(D138='2. Metadata'!D$1,'2. Metadata'!D$6, IF(D138='2. Metadata'!E$1,'2. Metadata'!E$6,IF( D138='2. Metadata'!F$1,'2. Metadata'!F$6,IF(D138='2. Metadata'!G$1,'2. Metadata'!G$6,IF(D138='2. Metadata'!H$1,'2. Metadata'!H$6, IF(D138='2. Metadata'!I$1,'2. Metadata'!I$6, IF(D138='2. Metadata'!J$1,'2. Metadata'!J$6, IF(D138='2. Metadata'!K$1,'2. Metadata'!K$6, IF(D138='2. Metadata'!L$1,'2. Metadata'!L$6, IF(D138='2. Metadata'!M$1,'2. Metadata'!M$6, IF(D138='2. Metadata'!N$1,'2. Metadata'!N$6))))))))))))))","v":-117.79389},"pH","N/A","In situ","pH units","actual","water","Not specified",6.39,"N/A"]
["2016-08-30","Not specified","Not specified","NEMCD01",{"$f":"IF(ISBLANK(D139)=TRUE,\" \", IF(D139='2. Metadata'!B$1,'2. Metadata'!B$5, IF(D139='2. Metadata'!C$1,'2. Metadata'!C$5,IF(D139='2. Metadata'!D$1,'2. Metadata'!D$5, IF(D139='2. Metadata'!E$1,'2. Metadata'!E$5,IF( D139='2. Metadata'!F$1,'2. Metadata'!F$5,IF(D139='2. Metadata'!G$1,'2. Metadata'!G$5,IF(D139='2. Metadata'!H$1,'2. Metadata'!H$5, IF(D139='2. Metadata'!I$1,'2. Metadata'!I$5, IF(D139='2. Metadata'!J$1,'2. Metadata'!J$5, IF(D139='2. Metadata'!K$1,'2. Metadata'!K$5, IF(D139='2. Metadata'!L$1,'2. Metadata'!L$5, IF(D139='2. Metadata'!M$1,'2. Metadata'!M$5, IF(D139='2. Metadata'!N$1,'2. Metadata'!N$5))))))))))))))","v":50.145},{"$f":"IF(ISBLANK(D139)=TRUE,\" \", IF(D139='2. Metadata'!B$1,'2. Metadata'!B$6, IF(D139='2. Metadata'!C$1,'2. Metadata'!C$6,IF(D139='2. Metadata'!D$1,'2. Metadata'!D$6, IF(D139='2. Metadata'!E$1,'2. Metadata'!E$6,IF( D139='2. Metadata'!F$1,'2. Metadata'!F$6,IF(D139='2. Metadata'!G$1,'2. Metadata'!G$6,IF(D139='2. Metadata'!H$1,'2. Metadata'!H$6, IF(D139='2. Metadata'!I$1,'2. Metadata'!I$6, IF(D139='2. Metadata'!J$1,'2. Metadata'!J$6, IF(D139='2. Metadata'!K$1,'2. Metadata'!K$6, IF(D139='2. Metadata'!L$1,'2. Metadata'!L$6, IF(D139='2. Metadata'!M$1,'2. Metadata'!M$6, IF(D139='2. Metadata'!N$1,'2. Metadata'!N$6))))))))))))))","v":-117.79389},"Turbidity","N/A","In situ","NTU","actual","water","Not specified",0.75,"N/A"]
["2016-08-30","Not specified","Not specified","NEMCD01",{"$f":"IF(ISBLANK(D140)=TRUE,\" \", IF(D140='2. Metadata'!B$1,'2. Metadata'!B$5, IF(D140='2. Metadata'!C$1,'2. Metadata'!C$5,IF(D140='2. Metadata'!D$1,'2. Metadata'!D$5, IF(D140='2. Metadata'!E$1,'2. Metadata'!E$5,IF( D140='2. Metadata'!F$1,'2. Metadata'!F$5,IF(D140='2. Metadata'!G$1,'2. Metadata'!G$5,IF(D140='2. Metadata'!H$1,'2. Metadata'!H$5, IF(D140='2. Metadata'!I$1,'2. Metadata'!I$5, IF(D140='2. Metadata'!J$1,'2. Metadata'!J$5, IF(D140='2. Metadata'!K$1,'2. Metadata'!K$5, IF(D140='2. Metadata'!L$1,'2. Metadata'!L$5, IF(D140='2. Metadata'!M$1,'2. Metadata'!M$5, IF(D140='2. Metadata'!N$1,'2. Metadata'!N$5))))))))))))))","v":50.145},{"$f":"IF(ISBLANK(D140)=TRUE,\" \", IF(D140='2. Metadata'!B$1,'2. Metadata'!B$6, IF(D140='2. Metadata'!C$1,'2. Metadata'!C$6,IF(D140='2. Metadata'!D$1,'2. Metadata'!D$6, IF(D140='2. Metadata'!E$1,'2. Metadata'!E$6,IF( D140='2. Metadata'!F$1,'2. Metadata'!F$6,IF(D140='2. Metadata'!G$1,'2. Metadata'!G$6,IF(D140='2. Metadata'!H$1,'2. Metadata'!H$6, IF(D140='2. Metadata'!I$1,'2. Metadata'!I$6, IF(D140='2. Metadata'!J$1,'2. Metadata'!J$6, IF(D140='2. Metadata'!K$1,'2. Metadata'!K$6, IF(D140='2. Metadata'!L$1,'2. Metadata'!L$6, IF(D140='2. Metadata'!M$1,'2. Metadata'!M$6, IF(D140='2. Metadata'!N$1,'2. Metadata'!N$6))))))))))))))","v":-117.79389},"Temperature","N/A","In situ","Degrees Celsius","actual","water","Not specified",11,"N/A"]
["2016-08-30","Not specified","Not specified","NEMCD01",{"$f":"IF(ISBLANK(D141)=TRUE,\" \", IF(D141='2. Metadata'!B$1,'2. Metadata'!B$5, IF(D141='2. Metadata'!C$1,'2. Metadata'!C$5,IF(D141='2. Metadata'!D$1,'2. Metadata'!D$5, IF(D141='2. Metadata'!E$1,'2. Metadata'!E$5,IF( D141='2. Metadata'!F$1,'2. Metadata'!F$5,IF(D141='2. Metadata'!G$1,'2. Metadata'!G$5,IF(D141='2. Metadata'!H$1,'2. Metadata'!H$5, IF(D141='2. Metadata'!I$1,'2. Metadata'!I$5, IF(D141='2. Metadata'!J$1,'2. Metadata'!J$5, IF(D141='2. Metadata'!K$1,'2. Metadata'!K$5, IF(D141='2. Metadata'!L$1,'2. Metadata'!L$5, IF(D141='2. Metadata'!M$1,'2. Metadata'!M$5, IF(D141='2. Metadata'!N$1,'2. Metadata'!N$5))))))))))))))","v":50.145},{"$f":"IF(ISBLANK(D141)=TRUE,\" \", IF(D141='2. Metadata'!B$1,'2. Metadata'!B$6, IF(D141='2. Metadata'!C$1,'2. Metadata'!C$6,IF(D141='2. Metadata'!D$1,'2. Metadata'!D$6, IF(D141='2. Metadata'!E$1,'2. Metadata'!E$6,IF( D141='2. Metadata'!F$1,'2. Metadata'!F$6,IF(D141='2. Metadata'!G$1,'2. Metadata'!G$6,IF(D141='2. Metadata'!H$1,'2. Metadata'!H$6, IF(D141='2. Metadata'!I$1,'2. Metadata'!I$6, IF(D141='2. Metadata'!J$1,'2. Metadata'!J$6, IF(D141='2. Metadata'!K$1,'2. Metadata'!K$6, IF(D141='2. Metadata'!L$1,'2. Metadata'!L$6, IF(D141='2. Metadata'!M$1,'2. Metadata'!M$6, IF(D141='2. Metadata'!N$1,'2. Metadata'!N$6))))))))))))))","v":-117.79389},"Temperature","N/A","In situ","Degrees Celsius","actual","air","Not specified",12.5,"Air temp"]
["2016-09-28","Not specified","Not specified","NEMCD01",{"$f":"IF(ISBLANK(D142)=TRUE,\" \", IF(D142='2. Metadata'!B$1,'2. Metadata'!B$5, IF(D142='2. Metadata'!C$1,'2. Metadata'!C$5,IF(D142='2. Metadata'!D$1,'2. Metadata'!D$5, IF(D142='2. Metadata'!E$1,'2. Metadata'!E$5,IF( D142='2. Metadata'!F$1,'2. Metadata'!F$5,IF(D142='2. Metadata'!G$1,'2. Metadata'!G$5,IF(D142='2. Metadata'!H$1,'2. Metadata'!H$5, IF(D142='2. Metadata'!I$1,'2. Metadata'!I$5, IF(D142='2. Metadata'!J$1,'2. Metadata'!J$5, IF(D142='2. Metadata'!K$1,'2. Metadata'!K$5, IF(D142='2. Metadata'!L$1,'2. Metadata'!L$5, IF(D142='2. Metadata'!M$1,'2. Metadata'!M$5, IF(D142='2. Metadata'!N$1,'2. Metadata'!N$5))))))))))))))","v":50.145},{"$f":"IF(ISBLANK(D142)=TRUE,\" \", IF(D142='2. Metadata'!B$1,'2. Metadata'!B$6, IF(D142='2. Metadata'!C$1,'2. Metadata'!C$6,IF(D142='2. Metadata'!D$1,'2. Metadata'!D$6, IF(D142='2. Metadata'!E$1,'2. Metadata'!E$6,IF( D142='2. Metadata'!F$1,'2. Metadata'!F$6,IF(D142='2. Metadata'!G$1,'2. Metadata'!G$6,IF(D142='2. Metadata'!H$1,'2. Metadata'!H$6, IF(D142='2. Metadata'!I$1,'2. Metadata'!I$6, IF(D142='2. Metadata'!J$1,'2. Metadata'!J$6, IF(D142='2. Metadata'!K$1,'2. Metadata'!K$6, IF(D142='2. Metadata'!L$1,'2. Metadata'!L$6, IF(D142='2. Metadata'!M$1,'2. Metadata'!M$6, IF(D142='2. Metadata'!N$1,'2. Metadata'!N$6))))))))))))))","v":-117.79389},"Nitrite ","as N","Sample analysed in lab","mg/L","actual","water",0.005,"<0.005","Duplicate"]
["2016-09-28","Not specified","Not specified","NEMCD01",{"$f":"IF(ISBLANK(D143)=TRUE,\" \", IF(D143='2. Metadata'!B$1,'2. Metadata'!B$5, IF(D143='2. Metadata'!C$1,'2. Metadata'!C$5,IF(D143='2. Metadata'!D$1,'2. Metadata'!D$5, IF(D143='2. Metadata'!E$1,'2. Metadata'!E$5,IF( D143='2. Metadata'!F$1,'2. Metadata'!F$5,IF(D143='2. Metadata'!G$1,'2. Metadata'!G$5,IF(D143='2. Metadata'!H$1,'2. Metadata'!H$5, IF(D143='2. Metadata'!I$1,'2. Metadata'!I$5, IF(D143='2. Metadata'!J$1,'2. Metadata'!J$5, IF(D143='2. Metadata'!K$1,'2. Metadata'!K$5, IF(D143='2. Metadata'!L$1,'2. Metadata'!L$5, IF(D143='2. Metadata'!M$1,'2. Metadata'!M$5, IF(D143='2. Metadata'!N$1,'2. Metadata'!N$5))))))))))))))","v":50.145},{"$f":"IF(ISBLANK(D143)=TRUE,\" \", IF(D143='2. Metadata'!B$1,'2. Metadata'!B$6, IF(D143='2. Metadata'!C$1,'2. Metadata'!C$6,IF(D143='2. Metadata'!D$1,'2. Metadata'!D$6, IF(D143='2. Metadata'!E$1,'2. Metadata'!E$6,IF( D143='2. Metadata'!F$1,'2. Metadata'!F$6,IF(D143='2. Metadata'!G$1,'2. Metadata'!G$6,IF(D143='2. Metadata'!H$1,'2. Metadata'!H$6, IF(D143='2. Metadata'!I$1,'2. Metadata'!I$6, IF(D143='2. Metadata'!J$1,'2. Metadata'!J$6, IF(D143='2. Metadata'!K$1,'2. Metadata'!K$6, IF(D143='2. Metadata'!L$1,'2. Metadata'!L$6, IF(D143='2. Metadata'!M$1,'2. Metadata'!M$6, IF(D143='2. Metadata'!N$1,'2. Metadata'!N$6))))))))))))))","v":-117.79389},"Nitrite ","as N","Sample analysed in lab","mg/L","actual","water",0.005,"<0.005","Blank"]
["2016-09-28","Not specified","Not specified","NEMCD01",{"$f":"IF(ISBLANK(D144)=TRUE,\" \", IF(D144='2. Metadata'!B$1,'2. Metadata'!B$5, IF(D144='2. Metadata'!C$1,'2. Metadata'!C$5,IF(D144='2. Metadata'!D$1,'2. Metadata'!D$5, IF(D144='2. Metadata'!E$1,'2. Metadata'!E$5,IF( D144='2. Metadata'!F$1,'2. Metadata'!F$5,IF(D144='2. Metadata'!G$1,'2. Metadata'!G$5,IF(D144='2. Metadata'!H$1,'2. Metadata'!H$5, IF(D144='2. Metadata'!I$1,'2. Metadata'!I$5, IF(D144='2. Metadata'!J$1,'2. Metadata'!J$5, IF(D144='2. Metadata'!K$1,'2. Metadata'!K$5, IF(D144='2. Metadata'!L$1,'2. Metadata'!L$5, IF(D144='2. Metadata'!M$1,'2. Metadata'!M$5, IF(D144='2. Metadata'!N$1,'2. Metadata'!N$5))))))))))))))","v":50.145},{"$f":"IF(ISBLANK(D144)=TRUE,\" \", IF(D144='2. Metadata'!B$1,'2. Metadata'!B$6, IF(D144='2. Metadata'!C$1,'2. Metadata'!C$6,IF(D144='2. Metadata'!D$1,'2. Metadata'!D$6, IF(D144='2. Metadata'!E$1,'2. Metadata'!E$6,IF( D144='2. Metadata'!F$1,'2. Metadata'!F$6,IF(D144='2. Metadata'!G$1,'2. Metadata'!G$6,IF(D144='2. Metadata'!H$1,'2. Metadata'!H$6, IF(D144='2. Metadata'!I$1,'2. Metadata'!I$6, IF(D144='2. Metadata'!J$1,'2. Metadata'!J$6, IF(D144='2. Metadata'!K$1,'2. Metadata'!K$6, IF(D144='2. Metadata'!L$1,'2. Metadata'!L$6, IF(D144='2. Metadata'!M$1,'2. Metadata'!M$6, IF(D144='2. Metadata'!N$1,'2. Metadata'!N$6))))))))))))))","v":-117.79389},"Nitrate","as N","Sample analysed in lab","mg/L","actual","water",0.02,0.03,"Duplicate"]
["2016-09-28","Not specified","Not specified","NEMCD01",{"$f":"IF(ISBLANK(D145)=TRUE,\" \", IF(D145='2. Metadata'!B$1,'2. Metadata'!B$5, IF(D145='2. Metadata'!C$1,'2. Metadata'!C$5,IF(D145='2. Metadata'!D$1,'2. Metadata'!D$5, IF(D145='2. Metadata'!E$1,'2. Metadata'!E$5,IF( D145='2. Metadata'!F$1,'2. Metadata'!F$5,IF(D145='2. Metadata'!G$1,'2. Metadata'!G$5,IF(D145='2. Metadata'!H$1,'2. Metadata'!H$5, IF(D145='2. Metadata'!I$1,'2. Metadata'!I$5, IF(D145='2. Metadata'!J$1,'2. Metadata'!J$5, IF(D145='2. Metadata'!K$1,'2. Metadata'!K$5, IF(D145='2. Metadata'!L$1,'2. Metadata'!L$5, IF(D145='2. Metadata'!M$1,'2. Metadata'!M$5, IF(D145='2. Metadata'!N$1,'2. Metadata'!N$5))))))))))))))","v":50.145},{"$f":"IF(ISBLANK(D145)=TRUE,\" \", IF(D145='2. Metadata'!B$1,'2. Metadata'!B$6, IF(D145='2. Metadata'!C$1,'2. Metadata'!C$6,IF(D145='2. Metadata'!D$1,'2. Metadata'!D$6, IF(D145='2. Metadata'!E$1,'2. Metadata'!E$6,IF( D145='2. Metadata'!F$1,'2. Metadata'!F$6,IF(D145='2. Metadata'!G$1,'2. Metadata'!G$6,IF(D145='2. Metadata'!H$1,'2. Metadata'!H$6, IF(D145='2. Metadata'!I$1,'2. Metadata'!I$6, IF(D145='2. Metadata'!J$1,'2. Metadata'!J$6, IF(D145='2. Metadata'!K$1,'2. Metadata'!K$6, IF(D145='2. Metadata'!L$1,'2. Metadata'!L$6, IF(D145='2. Metadata'!M$1,'2. Metadata'!M$6, IF(D145='2. Metadata'!N$1,'2. Metadata'!N$6))))))))))))))","v":-117.79389},"Nitrate","as N","Sample analysed in lab","mg/L","actual","water",0.02,"<0.02","Blank"]
["2016-09-28","Not specified","Not specified","NEMCD01",{"$f":"IF(ISBLANK(D146)=TRUE,\" \", IF(D146='2. Metadata'!B$1,'2. Metadata'!B$5, IF(D146='2. Metadata'!C$1,'2. Metadata'!C$5,IF(D146='2. Metadata'!D$1,'2. Metadata'!D$5, IF(D146='2. Metadata'!E$1,'2. Metadata'!E$5,IF( D146='2. Metadata'!F$1,'2. Metadata'!F$5,IF(D146='2. Metadata'!G$1,'2. Metadata'!G$5,IF(D146='2. Metadata'!H$1,'2. Metadata'!H$5, IF(D146='2. Metadata'!I$1,'2. Metadata'!I$5, IF(D146='2. Metadata'!J$1,'2. Metadata'!J$5, IF(D146='2. Metadata'!K$1,'2. Metadata'!K$5, IF(D146='2. Metadata'!L$1,'2. Metadata'!L$5, IF(D146='2. Metadata'!M$1,'2. Metadata'!M$5, IF(D146='2. Metadata'!N$1,'2. Metadata'!N$5))))))))))))))","v":50.145},{"$f":"IF(ISBLANK(D146)=TRUE,\" \", IF(D146='2. Metadata'!B$1,'2. Metadata'!B$6, IF(D146='2. Metadata'!C$1,'2. Metadata'!C$6,IF(D146='2. Metadata'!D$1,'2. Metadata'!D$6, IF(D146='2. Metadata'!E$1,'2. Metadata'!E$6,IF( D146='2. Metadata'!F$1,'2. Metadata'!F$6,IF(D146='2. Metadata'!G$1,'2. Metadata'!G$6,IF(D146='2. Metadata'!H$1,'2. Metadata'!H$6, IF(D146='2. Metadata'!I$1,'2. Metadata'!I$6, IF(D146='2. Metadata'!J$1,'2. Metadata'!J$6, IF(D146='2. Metadata'!K$1,'2. Metadata'!K$6, IF(D146='2. Metadata'!L$1,'2. Metadata'!L$6, IF(D146='2. Metadata'!M$1,'2. Metadata'!M$6, IF(D146='2. Metadata'!N$1,'2. Metadata'!N$6))))))))))))))","v":-117.79389},"Alkalinity","Total (as CaCO3)","Sample analysed in lab","mg/L","actual","water",0.5,129,"Duplicate"]
["2016-09-28","Not specified","Not specified","NEMCD01",{"$f":"IF(ISBLANK(D147)=TRUE,\" \", IF(D147='2. Metadata'!B$1,'2. Metadata'!B$5, IF(D147='2. Metadata'!C$1,'2. Metadata'!C$5,IF(D147='2. Metadata'!D$1,'2. Metadata'!D$5, IF(D147='2. Metadata'!E$1,'2. Metadata'!E$5,IF( D147='2. Metadata'!F$1,'2. Metadata'!F$5,IF(D147='2. Metadata'!G$1,'2. Metadata'!G$5,IF(D147='2. Metadata'!H$1,'2. Metadata'!H$5, IF(D147='2. Metadata'!I$1,'2. Metadata'!I$5, IF(D147='2. Metadata'!J$1,'2. Metadata'!J$5, IF(D147='2. Metadata'!K$1,'2. Metadata'!K$5, IF(D147='2. Metadata'!L$1,'2. Metadata'!L$5, IF(D147='2. Metadata'!M$1,'2. Metadata'!M$5, IF(D147='2. Metadata'!N$1,'2. Metadata'!N$5))))))))))))))","v":50.145},{"$f":"IF(ISBLANK(D147)=TRUE,\" \", IF(D147='2. Metadata'!B$1,'2. Metadata'!B$6, IF(D147='2. Metadata'!C$1,'2. Metadata'!C$6,IF(D147='2. Metadata'!D$1,'2. Metadata'!D$6, IF(D147='2. Metadata'!E$1,'2. Metadata'!E$6,IF( D147='2. Metadata'!F$1,'2. Metadata'!F$6,IF(D147='2. Metadata'!G$1,'2. Metadata'!G$6,IF(D147='2. Metadata'!H$1,'2. Metadata'!H$6, IF(D147='2. Metadata'!I$1,'2. Metadata'!I$6, IF(D147='2. Metadata'!J$1,'2. Metadata'!J$6, IF(D147='2. Metadata'!K$1,'2. Metadata'!K$6, IF(D147='2. Metadata'!L$1,'2. Metadata'!L$6, IF(D147='2. Metadata'!M$1,'2. Metadata'!M$6, IF(D147='2. Metadata'!N$1,'2. Metadata'!N$6))))))))))))))","v":-117.79389},"Alkalinity","Total (as CaCO3)","Sample analysed in lab","mg/L","actual","water",0.5,"<0.5","Blank"]
["2016-09-28","Not specified","Not specified","NEMCD01",{"$f":"IF(ISBLANK(D148)=TRUE,\" \", IF(D148='2. Metadata'!B$1,'2. Metadata'!B$5, IF(D148='2. Metadata'!C$1,'2. Metadata'!C$5,IF(D148='2. Metadata'!D$1,'2. Metadata'!D$5, IF(D148='2. Metadata'!E$1,'2. Metadata'!E$5,IF( D148='2. Metadata'!F$1,'2. Metadata'!F$5,IF(D148='2. Metadata'!G$1,'2. Metadata'!G$5,IF(D148='2. Metadata'!H$1,'2. Metadata'!H$5, IF(D148='2. Metadata'!I$1,'2. Metadata'!I$5, IF(D148='2. Metadata'!J$1,'2. Metadata'!J$5, IF(D148='2. Metadata'!K$1,'2. Metadata'!K$5, IF(D148='2. Metadata'!L$1,'2. Metadata'!L$5, IF(D148='2. Metadata'!M$1,'2. Metadata'!M$5, IF(D148='2. Metadata'!N$1,'2. Metadata'!N$5))))))))))))))","v":50.145},{"$f":"IF(ISBLANK(D148)=TRUE,\" \", IF(D148='2. Metadata'!B$1,'2. Metadata'!B$6, IF(D148='2. Metadata'!C$1,'2. Metadata'!C$6,IF(D148='2. Metadata'!D$1,'2. Metadata'!D$6, IF(D148='2. Metadata'!E$1,'2. Metadata'!E$6,IF( D148='2. Metadata'!F$1,'2. Metadata'!F$6,IF(D148='2. Metadata'!G$1,'2. Metadata'!G$6,IF(D148='2. Metadata'!H$1,'2. Metadata'!H$6, IF(D148='2. Metadata'!I$1,'2. Metadata'!I$6, IF(D148='2. Metadata'!J$1,'2. Metadata'!J$6, IF(D148='2. Metadata'!K$1,'2. Metadata'!K$6, IF(D148='2. Metadata'!L$1,'2. Metadata'!L$6, IF(D148='2. Metadata'!M$1,'2. Metadata'!M$6, IF(D148='2. Metadata'!N$1,'2. Metadata'!N$6))))))))))))))","v":-117.79389},"Alkalinity","Phenolphthalein (as CaCO3)","Sample analysed in lab","mg/L","actual","water",0.5,"<0.5","Duplicate"]
["2016-09-28","Not specified","Not specified","NEMCD01",{"$f":"IF(ISBLANK(D149)=TRUE,\" \", IF(D149='2. Metadata'!B$1,'2. Metadata'!B$5, IF(D149='2. Metadata'!C$1,'2. Metadata'!C$5,IF(D149='2. Metadata'!D$1,'2. Metadata'!D$5, IF(D149='2. Metadata'!E$1,'2. Metadata'!E$5,IF( D149='2. Metadata'!F$1,'2. Metadata'!F$5,IF(D149='2. Metadata'!G$1,'2. Metadata'!G$5,IF(D149='2. Metadata'!H$1,'2. Metadata'!H$5, IF(D149='2. Metadata'!I$1,'2. Metadata'!I$5, IF(D149='2. Metadata'!J$1,'2. Metadata'!J$5, IF(D149='2. Metadata'!K$1,'2. Metadata'!K$5, IF(D149='2. Metadata'!L$1,'2. Metadata'!L$5, IF(D149='2. Metadata'!M$1,'2. Metadata'!M$5, IF(D149='2. Metadata'!N$1,'2. Metadata'!N$5))))))))))))))","v":50.145},{"$f":"IF(ISBLANK(D149)=TRUE,\" \", IF(D149='2. Metadata'!B$1,'2. Metadata'!B$6, IF(D149='2. Metadata'!C$1,'2. Metadata'!C$6,IF(D149='2. Metadata'!D$1,'2. Metadata'!D$6, IF(D149='2. Metadata'!E$1,'2. Metadata'!E$6,IF( D149='2. Metadata'!F$1,'2. Metadata'!F$6,IF(D149='2. Metadata'!G$1,'2. Metadata'!G$6,IF(D149='2. Metadata'!H$1,'2. Metadata'!H$6, IF(D149='2. Metadata'!I$1,'2. Metadata'!I$6, IF(D149='2. Metadata'!J$1,'2. Metadata'!J$6, IF(D149='2. Metadata'!K$1,'2. Metadata'!K$6, IF(D149='2. Metadata'!L$1,'2. Metadata'!L$6, IF(D149='2. Metadata'!M$1,'2. Metadata'!M$6, IF(D149='2. Metadata'!N$1,'2. Metadata'!N$6))))))))))))))","v":-117.79389},"Alkalinity","Phenolphthalein (as CaCO3)","Sample analysed in lab","mg/L","actual","water",0.5,"<0.5","Blank"]
["2016-09-28","Not specified","Not specified","NEMCD01",{"$f":"IF(ISBLANK(D150)=TRUE,\" \", IF(D150='2. Metadata'!B$1,'2. Metadata'!B$5, IF(D150='2. Metadata'!C$1,'2. Metadata'!C$5,IF(D150='2. Metadata'!D$1,'2. Metadata'!D$5, IF(D150='2. Metadata'!E$1,'2. Metadata'!E$5,IF( D150='2. Metadata'!F$1,'2. Metadata'!F$5,IF(D150='2. Metadata'!G$1,'2. Metadata'!G$5,IF(D150='2. Metadata'!H$1,'2. Metadata'!H$5, IF(D150='2. Metadata'!I$1,'2. Metadata'!I$5, IF(D150='2. Metadata'!J$1,'2. Metadata'!J$5, IF(D150='2. Metadata'!K$1,'2. Metadata'!K$5, IF(D150='2. Metadata'!L$1,'2. Metadata'!L$5, IF(D150='2. Metadata'!M$1,'2. Metadata'!M$5, IF(D150='2. Metadata'!N$1,'2. Metadata'!N$5))))))))))))))","v":50.145},{"$f":"IF(ISBLANK(D150)=TRUE,\" \", IF(D150='2. Metadata'!B$1,'2. Metadata'!B$6, IF(D150='2. Metadata'!C$1,'2. Metadata'!C$6,IF(D150='2. Metadata'!D$1,'2. Metadata'!D$6, IF(D150='2. Metadata'!E$1,'2. Metadata'!E$6,IF( D150='2. Metadata'!F$1,'2. Metadata'!F$6,IF(D150='2. Metadata'!G$1,'2. Metadata'!G$6,IF(D150='2. Metadata'!H$1,'2. Metadata'!H$6, IF(D150='2. Metadata'!I$1,'2. Metadata'!I$6, IF(D150='2. Metadata'!J$1,'2. Metadata'!J$6, IF(D150='2. Metadata'!K$1,'2. Metadata'!K$6, IF(D150='2. Metadata'!L$1,'2. Metadata'!L$6, IF(D150='2. Metadata'!M$1,'2. Metadata'!M$6, IF(D150='2. Metadata'!N$1,'2. Metadata'!N$6))))))))))))))","v":-117.79389},"Bicarbonate ","HCO3","Sample analysed in lab","mg/L","actual","water",0.5,158,"Duplicate"]
["2016-09-28","Not specified","Not specified","NEMCD01",{"$f":"IF(ISBLANK(D151)=TRUE,\" \", IF(D151='2. Metadata'!B$1,'2. Metadata'!B$5, IF(D151='2. Metadata'!C$1,'2. Metadata'!C$5,IF(D151='2. Metadata'!D$1,'2. Metadata'!D$5, IF(D151='2. Metadata'!E$1,'2. Metadata'!E$5,IF( D151='2. Metadata'!F$1,'2. Metadata'!F$5,IF(D151='2. Metadata'!G$1,'2. Metadata'!G$5,IF(D151='2. Metadata'!H$1,'2. Metadata'!H$5, IF(D151='2. Metadata'!I$1,'2. Metadata'!I$5, IF(D151='2. Metadata'!J$1,'2. Metadata'!J$5, IF(D151='2. Metadata'!K$1,'2. Metadata'!K$5, IF(D151='2. Metadata'!L$1,'2. Metadata'!L$5, IF(D151='2. Metadata'!M$1,'2. Metadata'!M$5, IF(D151='2. Metadata'!N$1,'2. Metadata'!N$5))))))))))))))","v":50.145},{"$f":"IF(ISBLANK(D151)=TRUE,\" \", IF(D151='2. Metadata'!B$1,'2. Metadata'!B$6, IF(D151='2. Metadata'!C$1,'2. Metadata'!C$6,IF(D151='2. Metadata'!D$1,'2. Metadata'!D$6, IF(D151='2. Metadata'!E$1,'2. Metadata'!E$6,IF( D151='2. Metadata'!F$1,'2. Metadata'!F$6,IF(D151='2. Metadata'!G$1,'2. Metadata'!G$6,IF(D151='2. Metadata'!H$1,'2. Metadata'!H$6, IF(D151='2. Metadata'!I$1,'2. Metadata'!I$6, IF(D151='2. Metadata'!J$1,'2. Metadata'!J$6, IF(D151='2. Metadata'!K$1,'2. Metadata'!K$6, IF(D151='2. Metadata'!L$1,'2. Metadata'!L$6, IF(D151='2. Metadata'!M$1,'2. Metadata'!M$6, IF(D151='2. Metadata'!N$1,'2. Metadata'!N$6))))))))))))))","v":-117.79389},"Bicarbonate ","HCO3","Sample analysed in lab","mg/L","actual","water",0.5,"<0.5","Blank"]
["2016-09-28","Not specified","Not specified","NEMCD01",{"$f":"IF(ISBLANK(D152)=TRUE,\" \", IF(D152='2. Metadata'!B$1,'2. Metadata'!B$5, IF(D152='2. Metadata'!C$1,'2. Metadata'!C$5,IF(D152='2. Metadata'!D$1,'2. Metadata'!D$5, IF(D152='2. Metadata'!E$1,'2. Metadata'!E$5,IF( D152='2. Metadata'!F$1,'2. Metadata'!F$5,IF(D152='2. Metadata'!G$1,'2. Metadata'!G$5,IF(D152='2. Metadata'!H$1,'2. Metadata'!H$5, IF(D152='2. Metadata'!I$1,'2. Metadata'!I$5, IF(D152='2. Metadata'!J$1,'2. Metadata'!J$5, IF(D152='2. Metadata'!K$1,'2. Metadata'!K$5, IF(D152='2. Metadata'!L$1,'2. Metadata'!L$5, IF(D152='2. Metadata'!M$1,'2. Metadata'!M$5, IF(D152='2. Metadata'!N$1,'2. Metadata'!N$5))))))))))))))","v":50.145},{"$f":"IF(ISBLANK(D152)=TRUE,\" \", IF(D152='2. Metadata'!B$1,'2. Metadata'!B$6, IF(D152='2. Metadata'!C$1,'2. Metadata'!C$6,IF(D152='2. Metadata'!D$1,'2. Metadata'!D$6, IF(D152='2. Metadata'!E$1,'2. Metadata'!E$6,IF( D152='2. Metadata'!F$1,'2. Metadata'!F$6,IF(D152='2. Metadata'!G$1,'2. Metadata'!G$6,IF(D152='2. Metadata'!H$1,'2. Metadata'!H$6, IF(D152='2. Metadata'!I$1,'2. Metadata'!I$6, IF(D152='2. Metadata'!J$1,'2. Metadata'!J$6, IF(D152='2. Metadata'!K$1,'2. Metadata'!K$6, IF(D152='2. Metadata'!L$1,'2. Metadata'!L$6, IF(D152='2. Metadata'!M$1,'2. Metadata'!M$6, IF(D152='2. Metadata'!N$1,'2. Metadata'!N$6))))))))))))))","v":-117.79389},"Carbonate","CO3","Sample analysed in lab","mg/L","actual","water",0.5,"<0.5","Duplicate"]
["2016-09-28","Not specified","Not specified","NEMCD01",{"$f":"IF(ISBLANK(D153)=TRUE,\" \", IF(D153='2. Metadata'!B$1,'2. Metadata'!B$5, IF(D153='2. Metadata'!C$1,'2. Metadata'!C$5,IF(D153='2. Metadata'!D$1,'2. Metadata'!D$5, IF(D153='2. Metadata'!E$1,'2. Metadata'!E$5,IF( D153='2. Metadata'!F$1,'2. Metadata'!F$5,IF(D153='2. Metadata'!G$1,'2. Metadata'!G$5,IF(D153='2. Metadata'!H$1,'2. Metadata'!H$5, IF(D153='2. Metadata'!I$1,'2. Metadata'!I$5, IF(D153='2. Metadata'!J$1,'2. Metadata'!J$5, IF(D153='2. Metadata'!K$1,'2. Metadata'!K$5, IF(D153='2. Metadata'!L$1,'2. Metadata'!L$5, IF(D153='2. Metadata'!M$1,'2. Metadata'!M$5, IF(D153='2. Metadata'!N$1,'2. Metadata'!N$5))))))))))))))","v":50.145},{"$f":"IF(ISBLANK(D153)=TRUE,\" \", IF(D153='2. Metadata'!B$1,'2. Metadata'!B$6, IF(D153='2. Metadata'!C$1,'2. Metadata'!C$6,IF(D153='2. Metadata'!D$1,'2. Metadata'!D$6, IF(D153='2. Metadata'!E$1,'2. Metadata'!E$6,IF( D153='2. Metadata'!F$1,'2. Metadata'!F$6,IF(D153='2. Metadata'!G$1,'2. Metadata'!G$6,IF(D153='2. Metadata'!H$1,'2. Metadata'!H$6, IF(D153='2. Metadata'!I$1,'2. Metadata'!I$6, IF(D153='2. Metadata'!J$1,'2. Metadata'!J$6, IF(D153='2. Metadata'!K$1,'2. Metadata'!K$6, IF(D153='2. Metadata'!L$1,'2. Metadata'!L$6, IF(D153='2. Metadata'!M$1,'2. Metadata'!M$6, IF(D153='2. Metadata'!N$1,'2. Metadata'!N$6))))))))))))))","v":-117.79389},"Carbonate","CO3","Sample analysed in lab","mg/L","actual","water",0.5,"<0.5","Blank"]
["2016-09-28","Not specified","Not specified","NEMCD01",{"$f":"IF(ISBLANK(D154)=TRUE,\" \", IF(D154='2. Metadata'!B$1,'2. Metadata'!B$5, IF(D154='2. Metadata'!C$1,'2. Metadata'!C$5,IF(D154='2. Metadata'!D$1,'2. Metadata'!D$5, IF(D154='2. Metadata'!E$1,'2. Metadata'!E$5,IF( D154='2. Metadata'!F$1,'2. Metadata'!F$5,IF(D154='2. Metadata'!G$1,'2. Metadata'!G$5,IF(D154='2. Metadata'!H$1,'2. Metadata'!H$5, IF(D154='2. Metadata'!I$1,'2. Metadata'!I$5, IF(D154='2. Metadata'!J$1,'2. Metadata'!J$5, IF(D154='2. Metadata'!K$1,'2. Metadata'!K$5, IF(D154='2. Metadata'!L$1,'2. Metadata'!L$5, IF(D154='2. Metadata'!M$1,'2. Metadata'!M$5, IF(D154='2. Metadata'!N$1,'2. Metadata'!N$5))))))))))))))","v":50.145},{"$f":"IF(ISBLANK(D154)=TRUE,\" \", IF(D154='2. Metadata'!B$1,'2. Metadata'!B$6, IF(D154='2. Metadata'!C$1,'2. Metadata'!C$6,IF(D154='2. Metadata'!D$1,'2. Metadata'!D$6, IF(D154='2. Metadata'!E$1,'2. Metadata'!E$6,IF( D154='2. Metadata'!F$1,'2. Metadata'!F$6,IF(D154='2. Metadata'!G$1,'2. Metadata'!G$6,IF(D154='2. Metadata'!H$1,'2. Metadata'!H$6, IF(D154='2. Metadata'!I$1,'2. Metadata'!I$6, IF(D154='2. Metadata'!J$1,'2. Metadata'!J$6, IF(D154='2. Metadata'!K$1,'2. Metadata'!K$6, IF(D154='2. Metadata'!L$1,'2. Metadata'!L$6, IF(D154='2. Metadata'!M$1,'2. Metadata'!M$6, IF(D154='2. Metadata'!N$1,'2. Metadata'!N$6))))))))))))))","v":-117.79389},"Hydroxide ","OH","Sample analysed in lab","mg/L","actual","water",0.5,"<0.5","Duplicate"]
["2016-09-28","Not specified","Not specified","NEMCD01",{"$f":"IF(ISBLANK(D155)=TRUE,\" \", IF(D155='2. Metadata'!B$1,'2. Metadata'!B$5, IF(D155='2. Metadata'!C$1,'2. Metadata'!C$5,IF(D155='2. Metadata'!D$1,'2. Metadata'!D$5, IF(D155='2. Metadata'!E$1,'2. Metadata'!E$5,IF( D155='2. Metadata'!F$1,'2. Metadata'!F$5,IF(D155='2. Metadata'!G$1,'2. Metadata'!G$5,IF(D155='2. Metadata'!H$1,'2. Metadata'!H$5, IF(D155='2. Metadata'!I$1,'2. Metadata'!I$5, IF(D155='2. Metadata'!J$1,'2. Metadata'!J$5, IF(D155='2. Metadata'!K$1,'2. Metadata'!K$5, IF(D155='2. Metadata'!L$1,'2. Metadata'!L$5, IF(D155='2. Metadata'!M$1,'2. Metadata'!M$5, IF(D155='2. Metadata'!N$1,'2. Metadata'!N$5))))))))))))))","v":50.145},{"$f":"IF(ISBLANK(D155)=TRUE,\" \", IF(D155='2. Metadata'!B$1,'2. Metadata'!B$6, IF(D155='2. Metadata'!C$1,'2. Metadata'!C$6,IF(D155='2. Metadata'!D$1,'2. Metadata'!D$6, IF(D155='2. Metadata'!E$1,'2. Metadata'!E$6,IF( D155='2. Metadata'!F$1,'2. Metadata'!F$6,IF(D155='2. Metadata'!G$1,'2. Metadata'!G$6,IF(D155='2. Metadata'!H$1,'2. Metadata'!H$6, IF(D155='2. Metadata'!I$1,'2. Metadata'!I$6, IF(D155='2. Metadata'!J$1,'2. Metadata'!J$6, IF(D155='2. Metadata'!K$1,'2. Metadata'!K$6, IF(D155='2. Metadata'!L$1,'2. Metadata'!L$6, IF(D155='2. Metadata'!M$1,'2. Metadata'!M$6, IF(D155='2. Metadata'!N$1,'2. Metadata'!N$6))))))))))))))","v":-117.79389},"Hydroxide ","OH","Sample analysed in lab","mg/L","actual","water",0.5,"<0.5","Blank"]
["2016-09-28","Not specified","Not specified","NEMCD01",{"$f":"IF(ISBLANK(D156)=TRUE,\" \", IF(D156='2. Metadata'!B$1,'2. Metadata'!B$5, IF(D156='2. Metadata'!C$1,'2. Metadata'!C$5,IF(D156='2. Metadata'!D$1,'2. Metadata'!D$5, IF(D156='2. Metadata'!E$1,'2. Metadata'!E$5,IF( D156='2. Metadata'!F$1,'2. Metadata'!F$5,IF(D156='2. Metadata'!G$1,'2. Metadata'!G$5,IF(D156='2. Metadata'!H$1,'2. Metadata'!H$5, IF(D156='2. Metadata'!I$1,'2. Metadata'!I$5, IF(D156='2. Metadata'!J$1,'2. Metadata'!J$5, IF(D156='2. Metadata'!K$1,'2. Metadata'!K$5, IF(D156='2. Metadata'!L$1,'2. Metadata'!L$5, IF(D156='2. Metadata'!M$1,'2. Metadata'!M$5, IF(D156='2. Metadata'!N$1,'2. Metadata'!N$5))))))))))))))","v":50.145},{"$f":"IF(ISBLANK(D156)=TRUE,\" \", IF(D156='2. Metadata'!B$1,'2. Metadata'!B$6, IF(D156='2. Metadata'!C$1,'2. Metadata'!C$6,IF(D156='2. Metadata'!D$1,'2. Metadata'!D$6, IF(D156='2. Metadata'!E$1,'2. Metadata'!E$6,IF( D156='2. Metadata'!F$1,'2. Metadata'!F$6,IF(D156='2. Metadata'!G$1,'2. Metadata'!G$6,IF(D156='2. Metadata'!H$1,'2. Metadata'!H$6, IF(D156='2. Metadata'!I$1,'2. Metadata'!I$6, IF(D156='2. Metadata'!J$1,'2. Metadata'!J$6, IF(D156='2. Metadata'!K$1,'2. Metadata'!K$6, IF(D156='2. Metadata'!L$1,'2. Metadata'!L$6, IF(D156='2. Metadata'!M$1,'2. Metadata'!M$6, IF(D156='2. Metadata'!N$1,'2. Metadata'!N$6))))))))))))))","v":-117.79389},"Nitrate+Nitrite ","as N","Sample analysed in lab","mg/L","actual","water",0.02,0.03,"Duplicate"]
["2016-09-28","Not specified","Not specified","NEMCD01",{"$f":"IF(ISBLANK(D157)=TRUE,\" \", IF(D157='2. Metadata'!B$1,'2. Metadata'!B$5, IF(D157='2. Metadata'!C$1,'2. Metadata'!C$5,IF(D157='2. Metadata'!D$1,'2. Metadata'!D$5, IF(D157='2. Metadata'!E$1,'2. Metadata'!E$5,IF( D157='2. Metadata'!F$1,'2. Metadata'!F$5,IF(D157='2. Metadata'!G$1,'2. Metadata'!G$5,IF(D157='2. Metadata'!H$1,'2. Metadata'!H$5, IF(D157='2. Metadata'!I$1,'2. Metadata'!I$5, IF(D157='2. Metadata'!J$1,'2. Metadata'!J$5, IF(D157='2. Metadata'!K$1,'2. Metadata'!K$5, IF(D157='2. Metadata'!L$1,'2. Metadata'!L$5, IF(D157='2. Metadata'!M$1,'2. Metadata'!M$5, IF(D157='2. Metadata'!N$1,'2. Metadata'!N$5))))))))))))))","v":50.145},{"$f":"IF(ISBLANK(D157)=TRUE,\" \", IF(D157='2. Metadata'!B$1,'2. Metadata'!B$6, IF(D157='2. Metadata'!C$1,'2. Metadata'!C$6,IF(D157='2. Metadata'!D$1,'2. Metadata'!D$6, IF(D157='2. Metadata'!E$1,'2. Metadata'!E$6,IF( D157='2. Metadata'!F$1,'2. Metadata'!F$6,IF(D157='2. Metadata'!G$1,'2. Metadata'!G$6,IF(D157='2. Metadata'!H$1,'2. Metadata'!H$6, IF(D157='2. Metadata'!I$1,'2. Metadata'!I$6, IF(D157='2. Metadata'!J$1,'2. Metadata'!J$6, IF(D157='2. Metadata'!K$1,'2. Metadata'!K$6, IF(D157='2. Metadata'!L$1,'2. Metadata'!L$6, IF(D157='2. Metadata'!M$1,'2. Metadata'!M$6, IF(D157='2. Metadata'!N$1,'2. Metadata'!N$6))))))))))))))","v":-117.79389},"Nitrate+Nitrite ","as N","Sample analysed in lab","mg/L","actual","water",0.02,"<0.02","Blank"]
["2016-09-28","Not specified","Not specified","NEMCD01",{"$f":"IF(ISBLANK(D158)=TRUE,\" \", IF(D158='2. Metadata'!B$1,'2. Metadata'!B$5, IF(D158='2. Metadata'!C$1,'2. Metadata'!C$5,IF(D158='2. Metadata'!D$1,'2. Metadata'!D$5, IF(D158='2. Metadata'!E$1,'2. Metadata'!E$5,IF( D158='2. Metadata'!F$1,'2. Metadata'!F$5,IF(D158='2. Metadata'!G$1,'2. Metadata'!G$5,IF(D158='2. Metadata'!H$1,'2. Metadata'!H$5, IF(D158='2. Metadata'!I$1,'2. Metadata'!I$5, IF(D158='2. Metadata'!J$1,'2. Metadata'!J$5, IF(D158='2. Metadata'!K$1,'2. Metadata'!K$5, IF(D158='2. Metadata'!L$1,'2. Metadata'!L$5, IF(D158='2. Metadata'!M$1,'2. Metadata'!M$5, IF(D158='2. Metadata'!N$1,'2. Metadata'!N$5))))))))))))))","v":50.145},{"$f":"IF(ISBLANK(D158)=TRUE,\" \", IF(D158='2. Metadata'!B$1,'2. Metadata'!B$6, IF(D158='2. Metadata'!C$1,'2. Metadata'!C$6,IF(D158='2. Metadata'!D$1,'2. Metadata'!D$6, IF(D158='2. Metadata'!E$1,'2. Metadata'!E$6,IF( D158='2. Metadata'!F$1,'2. Metadata'!F$6,IF(D158='2. Metadata'!G$1,'2. Metadata'!G$6,IF(D158='2. Metadata'!H$1,'2. Metadata'!H$6, IF(D158='2. Metadata'!I$1,'2. Metadata'!I$6, IF(D158='2. Metadata'!J$1,'2. Metadata'!J$6, IF(D158='2. Metadata'!K$1,'2. Metadata'!K$6, IF(D158='2. Metadata'!L$1,'2. Metadata'!L$6, IF(D158='2. Metadata'!M$1,'2. Metadata'!M$6, IF(D158='2. Metadata'!N$1,'2. Metadata'!N$6))))))))))))))","v":-117.79389},"Phosphate","ortho-, dissolved (as P)","Sample analysed in lab","µg/L","actual","water",0.005,"<0.0050","Duplicate"]
["2016-09-28","Not specified","Not specified","NEMCD01",{"$f":"IF(ISBLANK(D159)=TRUE,\" \", IF(D159='2. Metadata'!B$1,'2. Metadata'!B$5, IF(D159='2. Metadata'!C$1,'2. Metadata'!C$5,IF(D159='2. Metadata'!D$1,'2. Metadata'!D$5, IF(D159='2. Metadata'!E$1,'2. Metadata'!E$5,IF( D159='2. Metadata'!F$1,'2. Metadata'!F$5,IF(D159='2. Metadata'!G$1,'2. Metadata'!G$5,IF(D159='2. Metadata'!H$1,'2. Metadata'!H$5, IF(D159='2. Metadata'!I$1,'2. Metadata'!I$5, IF(D159='2. Metadata'!J$1,'2. Metadata'!J$5, IF(D159='2. Metadata'!K$1,'2. Metadata'!K$5, IF(D159='2. Metadata'!L$1,'2. Metadata'!L$5, IF(D159='2. Metadata'!M$1,'2. Metadata'!M$5, IF(D159='2. Metadata'!N$1,'2. Metadata'!N$5))))))))))))))","v":50.145},{"$f":"IF(ISBLANK(D159)=TRUE,\" \", IF(D159='2. Metadata'!B$1,'2. Metadata'!B$6, IF(D159='2. Metadata'!C$1,'2. Metadata'!C$6,IF(D159='2. Metadata'!D$1,'2. Metadata'!D$6, IF(D159='2. Metadata'!E$1,'2. Metadata'!E$6,IF( D159='2. Metadata'!F$1,'2. Metadata'!F$6,IF(D159='2. Metadata'!G$1,'2. Metadata'!G$6,IF(D159='2. Metadata'!H$1,'2. Metadata'!H$6, IF(D159='2. Metadata'!I$1,'2. Metadata'!I$6, IF(D159='2. Metadata'!J$1,'2. Metadata'!J$6, IF(D159='2. Metadata'!K$1,'2. Metadata'!K$6, IF(D159='2. Metadata'!L$1,'2. Metadata'!L$6, IF(D159='2. Metadata'!M$1,'2. Metadata'!M$6, IF(D159='2. Metadata'!N$1,'2. Metadata'!N$6))))))))))))))","v":-117.79389},"Phosphate","ortho-, dissolved (as P)","Sample analysed in lab","µg/L","actual","water",0.005,"<0.0050","Blank"]
["2016-09-28","Not specified","Not specified","NEMCD01",{"$f":"IF(ISBLANK(D160)=TRUE,\" \", IF(D160='2. Metadata'!B$1,'2. Metadata'!B$5, IF(D160='2. Metadata'!C$1,'2. Metadata'!C$5,IF(D160='2. Metadata'!D$1,'2. Metadata'!D$5, IF(D160='2. Metadata'!E$1,'2. Metadata'!E$5,IF( D160='2. Metadata'!F$1,'2. Metadata'!F$5,IF(D160='2. Metadata'!G$1,'2. Metadata'!G$5,IF(D160='2. Metadata'!H$1,'2. Metadata'!H$5, IF(D160='2. Metadata'!I$1,'2. Metadata'!I$5, IF(D160='2. Metadata'!J$1,'2. Metadata'!J$5, IF(D160='2. Metadata'!K$1,'2. Metadata'!K$5, IF(D160='2. Metadata'!L$1,'2. Metadata'!L$5, IF(D160='2. Metadata'!M$1,'2. Metadata'!M$5, IF(D160='2. Metadata'!N$1,'2. Metadata'!N$5))))))))))))))","v":50.145},{"$f":"IF(ISBLANK(D160)=TRUE,\" \", IF(D160='2. Metadata'!B$1,'2. Metadata'!B$6, IF(D160='2. Metadata'!C$1,'2. Metadata'!C$6,IF(D160='2. Metadata'!D$1,'2. Metadata'!D$6, IF(D160='2. Metadata'!E$1,'2. Metadata'!E$6,IF( D160='2. Metadata'!F$1,'2. Metadata'!F$6,IF(D160='2. Metadata'!G$1,'2. Metadata'!G$6,IF(D160='2. Metadata'!H$1,'2. Metadata'!H$6, IF(D160='2. Metadata'!I$1,'2. Metadata'!I$6, IF(D160='2. Metadata'!J$1,'2. Metadata'!J$6, IF(D160='2. Metadata'!K$1,'2. Metadata'!K$6, IF(D160='2. Metadata'!L$1,'2. Metadata'!L$6, IF(D160='2. Metadata'!M$1,'2. Metadata'!M$6, IF(D160='2. Metadata'!N$1,'2. Metadata'!N$6))))))))))))))","v":-117.79389},"Oxygen","Dissolved","In situ","mg/L","actual","water","not specified",10,"N/A"]
["2016-09-28","Not specified","Not specified","NEMCD01",{"$f":"IF(ISBLANK(D161)=TRUE,\" \", IF(D161='2. Metadata'!B$1,'2. Metadata'!B$5, IF(D161='2. Metadata'!C$1,'2. Metadata'!C$5,IF(D161='2. Metadata'!D$1,'2. Metadata'!D$5, IF(D161='2. Metadata'!E$1,'2. Metadata'!E$5,IF( D161='2. Metadata'!F$1,'2. Metadata'!F$5,IF(D161='2. Metadata'!G$1,'2. Metadata'!G$5,IF(D161='2. Metadata'!H$1,'2. Metadata'!H$5, IF(D161='2. Metadata'!I$1,'2. Metadata'!I$5, IF(D161='2. Metadata'!J$1,'2. Metadata'!J$5, IF(D161='2. Metadata'!K$1,'2. Metadata'!K$5, IF(D161='2. Metadata'!L$1,'2. Metadata'!L$5, IF(D161='2. Metadata'!M$1,'2. Metadata'!M$5, IF(D161='2. Metadata'!N$1,'2. Metadata'!N$5))))))))))))))","v":50.145},{"$f":"IF(ISBLANK(D161)=TRUE,\" \", IF(D161='2. Metadata'!B$1,'2. Metadata'!B$6, IF(D161='2. Metadata'!C$1,'2. Metadata'!C$6,IF(D161='2. Metadata'!D$1,'2. Metadata'!D$6, IF(D161='2. Metadata'!E$1,'2. Metadata'!E$6,IF( D161='2. Metadata'!F$1,'2. Metadata'!F$6,IF(D161='2. Metadata'!G$1,'2. Metadata'!G$6,IF(D161='2. Metadata'!H$1,'2. Metadata'!H$6, IF(D161='2. Metadata'!I$1,'2. Metadata'!I$6, IF(D161='2. Metadata'!J$1,'2. Metadata'!J$6, IF(D161='2. Metadata'!K$1,'2. Metadata'!K$6, IF(D161='2. Metadata'!L$1,'2. Metadata'!L$6, IF(D161='2. Metadata'!M$1,'2. Metadata'!M$6, IF(D161='2. Metadata'!N$1,'2. Metadata'!N$6))))))))))))))","v":-117.79389},"Conductivity ","EC","In situ","uS/cm","actual","water",1,296.1,"N/A"]
["2016-09-28","Not specified","Not specified","NEMCD01",{"$f":"IF(ISBLANK(D162)=TRUE,\" \", IF(D162='2. Metadata'!B$1,'2. Metadata'!B$5, IF(D162='2. Metadata'!C$1,'2. Metadata'!C$5,IF(D162='2. Metadata'!D$1,'2. Metadata'!D$5, IF(D162='2. Metadata'!E$1,'2. Metadata'!E$5,IF( D162='2. Metadata'!F$1,'2. Metadata'!F$5,IF(D162='2. Metadata'!G$1,'2. Metadata'!G$5,IF(D162='2. Metadata'!H$1,'2. Metadata'!H$5, IF(D162='2. Metadata'!I$1,'2. Metadata'!I$5, IF(D162='2. Metadata'!J$1,'2. Metadata'!J$5, IF(D162='2. Metadata'!K$1,'2. Metadata'!K$5, IF(D162='2. Metadata'!L$1,'2. Metadata'!L$5, IF(D162='2. Metadata'!M$1,'2. Metadata'!M$5, IF(D162='2. Metadata'!N$1,'2. Metadata'!N$5))))))))))))))","v":50.145},{"$f":"IF(ISBLANK(D162)=TRUE,\" \", IF(D162='2. Metadata'!B$1,'2. Metadata'!B$6, IF(D162='2. Metadata'!C$1,'2. Metadata'!C$6,IF(D162='2. Metadata'!D$1,'2. Metadata'!D$6, IF(D162='2. Metadata'!E$1,'2. Metadata'!E$6,IF( D162='2. Metadata'!F$1,'2. Metadata'!F$6,IF(D162='2. Metadata'!G$1,'2. Metadata'!G$6,IF(D162='2. Metadata'!H$1,'2. Metadata'!H$6, IF(D162='2. Metadata'!I$1,'2. Metadata'!I$6, IF(D162='2. Metadata'!J$1,'2. Metadata'!J$6, IF(D162='2. Metadata'!K$1,'2. Metadata'!K$6, IF(D162='2. Metadata'!L$1,'2. Metadata'!L$6, IF(D162='2. Metadata'!M$1,'2. Metadata'!M$6, IF(D162='2. Metadata'!N$1,'2. Metadata'!N$6))))))))))))))","v":-117.79389},"Conductivity ","EC","In situ","uS/cm","actual","water",1,289,"Duplicate "]
["2016-09-28","Not specified","Not specified","NEMCD01",{"$f":"IF(ISBLANK(D163)=TRUE,\" \", IF(D163='2. Metadata'!B$1,'2. Metadata'!B$5, IF(D163='2. Metadata'!C$1,'2. Metadata'!C$5,IF(D163='2. Metadata'!D$1,'2. Metadata'!D$5, IF(D163='2. Metadata'!E$1,'2. Metadata'!E$5,IF( D163='2. Metadata'!F$1,'2. Metadata'!F$5,IF(D163='2. Metadata'!G$1,'2. Metadata'!G$5,IF(D163='2. Metadata'!H$1,'2. Metadata'!H$5, IF(D163='2. Metadata'!I$1,'2. Metadata'!I$5, IF(D163='2. Metadata'!J$1,'2. Metadata'!J$5, IF(D163='2. Metadata'!K$1,'2. Metadata'!K$5, IF(D163='2. Metadata'!L$1,'2. Metadata'!L$5, IF(D163='2. Metadata'!M$1,'2. Metadata'!M$5, IF(D163='2. Metadata'!N$1,'2. Metadata'!N$5))))))))))))))","v":50.145},{"$f":"IF(ISBLANK(D163)=TRUE,\" \", IF(D163='2. Metadata'!B$1,'2. Metadata'!B$6, IF(D163='2. Metadata'!C$1,'2. Metadata'!C$6,IF(D163='2. Metadata'!D$1,'2. Metadata'!D$6, IF(D163='2. Metadata'!E$1,'2. Metadata'!E$6,IF( D163='2. Metadata'!F$1,'2. Metadata'!F$6,IF(D163='2. Metadata'!G$1,'2. Metadata'!G$6,IF(D163='2. Metadata'!H$1,'2. Metadata'!H$6, IF(D163='2. Metadata'!I$1,'2. Metadata'!I$6, IF(D163='2. Metadata'!J$1,'2. Metadata'!J$6, IF(D163='2. Metadata'!K$1,'2. Metadata'!K$6, IF(D163='2. Metadata'!L$1,'2. Metadata'!L$6, IF(D163='2. Metadata'!M$1,'2. Metadata'!M$6, IF(D163='2. Metadata'!N$1,'2. Metadata'!N$6))))))))))))))","v":-117.79389},"Conductivity ","EC","In situ","uS/cm","actual","water",1,"<1.0","Blank"]
["2016-09-28","Not specified","Not specified","NEMCD01",{"$f":"IF(ISBLANK(D164)=TRUE,\" \", IF(D164='2. Metadata'!B$1,'2. Metadata'!B$5, IF(D164='2. Metadata'!C$1,'2. Metadata'!C$5,IF(D164='2. Metadata'!D$1,'2. Metadata'!D$5, IF(D164='2. Metadata'!E$1,'2. Metadata'!E$5,IF( D164='2. Metadata'!F$1,'2. Metadata'!F$5,IF(D164='2. Metadata'!G$1,'2. Metadata'!G$5,IF(D164='2. Metadata'!H$1,'2. Metadata'!H$5, IF(D164='2. Metadata'!I$1,'2. Metadata'!I$5, IF(D164='2. Metadata'!J$1,'2. Metadata'!J$5, IF(D164='2. Metadata'!K$1,'2. Metadata'!K$5, IF(D164='2. Metadata'!L$1,'2. Metadata'!L$5, IF(D164='2. Metadata'!M$1,'2. Metadata'!M$5, IF(D164='2. Metadata'!N$1,'2. Metadata'!N$5))))))))))))))","v":50.145},{"$f":"IF(ISBLANK(D164)=TRUE,\" \", IF(D164='2. Metadata'!B$1,'2. Metadata'!B$6, IF(D164='2. Metadata'!C$1,'2. Metadata'!C$6,IF(D164='2. Metadata'!D$1,'2. Metadata'!D$6, IF(D164='2. Metadata'!E$1,'2. Metadata'!E$6,IF( D164='2. Metadata'!F$1,'2. Metadata'!F$6,IF(D164='2. Metadata'!G$1,'2. Metadata'!G$6,IF(D164='2. Metadata'!H$1,'2. Metadata'!H$6, IF(D164='2. Metadata'!I$1,'2. Metadata'!I$6, IF(D164='2. Metadata'!J$1,'2. Metadata'!J$6, IF(D164='2. Metadata'!K$1,'2. Metadata'!K$6, IF(D164='2. Metadata'!L$1,'2. Metadata'!L$6, IF(D164='2. Metadata'!M$1,'2. Metadata'!M$6, IF(D164='2. Metadata'!N$1,'2. Metadata'!N$6))))))))))))))","v":-117.79389},"pH","N/A","In situ","pH units","actual","water","Not specified",7.59,"N/A"]
["2016-09-28","Not specified","Not specified","NEMCD01",{"$f":"IF(ISBLANK(D165)=TRUE,\" \", IF(D165='2. Metadata'!B$1,'2. Metadata'!B$5, IF(D165='2. Metadata'!C$1,'2. Metadata'!C$5,IF(D165='2. Metadata'!D$1,'2. Metadata'!D$5, IF(D165='2. Metadata'!E$1,'2. Metadata'!E$5,IF( D165='2. Metadata'!F$1,'2. Metadata'!F$5,IF(D165='2. Metadata'!G$1,'2. Metadata'!G$5,IF(D165='2. Metadata'!H$1,'2. Metadata'!H$5, IF(D165='2. Metadata'!I$1,'2. Metadata'!I$5, IF(D165='2. Metadata'!J$1,'2. Metadata'!J$5, IF(D165='2. Metadata'!K$1,'2. Metadata'!K$5, IF(D165='2. Metadata'!L$1,'2. Metadata'!L$5, IF(D165='2. Metadata'!M$1,'2. Metadata'!M$5, IF(D165='2. Metadata'!N$1,'2. Metadata'!N$5))))))))))))))","v":50.145},{"$f":"IF(ISBLANK(D165)=TRUE,\" \", IF(D165='2. Metadata'!B$1,'2. Metadata'!B$6, IF(D165='2. Metadata'!C$1,'2. Metadata'!C$6,IF(D165='2. Metadata'!D$1,'2. Metadata'!D$6, IF(D165='2. Metadata'!E$1,'2. Metadata'!E$6,IF( D165='2. Metadata'!F$1,'2. Metadata'!F$6,IF(D165='2. Metadata'!G$1,'2. Metadata'!G$6,IF(D165='2. Metadata'!H$1,'2. Metadata'!H$6, IF(D165='2. Metadata'!I$1,'2. Metadata'!I$6, IF(D165='2. Metadata'!J$1,'2. Metadata'!J$6, IF(D165='2. Metadata'!K$1,'2. Metadata'!K$6, IF(D165='2. Metadata'!L$1,'2. Metadata'!L$6, IF(D165='2. Metadata'!M$1,'2. Metadata'!M$6, IF(D165='2. Metadata'!N$1,'2. Metadata'!N$6))))))))))))))","v":-117.79389},"Turbidity","N/A","In situ","NTU","actual","water","Not specified",0.39,"N/A"]
["2016-09-28","Not specified","Not specified","NEMCD01",{"$f":"IF(ISBLANK(D166)=TRUE,\" \", IF(D166='2. Metadata'!B$1,'2. Metadata'!B$5, IF(D166='2. Metadata'!C$1,'2. Metadata'!C$5,IF(D166='2. Metadata'!D$1,'2. Metadata'!D$5, IF(D166='2. Metadata'!E$1,'2. Metadata'!E$5,IF( D166='2. Metadata'!F$1,'2. Metadata'!F$5,IF(D166='2. Metadata'!G$1,'2. Metadata'!G$5,IF(D166='2. Metadata'!H$1,'2. Metadata'!H$5, IF(D166='2. Metadata'!I$1,'2. Metadata'!I$5, IF(D166='2. Metadata'!J$1,'2. Metadata'!J$5, IF(D166='2. Metadata'!K$1,'2. Metadata'!K$5, IF(D166='2. Metadata'!L$1,'2. Metadata'!L$5, IF(D166='2. Metadata'!M$1,'2. Metadata'!M$5, IF(D166='2. Metadata'!N$1,'2. Metadata'!N$5))))))))))))))","v":50.145},{"$f":"IF(ISBLANK(D166)=TRUE,\" \", IF(D166='2. Metadata'!B$1,'2. Metadata'!B$6, IF(D166='2. Metadata'!C$1,'2. Metadata'!C$6,IF(D166='2. Metadata'!D$1,'2. Metadata'!D$6, IF(D166='2. Metadata'!E$1,'2. Metadata'!E$6,IF( D166='2. Metadata'!F$1,'2. Metadata'!F$6,IF(D166='2. Metadata'!G$1,'2. Metadata'!G$6,IF(D166='2. Metadata'!H$1,'2. Metadata'!H$6, IF(D166='2. Metadata'!I$1,'2. Metadata'!I$6, IF(D166='2. Metadata'!J$1,'2. Metadata'!J$6, IF(D166='2. Metadata'!K$1,'2. Metadata'!K$6, IF(D166='2. Metadata'!L$1,'2. Metadata'!L$6, IF(D166='2. Metadata'!M$1,'2. Metadata'!M$6, IF(D166='2. Metadata'!N$1,'2. Metadata'!N$6))))))))))))))","v":-117.79389},"Turbidity","N/A","In situ","NTU","actual","water","Not specified",0.14,"Duplicate"]
["2016-09-28","Not specified","Not specified","NEMCD01",{"$f":"IF(ISBLANK(D167)=TRUE,\" \", IF(D167='2. Metadata'!B$1,'2. Metadata'!B$5, IF(D167='2. Metadata'!C$1,'2. Metadata'!C$5,IF(D167='2. Metadata'!D$1,'2. Metadata'!D$5, IF(D167='2. Metadata'!E$1,'2. Metadata'!E$5,IF( D167='2. Metadata'!F$1,'2. Metadata'!F$5,IF(D167='2. Metadata'!G$1,'2. Metadata'!G$5,IF(D167='2. Metadata'!H$1,'2. Metadata'!H$5, IF(D167='2. Metadata'!I$1,'2. Metadata'!I$5, IF(D167='2. Metadata'!J$1,'2. Metadata'!J$5, IF(D167='2. Metadata'!K$1,'2. Metadata'!K$5, IF(D167='2. Metadata'!L$1,'2. Metadata'!L$5, IF(D167='2. Metadata'!M$1,'2. Metadata'!M$5, IF(D167='2. Metadata'!N$1,'2. Metadata'!N$5))))))))))))))","v":50.145},{"$f":"IF(ISBLANK(D167)=TRUE,\" \", IF(D167='2. Metadata'!B$1,'2. Metadata'!B$6, IF(D167='2. Metadata'!C$1,'2. Metadata'!C$6,IF(D167='2. Metadata'!D$1,'2. Metadata'!D$6, IF(D167='2. Metadata'!E$1,'2. Metadata'!E$6,IF( D167='2. Metadata'!F$1,'2. Metadata'!F$6,IF(D167='2. Metadata'!G$1,'2. Metadata'!G$6,IF(D167='2. Metadata'!H$1,'2. Metadata'!H$6, IF(D167='2. Metadata'!I$1,'2. Metadata'!I$6, IF(D167='2. Metadata'!J$1,'2. Metadata'!J$6, IF(D167='2. Metadata'!K$1,'2. Metadata'!K$6, IF(D167='2. Metadata'!L$1,'2. Metadata'!L$6, IF(D167='2. Metadata'!M$1,'2. Metadata'!M$6, IF(D167='2. Metadata'!N$1,'2. Metadata'!N$6))))))))))))))","v":-117.79389},"Turbidity","N/A","In situ","NTU","actual","water","Not specified",0.16,"Blank"]
["2016-09-28","Not specified","Not specified","NEMCD01",{"$f":"IF(ISBLANK(D168)=TRUE,\" \", IF(D168='2. Metadata'!B$1,'2. Metadata'!B$5, IF(D168='2. Metadata'!C$1,'2. Metadata'!C$5,IF(D168='2. Metadata'!D$1,'2. Metadata'!D$5, IF(D168='2. Metadata'!E$1,'2. Metadata'!E$5,IF( D168='2. Metadata'!F$1,'2. Metadata'!F$5,IF(D168='2. Metadata'!G$1,'2. Metadata'!G$5,IF(D168='2. Metadata'!H$1,'2. Metadata'!H$5, IF(D168='2. Metadata'!I$1,'2. Metadata'!I$5, IF(D168='2. Metadata'!J$1,'2. Metadata'!J$5, IF(D168='2. Metadata'!K$1,'2. Metadata'!K$5, IF(D168='2. Metadata'!L$1,'2. Metadata'!L$5, IF(D168='2. Metadata'!M$1,'2. Metadata'!M$5, IF(D168='2. Metadata'!N$1,'2. Metadata'!N$5))))))))))))))","v":50.145},{"$f":"IF(ISBLANK(D168)=TRUE,\" \", IF(D168='2. Metadata'!B$1,'2. Metadata'!B$6, IF(D168='2. Metadata'!C$1,'2. Metadata'!C$6,IF(D168='2. Metadata'!D$1,'2. Metadata'!D$6, IF(D168='2. Metadata'!E$1,'2. Metadata'!E$6,IF( D168='2. Metadata'!F$1,'2. Metadata'!F$6,IF(D168='2. Metadata'!G$1,'2. Metadata'!G$6,IF(D168='2. Metadata'!H$1,'2. Metadata'!H$6, IF(D168='2. Metadata'!I$1,'2. Metadata'!I$6, IF(D168='2. Metadata'!J$1,'2. Metadata'!J$6, IF(D168='2. Metadata'!K$1,'2. Metadata'!K$6, IF(D168='2. Metadata'!L$1,'2. Metadata'!L$6, IF(D168='2. Metadata'!M$1,'2. Metadata'!M$6, IF(D168='2. Metadata'!N$1,'2. Metadata'!N$6))))))))))))))","v":-117.79389},"Temperature","N/A","In situ","Degrees Celsius","actual","water","Not specified",8.8,"N/A"]
["2016-09-28","Not specified","Not specified","NEMCD01",{"$f":"IF(ISBLANK(D169)=TRUE,\" \", IF(D169='2. Metadata'!B$1,'2. Metadata'!B$5, IF(D169='2. Metadata'!C$1,'2. Metadata'!C$5,IF(D169='2. Metadata'!D$1,'2. Metadata'!D$5, IF(D169='2. Metadata'!E$1,'2. Metadata'!E$5,IF( D169='2. Metadata'!F$1,'2. Metadata'!F$5,IF(D169='2. Metadata'!G$1,'2. Metadata'!G$5,IF(D169='2. Metadata'!H$1,'2. Metadata'!H$5, IF(D169='2. Metadata'!I$1,'2. Metadata'!I$5, IF(D169='2. Metadata'!J$1,'2. Metadata'!J$5, IF(D169='2. Metadata'!K$1,'2. Metadata'!K$5, IF(D169='2. Metadata'!L$1,'2. Metadata'!L$5, IF(D169='2. Metadata'!M$1,'2. Metadata'!M$5, IF(D169='2. Metadata'!N$1,'2. Metadata'!N$5))))))))))))))","v":50.145},{"$f":"IF(ISBLANK(D169)=TRUE,\" \", IF(D169='2. Metadata'!B$1,'2. Metadata'!B$6, IF(D169='2. Metadata'!C$1,'2. Metadata'!C$6,IF(D169='2. Metadata'!D$1,'2. Metadata'!D$6, IF(D169='2. Metadata'!E$1,'2. Metadata'!E$6,IF( D169='2. Metadata'!F$1,'2. Metadata'!F$6,IF(D169='2. Metadata'!G$1,'2. Metadata'!G$6,IF(D169='2. Metadata'!H$1,'2. Metadata'!H$6, IF(D169='2. Metadata'!I$1,'2. Metadata'!I$6, IF(D169='2. Metadata'!J$1,'2. Metadata'!J$6, IF(D169='2. Metadata'!K$1,'2. Metadata'!K$6, IF(D169='2. Metadata'!L$1,'2. Metadata'!L$6, IF(D169='2. Metadata'!M$1,'2. Metadata'!M$6, IF(D169='2. Metadata'!N$1,'2. Metadata'!N$6))))))))))))))","v":-117.79389},"Temperature","N/A","In situ","Degrees Celsius","actual","air","Not specified",11,"Air temp"]
["2016-09-28","Not specified","Not specified","NEMCD01",{"$f":"IF(ISBLANK(D170)=TRUE,\" \", IF(D170='2. Metadata'!B$1,'2. Metadata'!B$5, IF(D170='2. Metadata'!C$1,'2. Metadata'!C$5,IF(D170='2. Metadata'!D$1,'2. Metadata'!D$5, IF(D170='2. Metadata'!E$1,'2. Metadata'!E$5,IF( D170='2. Metadata'!F$1,'2. Metadata'!F$5,IF(D170='2. Metadata'!G$1,'2. Metadata'!G$5,IF(D170='2. Metadata'!H$1,'2. Metadata'!H$5, IF(D170='2. Metadata'!I$1,'2. Metadata'!I$5, IF(D170='2. Metadata'!J$1,'2. Metadata'!J$5, IF(D170='2. Metadata'!K$1,'2. Metadata'!K$5, IF(D170='2. Metadata'!L$1,'2. Metadata'!L$5, IF(D170='2. Metadata'!M$1,'2. Metadata'!M$5, IF(D170='2. Metadata'!N$1,'2. Metadata'!N$5))))))))))))))","v":50.145},{"$f":"IF(ISBLANK(D170)=TRUE,\" \", IF(D170='2. Metadata'!B$1,'2. Metadata'!B$6, IF(D170='2. Metadata'!C$1,'2. Metadata'!C$6,IF(D170='2. Metadata'!D$1,'2. Metadata'!D$6, IF(D170='2. Metadata'!E$1,'2. Metadata'!E$6,IF( D170='2. Metadata'!F$1,'2. Metadata'!F$6,IF(D170='2. Metadata'!G$1,'2. Metadata'!G$6,IF(D170='2. Metadata'!H$1,'2. Metadata'!H$6, IF(D170='2. Metadata'!I$1,'2. Metadata'!I$6, IF(D170='2. Metadata'!J$1,'2. Metadata'!J$6, IF(D170='2. Metadata'!K$1,'2. Metadata'!K$6, IF(D170='2. Metadata'!L$1,'2. Metadata'!L$6, IF(D170='2. Metadata'!M$1,'2. Metadata'!M$6, IF(D170='2. Metadata'!N$1,'2. Metadata'!N$6))))))))))))))","v":-117.79389},"Phosphorus","as P","Sample analysed in lab","µg/L","actual","water",0.005,"<0.0050","N/A"]
["2016-09-28","Not specified","Not specified","NEMCD01",{"$f":"IF(ISBLANK(D171)=TRUE,\" \", IF(D171='2. Metadata'!B$1,'2. Metadata'!B$5, IF(D171='2. Metadata'!C$1,'2. Metadata'!C$5,IF(D171='2. Metadata'!D$1,'2. Metadata'!D$5, IF(D171='2. Metadata'!E$1,'2. Metadata'!E$5,IF( D171='2. Metadata'!F$1,'2. Metadata'!F$5,IF(D171='2. Metadata'!G$1,'2. Metadata'!G$5,IF(D171='2. Metadata'!H$1,'2. Metadata'!H$5, IF(D171='2. Metadata'!I$1,'2. Metadata'!I$5, IF(D171='2. Metadata'!J$1,'2. Metadata'!J$5, IF(D171='2. Metadata'!K$1,'2. Metadata'!K$5, IF(D171='2. Metadata'!L$1,'2. Metadata'!L$5, IF(D171='2. Metadata'!M$1,'2. Metadata'!M$5, IF(D171='2. Metadata'!N$1,'2. Metadata'!N$5))))))))))))))","v":50.145},{"$f":"IF(ISBLANK(D171)=TRUE,\" \", IF(D171='2. Metadata'!B$1,'2. Metadata'!B$6, IF(D171='2. Metadata'!C$1,'2. Metadata'!C$6,IF(D171='2. Metadata'!D$1,'2. Metadata'!D$6, IF(D171='2. Metadata'!E$1,'2. Metadata'!E$6,IF( D171='2. Metadata'!F$1,'2. Metadata'!F$6,IF(D171='2. Metadata'!G$1,'2. Metadata'!G$6,IF(D171='2. Metadata'!H$1,'2. Metadata'!H$6, IF(D171='2. Metadata'!I$1,'2. Metadata'!I$6, IF(D171='2. Metadata'!J$1,'2. Metadata'!J$6, IF(D171='2. Metadata'!K$1,'2. Metadata'!K$6, IF(D171='2. Metadata'!L$1,'2. Metadata'!L$6, IF(D171='2. Metadata'!M$1,'2. Metadata'!M$6, IF(D171='2. Metadata'!N$1,'2. Metadata'!N$6))))))))))))))","v":-117.79389},"Phosphorus","as P","Sample analysed in lab","µg/L","actual","water",0.005,"<0.0050","N/A"]
["2016-09-28","Not specified","Not specified","NEMCD01",{"$f":"IF(ISBLANK(D172)=TRUE,\" \", IF(D172='2. Metadata'!B$1,'2. Metadata'!B$5, IF(D172='2. Metadata'!C$1,'2. Metadata'!C$5,IF(D172='2. Metadata'!D$1,'2. Metadata'!D$5, IF(D172='2. Metadata'!E$1,'2. Metadata'!E$5,IF( D172='2. Metadata'!F$1,'2. Metadata'!F$5,IF(D172='2. Metadata'!G$1,'2. Metadata'!G$5,IF(D172='2. Metadata'!H$1,'2. Metadata'!H$5, IF(D172='2. Metadata'!I$1,'2. Metadata'!I$5, IF(D172='2. Metadata'!J$1,'2. Metadata'!J$5, IF(D172='2. Metadata'!K$1,'2. Metadata'!K$5, IF(D172='2. Metadata'!L$1,'2. Metadata'!L$5, IF(D172='2. Metadata'!M$1,'2. Metadata'!M$5, IF(D172='2. Metadata'!N$1,'2. Metadata'!N$5))))))))))))))","v":50.145},{"$f":"IF(ISBLANK(D172)=TRUE,\" \", IF(D172='2. Metadata'!B$1,'2. Metadata'!B$6, IF(D172='2. Metadata'!C$1,'2. Metadata'!C$6,IF(D172='2. Metadata'!D$1,'2. Metadata'!D$6, IF(D172='2. Metadata'!E$1,'2. Metadata'!E$6,IF( D172='2. Metadata'!F$1,'2. Metadata'!F$6,IF(D172='2. Metadata'!G$1,'2. Metadata'!G$6,IF(D172='2. Metadata'!H$1,'2. Metadata'!H$6, IF(D172='2. Metadata'!I$1,'2. Metadata'!I$6, IF(D172='2. Metadata'!J$1,'2. Metadata'!J$6, IF(D172='2. Metadata'!K$1,'2. Metadata'!K$6, IF(D172='2. Metadata'!L$1,'2. Metadata'!L$6, IF(D172='2. Metadata'!M$1,'2. Metadata'!M$6, IF(D172='2. Metadata'!N$1,'2. Metadata'!N$6))))))))))))))","v":-117.79389},"Nitrogen","Total (as N)","Sample analysed in lab","mg/L","actual","water",0.02,0.21,"N/A"]
["2016-09-28","Not specified","Not specified","NEMCD01",{"$f":"IF(ISBLANK(D173)=TRUE,\" \", IF(D173='2. Metadata'!B$1,'2. Metadata'!B$5, IF(D173='2. Metadata'!C$1,'2. Metadata'!C$5,IF(D173='2. Metadata'!D$1,'2. Metadata'!D$5, IF(D173='2. Metadata'!E$1,'2. Metadata'!E$5,IF( D173='2. Metadata'!F$1,'2. Metadata'!F$5,IF(D173='2. Metadata'!G$1,'2. Metadata'!G$5,IF(D173='2. Metadata'!H$1,'2. Metadata'!H$5, IF(D173='2. Metadata'!I$1,'2. Metadata'!I$5, IF(D173='2. Metadata'!J$1,'2. Metadata'!J$5, IF(D173='2. Metadata'!K$1,'2. Metadata'!K$5, IF(D173='2. Metadata'!L$1,'2. Metadata'!L$5, IF(D173='2. Metadata'!M$1,'2. Metadata'!M$5, IF(D173='2. Metadata'!N$1,'2. Metadata'!N$5))))))))))))))","v":50.145},{"$f":"IF(ISBLANK(D173)=TRUE,\" \", IF(D173='2. Metadata'!B$1,'2. Metadata'!B$6, IF(D173='2. Metadata'!C$1,'2. Metadata'!C$6,IF(D173='2. Metadata'!D$1,'2. Metadata'!D$6, IF(D173='2. Metadata'!E$1,'2. Metadata'!E$6,IF( D173='2. Metadata'!F$1,'2. Metadata'!F$6,IF(D173='2. Metadata'!G$1,'2. Metadata'!G$6,IF(D173='2. Metadata'!H$1,'2. Metadata'!H$6, IF(D173='2. Metadata'!I$1,'2. Metadata'!I$6, IF(D173='2. Metadata'!J$1,'2. Metadata'!J$6, IF(D173='2. Metadata'!K$1,'2. Metadata'!K$6, IF(D173='2. Metadata'!L$1,'2. Metadata'!L$6, IF(D173='2. Metadata'!M$1,'2. Metadata'!M$6, IF(D173='2. Metadata'!N$1,'2. Metadata'!N$6))))))))))))))","v":-117.79389},"Nitrogen","Total (as N)","Sample analysed in lab","mg/L","actual","water",0.02,"<0.020","Blank"]
["2016-09-28","Not specified","Not specified","NEMCD01",{"$f":"IF(ISBLANK(D174)=TRUE,\" \", IF(D174='2. Metadata'!B$1,'2. Metadata'!B$5, IF(D174='2. Metadata'!C$1,'2. Metadata'!C$5,IF(D174='2. Metadata'!D$1,'2. Metadata'!D$5, IF(D174='2. Metadata'!E$1,'2. Metadata'!E$5,IF( D174='2. Metadata'!F$1,'2. Metadata'!F$5,IF(D174='2. Metadata'!G$1,'2. Metadata'!G$5,IF(D174='2. Metadata'!H$1,'2. Metadata'!H$5, IF(D174='2. Metadata'!I$1,'2. Metadata'!I$5, IF(D174='2. Metadata'!J$1,'2. Metadata'!J$5, IF(D174='2. Metadata'!K$1,'2. Metadata'!K$5, IF(D174='2. Metadata'!L$1,'2. Metadata'!L$5, IF(D174='2. Metadata'!M$1,'2. Metadata'!M$5, IF(D174='2. Metadata'!N$1,'2. Metadata'!N$5))))))))))))))","v":50.145},{"$f":"IF(ISBLANK(D174)=TRUE,\" \", IF(D174='2. Metadata'!B$1,'2. Metadata'!B$6, IF(D174='2. Metadata'!C$1,'2. Metadata'!C$6,IF(D174='2. Metadata'!D$1,'2. Metadata'!D$6, IF(D174='2. Metadata'!E$1,'2. Metadata'!E$6,IF( D174='2. Metadata'!F$1,'2. Metadata'!F$6,IF(D174='2. Metadata'!G$1,'2. Metadata'!G$6,IF(D174='2. Metadata'!H$1,'2. Metadata'!H$6, IF(D174='2. Metadata'!I$1,'2. Metadata'!I$6, IF(D174='2. Metadata'!J$1,'2. Metadata'!J$6, IF(D174='2. Metadata'!K$1,'2. Metadata'!K$6, IF(D174='2. Metadata'!L$1,'2. Metadata'!L$6, IF(D174='2. Metadata'!M$1,'2. Metadata'!M$6, IF(D174='2. Metadata'!N$1,'2. Metadata'!N$6))))))))))))))","v":-117.79389},"Conductivity ","EC","In situ","uS/cm","actual","water",1,289,"N/A"]
["2016-09-28","Not specified","Not specified","NEMCD01",{"$f":"IF(ISBLANK(D175)=TRUE,\" \", IF(D175='2. Metadata'!B$1,'2. Metadata'!B$5, IF(D175='2. Metadata'!C$1,'2. Metadata'!C$5,IF(D175='2. Metadata'!D$1,'2. Metadata'!D$5, IF(D175='2. Metadata'!E$1,'2. Metadata'!E$5,IF( D175='2. Metadata'!F$1,'2. Metadata'!F$5,IF(D175='2. Metadata'!G$1,'2. Metadata'!G$5,IF(D175='2. Metadata'!H$1,'2. Metadata'!H$5, IF(D175='2. Metadata'!I$1,'2. Metadata'!I$5, IF(D175='2. Metadata'!J$1,'2. Metadata'!J$5, IF(D175='2. Metadata'!K$1,'2. Metadata'!K$5, IF(D175='2. Metadata'!L$1,'2. Metadata'!L$5, IF(D175='2. Metadata'!M$1,'2. Metadata'!M$5, IF(D175='2. Metadata'!N$1,'2. Metadata'!N$5))))))))))))))","v":50.145},{"$f":"IF(ISBLANK(D175)=TRUE,\" \", IF(D175='2. Metadata'!B$1,'2. Metadata'!B$6, IF(D175='2. Metadata'!C$1,'2. Metadata'!C$6,IF(D175='2. Metadata'!D$1,'2. Metadata'!D$6, IF(D175='2. Metadata'!E$1,'2. Metadata'!E$6,IF( D175='2. Metadata'!F$1,'2. Metadata'!F$6,IF(D175='2. Metadata'!G$1,'2. Metadata'!G$6,IF(D175='2. Metadata'!H$1,'2. Metadata'!H$6, IF(D175='2. Metadata'!I$1,'2. Metadata'!I$6, IF(D175='2. Metadata'!J$1,'2. Metadata'!J$6, IF(D175='2. Metadata'!K$1,'2. Metadata'!K$6, IF(D175='2. Metadata'!L$1,'2. Metadata'!L$6, IF(D175='2. Metadata'!M$1,'2. Metadata'!M$6, IF(D175='2. Metadata'!N$1,'2. Metadata'!N$6))))))))))))))","v":-117.79389},"Conductivity ","EC","In situ","uS/cm","actual","water",1,"<1.0","Blank"]
["2016-09-28","Not specified","Not specified","NEMCD01",{"$f":"IF(ISBLANK(D176)=TRUE,\" \", IF(D176='2. Metadata'!B$1,'2. Metadata'!B$5, IF(D176='2. Metadata'!C$1,'2. Metadata'!C$5,IF(D176='2. Metadata'!D$1,'2. Metadata'!D$5, IF(D176='2. Metadata'!E$1,'2. Metadata'!E$5,IF( D176='2. Metadata'!F$1,'2. Metadata'!F$5,IF(D176='2. Metadata'!G$1,'2. Metadata'!G$5,IF(D176='2. Metadata'!H$1,'2. Metadata'!H$5, IF(D176='2. Metadata'!I$1,'2. Metadata'!I$5, IF(D176='2. Metadata'!J$1,'2. Metadata'!J$5, IF(D176='2. Metadata'!K$1,'2. Metadata'!K$5, IF(D176='2. Metadata'!L$1,'2. Metadata'!L$5, IF(D176='2. Metadata'!M$1,'2. Metadata'!M$5, IF(D176='2. Metadata'!N$1,'2. Metadata'!N$5))))))))))))))","v":50.145},{"$f":"IF(ISBLANK(D176)=TRUE,\" \", IF(D176='2. Metadata'!B$1,'2. Metadata'!B$6, IF(D176='2. Metadata'!C$1,'2. Metadata'!C$6,IF(D176='2. Metadata'!D$1,'2. Metadata'!D$6, IF(D176='2. Metadata'!E$1,'2. Metadata'!E$6,IF( D176='2. Metadata'!F$1,'2. Metadata'!F$6,IF(D176='2. Metadata'!G$1,'2. Metadata'!G$6,IF(D176='2. Metadata'!H$1,'2. Metadata'!H$6, IF(D176='2. Metadata'!I$1,'2. Metadata'!I$6, IF(D176='2. Metadata'!J$1,'2. Metadata'!J$6, IF(D176='2. Metadata'!K$1,'2. Metadata'!K$6, IF(D176='2. Metadata'!L$1,'2. Metadata'!L$6, IF(D176='2. Metadata'!M$1,'2. Metadata'!M$6, IF(D176='2. Metadata'!N$1,'2. Metadata'!N$6))))))))))))))","v":-117.79389},"Solids","Total Suspended","Sample analysed in lab","mg/L","actual","water",4,"<4.0","N/A"]
["2016-09-28","Not specified","Not specified","NEMCD01",{"$f":"IF(ISBLANK(D177)=TRUE,\" \", IF(D177='2. Metadata'!B$1,'2. Metadata'!B$5, IF(D177='2. Metadata'!C$1,'2. Metadata'!C$5,IF(D177='2. Metadata'!D$1,'2. Metadata'!D$5, IF(D177='2. Metadata'!E$1,'2. Metadata'!E$5,IF( D177='2. Metadata'!F$1,'2. Metadata'!F$5,IF(D177='2. Metadata'!G$1,'2. Metadata'!G$5,IF(D177='2. Metadata'!H$1,'2. Metadata'!H$5, IF(D177='2. Metadata'!I$1,'2. Metadata'!I$5, IF(D177='2. Metadata'!J$1,'2. Metadata'!J$5, IF(D177='2. Metadata'!K$1,'2. Metadata'!K$5, IF(D177='2. Metadata'!L$1,'2. Metadata'!L$5, IF(D177='2. Metadata'!M$1,'2. Metadata'!M$5, IF(D177='2. Metadata'!N$1,'2. Metadata'!N$5))))))))))))))","v":50.145},{"$f":"IF(ISBLANK(D177)=TRUE,\" \", IF(D177='2. Metadata'!B$1,'2. Metadata'!B$6, IF(D177='2. Metadata'!C$1,'2. Metadata'!C$6,IF(D177='2. Metadata'!D$1,'2. Metadata'!D$6, IF(D177='2. Metadata'!E$1,'2. Metadata'!E$6,IF( D177='2. Metadata'!F$1,'2. Metadata'!F$6,IF(D177='2. Metadata'!G$1,'2. Metadata'!G$6,IF(D177='2. Metadata'!H$1,'2. Metadata'!H$6, IF(D177='2. Metadata'!I$1,'2. Metadata'!I$6, IF(D177='2. Metadata'!J$1,'2. Metadata'!J$6, IF(D177='2. Metadata'!K$1,'2. Metadata'!K$6, IF(D177='2. Metadata'!L$1,'2. Metadata'!L$6, IF(D177='2. Metadata'!M$1,'2. Metadata'!M$6, IF(D177='2. Metadata'!N$1,'2. Metadata'!N$6))))))))))))))","v":-117.79389},"Solids","Total Suspended","Sample analysed in lab","mg/L","actual","water",4,"<4.0","Blank"]
["2016-09-28","Not specified","Not specified","NEMCD01",{"$f":"IF(ISBLANK(D178)=TRUE,\" \", IF(D178='2. Metadata'!B$1,'2. Metadata'!B$5, IF(D178='2. Metadata'!C$1,'2. Metadata'!C$5,IF(D178='2. Metadata'!D$1,'2. Metadata'!D$5, IF(D178='2. Metadata'!E$1,'2. Metadata'!E$5,IF( D178='2. Metadata'!F$1,'2. Metadata'!F$5,IF(D178='2. Metadata'!G$1,'2. Metadata'!G$5,IF(D178='2. Metadata'!H$1,'2. Metadata'!H$5, IF(D178='2. Metadata'!I$1,'2. Metadata'!I$5, IF(D178='2. Metadata'!J$1,'2. Metadata'!J$5, IF(D178='2. Metadata'!K$1,'2. Metadata'!K$5, IF(D178='2. Metadata'!L$1,'2. Metadata'!L$5, IF(D178='2. Metadata'!M$1,'2. Metadata'!M$5, IF(D178='2. Metadata'!N$1,'2. Metadata'!N$5))))))))))))))","v":50.145},{"$f":"IF(ISBLANK(D178)=TRUE,\" \", IF(D178='2. Metadata'!B$1,'2. Metadata'!B$6, IF(D178='2. Metadata'!C$1,'2. Metadata'!C$6,IF(D178='2. Metadata'!D$1,'2. Metadata'!D$6, IF(D178='2. Metadata'!E$1,'2. Metadata'!E$6,IF( D178='2. Metadata'!F$1,'2. Metadata'!F$6,IF(D178='2. Metadata'!G$1,'2. Metadata'!G$6,IF(D178='2. Metadata'!H$1,'2. Metadata'!H$6, IF(D178='2. Metadata'!I$1,'2. Metadata'!I$6, IF(D178='2. Metadata'!J$1,'2. Metadata'!J$6, IF(D178='2. Metadata'!K$1,'2. Metadata'!K$6, IF(D178='2. Metadata'!L$1,'2. Metadata'!L$6, IF(D178='2. Metadata'!M$1,'2. Metadata'!M$6, IF(D178='2. Metadata'!N$1,'2. Metadata'!N$6))))))))))))))","v":-117.79389},"Chloride","Dissolved","Sample analysed in lab","mg/L","actual","water",1,"<1.0","N/A"]
["2016-09-28","Not specified","Not specified","NEMCD01",{"$f":"IF(ISBLANK(D179)=TRUE,\" \", IF(D179='2. Metadata'!B$1,'2. Metadata'!B$5, IF(D179='2. Metadata'!C$1,'2. Metadata'!C$5,IF(D179='2. Metadata'!D$1,'2. Metadata'!D$5, IF(D179='2. Metadata'!E$1,'2. Metadata'!E$5,IF( D179='2. Metadata'!F$1,'2. Metadata'!F$5,IF(D179='2. Metadata'!G$1,'2. Metadata'!G$5,IF(D179='2. Metadata'!H$1,'2. Metadata'!H$5, IF(D179='2. Metadata'!I$1,'2. Metadata'!I$5, IF(D179='2. Metadata'!J$1,'2. Metadata'!J$5, IF(D179='2. Metadata'!K$1,'2. Metadata'!K$5, IF(D179='2. Metadata'!L$1,'2. Metadata'!L$5, IF(D179='2. Metadata'!M$1,'2. Metadata'!M$5, IF(D179='2. Metadata'!N$1,'2. Metadata'!N$5))))))))))))))","v":50.145},{"$f":"IF(ISBLANK(D179)=TRUE,\" \", IF(D179='2. Metadata'!B$1,'2. Metadata'!B$6, IF(D179='2. Metadata'!C$1,'2. Metadata'!C$6,IF(D179='2. Metadata'!D$1,'2. Metadata'!D$6, IF(D179='2. Metadata'!E$1,'2. Metadata'!E$6,IF( D179='2. Metadata'!F$1,'2. Metadata'!F$6,IF(D179='2. Metadata'!G$1,'2. Metadata'!G$6,IF(D179='2. Metadata'!H$1,'2. Metadata'!H$6, IF(D179='2. Metadata'!I$1,'2. Metadata'!I$6, IF(D179='2. Metadata'!J$1,'2. Metadata'!J$6, IF(D179='2. Metadata'!K$1,'2. Metadata'!K$6, IF(D179='2. Metadata'!L$1,'2. Metadata'!L$6, IF(D179='2. Metadata'!M$1,'2. Metadata'!M$6, IF(D179='2. Metadata'!N$1,'2. Metadata'!N$6))))))))))))))","v":-117.79389},"Chloride","Dissolved","Sample analysed in lab","mg/L","actual","water",1,"<1.0","Blank"]
["2016-10-26","Not specified","Not specified","NEMCD01",{"$f":"IF(ISBLANK(D180)=TRUE,\" \", IF(D180='2. Metadata'!B$1,'2. Metadata'!B$5, IF(D180='2. Metadata'!C$1,'2. Metadata'!C$5,IF(D180='2. Metadata'!D$1,'2. Metadata'!D$5, IF(D180='2. Metadata'!E$1,'2. Metadata'!E$5,IF( D180='2. Metadata'!F$1,'2. Metadata'!F$5,IF(D180='2. Metadata'!G$1,'2. Metadata'!G$5,IF(D180='2. Metadata'!H$1,'2. Metadata'!H$5, IF(D180='2. Metadata'!I$1,'2. Metadata'!I$5, IF(D180='2. Metadata'!J$1,'2. Metadata'!J$5, IF(D180='2. Metadata'!K$1,'2. Metadata'!K$5, IF(D180='2. Metadata'!L$1,'2. Metadata'!L$5, IF(D180='2. Metadata'!M$1,'2. Metadata'!M$5, IF(D180='2. Metadata'!N$1,'2. Metadata'!N$5))))))))))))))","v":50.145},{"$f":"IF(ISBLANK(D180)=TRUE,\" \", IF(D180='2. Metadata'!B$1,'2. Metadata'!B$6, IF(D180='2. Metadata'!C$1,'2. Metadata'!C$6,IF(D180='2. Metadata'!D$1,'2. Metadata'!D$6, IF(D180='2. Metadata'!E$1,'2. Metadata'!E$6,IF( D180='2. Metadata'!F$1,'2. Metadata'!F$6,IF(D180='2. Metadata'!G$1,'2. Metadata'!G$6,IF(D180='2. Metadata'!H$1,'2. Metadata'!H$6, IF(D180='2. Metadata'!I$1,'2. Metadata'!I$6, IF(D180='2. Metadata'!J$1,'2. Metadata'!J$6, IF(D180='2. Metadata'!K$1,'2. Metadata'!K$6, IF(D180='2. Metadata'!L$1,'2. Metadata'!L$6, IF(D180='2. Metadata'!M$1,'2. Metadata'!M$6, IF(D180='2. Metadata'!N$1,'2. Metadata'!N$6))))))))))))))","v":-117.79389},"Oxygen","Dissolved","In situ","mg/L","actual","water","not specified",10,"N/A"]
["2016-10-26","Not specified","Not specified","NEMCD01",{"$f":"IF(ISBLANK(D181)=TRUE,\" \", IF(D181='2. Metadata'!B$1,'2. Metadata'!B$5, IF(D181='2. Metadata'!C$1,'2. Metadata'!C$5,IF(D181='2. Metadata'!D$1,'2. Metadata'!D$5, IF(D181='2. Metadata'!E$1,'2. Metadata'!E$5,IF( D181='2. Metadata'!F$1,'2. Metadata'!F$5,IF(D181='2. Metadata'!G$1,'2. Metadata'!G$5,IF(D181='2. Metadata'!H$1,'2. Metadata'!H$5, IF(D181='2. Metadata'!I$1,'2. Metadata'!I$5, IF(D181='2. Metadata'!J$1,'2. Metadata'!J$5, IF(D181='2. Metadata'!K$1,'2. Metadata'!K$5, IF(D181='2. Metadata'!L$1,'2. Metadata'!L$5, IF(D181='2. Metadata'!M$1,'2. Metadata'!M$5, IF(D181='2. Metadata'!N$1,'2. Metadata'!N$5))))))))))))))","v":50.145},{"$f":"IF(ISBLANK(D181)=TRUE,\" \", IF(D181='2. Metadata'!B$1,'2. Metadata'!B$6, IF(D181='2. Metadata'!C$1,'2. Metadata'!C$6,IF(D181='2. Metadata'!D$1,'2. Metadata'!D$6, IF(D181='2. Metadata'!E$1,'2. Metadata'!E$6,IF( D181='2. Metadata'!F$1,'2. Metadata'!F$6,IF(D181='2. Metadata'!G$1,'2. Metadata'!G$6,IF(D181='2. Metadata'!H$1,'2. Metadata'!H$6, IF(D181='2. Metadata'!I$1,'2. Metadata'!I$6, IF(D181='2. Metadata'!J$1,'2. Metadata'!J$6, IF(D181='2. Metadata'!K$1,'2. Metadata'!K$6, IF(D181='2. Metadata'!L$1,'2. Metadata'!L$6, IF(D181='2. Metadata'!M$1,'2. Metadata'!M$6, IF(D181='2. Metadata'!N$1,'2. Metadata'!N$6))))))))))))))","v":-117.79389},"Conductivity ","EC","In situ","uS/cm","actual","water",1,255.3,"N/A"]
["2016-10-26","Not specified","Not specified","NEMCD01",{"$f":"IF(ISBLANK(D182)=TRUE,\" \", IF(D182='2. Metadata'!B$1,'2. Metadata'!B$5, IF(D182='2. Metadata'!C$1,'2. Metadata'!C$5,IF(D182='2. Metadata'!D$1,'2. Metadata'!D$5, IF(D182='2. Metadata'!E$1,'2. Metadata'!E$5,IF( D182='2. Metadata'!F$1,'2. Metadata'!F$5,IF(D182='2. Metadata'!G$1,'2. Metadata'!G$5,IF(D182='2. Metadata'!H$1,'2. Metadata'!H$5, IF(D182='2. Metadata'!I$1,'2. Metadata'!I$5, IF(D182='2. Metadata'!J$1,'2. Metadata'!J$5, IF(D182='2. Metadata'!K$1,'2. Metadata'!K$5, IF(D182='2. Metadata'!L$1,'2. Metadata'!L$5, IF(D182='2. Metadata'!M$1,'2. Metadata'!M$5, IF(D182='2. Metadata'!N$1,'2. Metadata'!N$5))))))))))))))","v":50.145},{"$f":"IF(ISBLANK(D182)=TRUE,\" \", IF(D182='2. Metadata'!B$1,'2. Metadata'!B$6, IF(D182='2. Metadata'!C$1,'2. Metadata'!C$6,IF(D182='2. Metadata'!D$1,'2. Metadata'!D$6, IF(D182='2. Metadata'!E$1,'2. Metadata'!E$6,IF( D182='2. Metadata'!F$1,'2. Metadata'!F$6,IF(D182='2. Metadata'!G$1,'2. Metadata'!G$6,IF(D182='2. Metadata'!H$1,'2. Metadata'!H$6, IF(D182='2. Metadata'!I$1,'2. Metadata'!I$6, IF(D182='2. Metadata'!J$1,'2. Metadata'!J$6, IF(D182='2. Metadata'!K$1,'2. Metadata'!K$6, IF(D182='2. Metadata'!L$1,'2. Metadata'!L$6, IF(D182='2. Metadata'!M$1,'2. Metadata'!M$6, IF(D182='2. Metadata'!N$1,'2. Metadata'!N$6))))))))))))))","v":-117.79389},"pH","N/A","In situ","pH units","actual","water","Not specified",7.16,"N/A"]
["2016-10-26","Not specified","Not specified","NEMCD01",{"$f":"IF(ISBLANK(D183)=TRUE,\" \", IF(D183='2. Metadata'!B$1,'2. Metadata'!B$5, IF(D183='2. Metadata'!C$1,'2. Metadata'!C$5,IF(D183='2. Metadata'!D$1,'2. Metadata'!D$5, IF(D183='2. Metadata'!E$1,'2. Metadata'!E$5,IF( D183='2. Metadata'!F$1,'2. Metadata'!F$5,IF(D183='2. Metadata'!G$1,'2. Metadata'!G$5,IF(D183='2. Metadata'!H$1,'2. Metadata'!H$5, IF(D183='2. Metadata'!I$1,'2. Metadata'!I$5, IF(D183='2. Metadata'!J$1,'2. Metadata'!J$5, IF(D183='2. Metadata'!K$1,'2. Metadata'!K$5, IF(D183='2. Metadata'!L$1,'2. Metadata'!L$5, IF(D183='2. Metadata'!M$1,'2. Metadata'!M$5, IF(D183='2. Metadata'!N$1,'2. Metadata'!N$5))))))))))))))","v":50.145},{"$f":"IF(ISBLANK(D183)=TRUE,\" \", IF(D183='2. Metadata'!B$1,'2. Metadata'!B$6, IF(D183='2. Metadata'!C$1,'2. Metadata'!C$6,IF(D183='2. Metadata'!D$1,'2. Metadata'!D$6, IF(D183='2. Metadata'!E$1,'2. Metadata'!E$6,IF( D183='2. Metadata'!F$1,'2. Metadata'!F$6,IF(D183='2. Metadata'!G$1,'2. Metadata'!G$6,IF(D183='2. Metadata'!H$1,'2. Metadata'!H$6, IF(D183='2. Metadata'!I$1,'2. Metadata'!I$6, IF(D183='2. Metadata'!J$1,'2. Metadata'!J$6, IF(D183='2. Metadata'!K$1,'2. Metadata'!K$6, IF(D183='2. Metadata'!L$1,'2. Metadata'!L$6, IF(D183='2. Metadata'!M$1,'2. Metadata'!M$6, IF(D183='2. Metadata'!N$1,'2. Metadata'!N$6))))))))))))))","v":-117.79389},"Turbidity","N/A","In situ","NTU","actual","water","Not specified",0.46,"N/A"]
["2016-10-26","Not specified","Not specified","NEMCD01",{"$f":"IF(ISBLANK(D184)=TRUE,\" \", IF(D184='2. Metadata'!B$1,'2. Metadata'!B$5, IF(D184='2. Metadata'!C$1,'2. Metadata'!C$5,IF(D184='2. Metadata'!D$1,'2. Metadata'!D$5, IF(D184='2. Metadata'!E$1,'2. Metadata'!E$5,IF( D184='2. Metadata'!F$1,'2. Metadata'!F$5,IF(D184='2. Metadata'!G$1,'2. Metadata'!G$5,IF(D184='2. Metadata'!H$1,'2. Metadata'!H$5, IF(D184='2. Metadata'!I$1,'2. Metadata'!I$5, IF(D184='2. Metadata'!J$1,'2. Metadata'!J$5, IF(D184='2. Metadata'!K$1,'2. Metadata'!K$5, IF(D184='2. Metadata'!L$1,'2. Metadata'!L$5, IF(D184='2. Metadata'!M$1,'2. Metadata'!M$5, IF(D184='2. Metadata'!N$1,'2. Metadata'!N$5))))))))))))))","v":50.145},{"$f":"IF(ISBLANK(D184)=TRUE,\" \", IF(D184='2. Metadata'!B$1,'2. Metadata'!B$6, IF(D184='2. Metadata'!C$1,'2. Metadata'!C$6,IF(D184='2. Metadata'!D$1,'2. Metadata'!D$6, IF(D184='2. Metadata'!E$1,'2. Metadata'!E$6,IF( D184='2. Metadata'!F$1,'2. Metadata'!F$6,IF(D184='2. Metadata'!G$1,'2. Metadata'!G$6,IF(D184='2. Metadata'!H$1,'2. Metadata'!H$6, IF(D184='2. Metadata'!I$1,'2. Metadata'!I$6, IF(D184='2. Metadata'!J$1,'2. Metadata'!J$6, IF(D184='2. Metadata'!K$1,'2. Metadata'!K$6, IF(D184='2. Metadata'!L$1,'2. Metadata'!L$6, IF(D184='2. Metadata'!M$1,'2. Metadata'!M$6, IF(D184='2. Metadata'!N$1,'2. Metadata'!N$6))))))))))))))","v":-117.79389},"Temperature","N/A","In situ","Degrees Celsius","actual","water","Not specified",5.9,"N/A"]
["2016-10-26","Not specified","Not specified","NEMCD01",{"$f":"IF(ISBLANK(D185)=TRUE,\" \", IF(D185='2. Metadata'!B$1,'2. Metadata'!B$5, IF(D185='2. Metadata'!C$1,'2. Metadata'!C$5,IF(D185='2. Metadata'!D$1,'2. Metadata'!D$5, IF(D185='2. Metadata'!E$1,'2. Metadata'!E$5,IF( D185='2. Metadata'!F$1,'2. Metadata'!F$5,IF(D185='2. Metadata'!G$1,'2. Metadata'!G$5,IF(D185='2. Metadata'!H$1,'2. Metadata'!H$5, IF(D185='2. Metadata'!I$1,'2. Metadata'!I$5, IF(D185='2. Metadata'!J$1,'2. Metadata'!J$5, IF(D185='2. Metadata'!K$1,'2. Metadata'!K$5, IF(D185='2. Metadata'!L$1,'2. Metadata'!L$5, IF(D185='2. Metadata'!M$1,'2. Metadata'!M$5, IF(D185='2. Metadata'!N$1,'2. Metadata'!N$5))))))))))))))","v":50.145},{"$f":"IF(ISBLANK(D185)=TRUE,\" \", IF(D185='2. Metadata'!B$1,'2. Metadata'!B$6, IF(D185='2. Metadata'!C$1,'2. Metadata'!C$6,IF(D185='2. Metadata'!D$1,'2. Metadata'!D$6, IF(D185='2. Metadata'!E$1,'2. Metadata'!E$6,IF( D185='2. Metadata'!F$1,'2. Metadata'!F$6,IF(D185='2. Metadata'!G$1,'2. Metadata'!G$6,IF(D185='2. Metadata'!H$1,'2. Metadata'!H$6, IF(D185='2. Metadata'!I$1,'2. Metadata'!I$6, IF(D185='2. Metadata'!J$1,'2. Metadata'!J$6, IF(D185='2. Metadata'!K$1,'2. Metadata'!K$6, IF(D185='2. Metadata'!L$1,'2. Metadata'!L$6, IF(D185='2. Metadata'!M$1,'2. Metadata'!M$6, IF(D185='2. Metadata'!N$1,'2. Metadata'!N$6))))))))))))))","v":-117.79389},"Temperature","N/A","In situ","Degrees Celsius","actual","air","Not specified",6,"Air temp"]
["2016-10-26","Not specified","Not specified","NEMCD01",{"$f":"IF(ISBLANK(D186)=TRUE,\" \", IF(D186='2. Metadata'!B$1,'2. Metadata'!B$5, IF(D186='2. Metadata'!C$1,'2. Metadata'!C$5,IF(D186='2. Metadata'!D$1,'2. Metadata'!D$5, IF(D186='2. Metadata'!E$1,'2. Metadata'!E$5,IF( D186='2. Metadata'!F$1,'2. Metadata'!F$5,IF(D186='2. Metadata'!G$1,'2. Metadata'!G$5,IF(D186='2. Metadata'!H$1,'2. Metadata'!H$5, IF(D186='2. Metadata'!I$1,'2. Metadata'!I$5, IF(D186='2. Metadata'!J$1,'2. Metadata'!J$5, IF(D186='2. Metadata'!K$1,'2. Metadata'!K$5, IF(D186='2. Metadata'!L$1,'2. Metadata'!L$5, IF(D186='2. Metadata'!M$1,'2. Metadata'!M$5, IF(D186='2. Metadata'!N$1,'2. Metadata'!N$5))))))))))))))","v":50.145},{"$f":"IF(ISBLANK(D186)=TRUE,\" \", IF(D186='2. Metadata'!B$1,'2. Metadata'!B$6, IF(D186='2. Metadata'!C$1,'2. Metadata'!C$6,IF(D186='2. Metadata'!D$1,'2. Metadata'!D$6, IF(D186='2. Metadata'!E$1,'2. Metadata'!E$6,IF( D186='2. Metadata'!F$1,'2. Metadata'!F$6,IF(D186='2. Metadata'!G$1,'2. Metadata'!G$6,IF(D186='2. Metadata'!H$1,'2. Metadata'!H$6, IF(D186='2. Metadata'!I$1,'2. Metadata'!I$6, IF(D186='2. Metadata'!J$1,'2. Metadata'!J$6, IF(D186='2. Metadata'!K$1,'2. Metadata'!K$6, IF(D186='2. Metadata'!L$1,'2. Metadata'!L$6, IF(D186='2. Metadata'!M$1,'2. Metadata'!M$6, IF(D186='2. Metadata'!N$1,'2. Metadata'!N$6))))))))))))))","v":-117.79389},"Solids","Total Suspended","Sample analysed in lab","mg/L","actual","water",4,"<4.0","N/A"]
["2017-04-01","Not specified","Not specified","NEMCD01",{"$f":"IF(ISBLANK(D187)=TRUE,\" \", IF(D187='2. Metadata'!B$1,'2. Metadata'!B$5, IF(D187='2. Metadata'!C$1,'2. Metadata'!C$5,IF(D187='2. Metadata'!D$1,'2. Metadata'!D$5, IF(D187='2. Metadata'!E$1,'2. Metadata'!E$5,IF( D187='2. Metadata'!F$1,'2. Metadata'!F$5,IF(D187='2. Metadata'!G$1,'2. Metadata'!G$5,IF(D187='2. Metadata'!H$1,'2. Metadata'!H$5, IF(D187='2. Metadata'!I$1,'2. Metadata'!I$5, IF(D187='2. Metadata'!J$1,'2. Metadata'!J$5, IF(D187='2. Metadata'!K$1,'2. Metadata'!K$5, IF(D187='2. Metadata'!L$1,'2. Metadata'!L$5, IF(D187='2. Metadata'!M$1,'2. Metadata'!M$5, IF(D187='2. Metadata'!N$1,'2. Metadata'!N$5))))))))))))))","v":50.145},{"$f":"IF(ISBLANK(D187)=TRUE,\" \", IF(D187='2. Metadata'!B$1,'2. Metadata'!B$6, IF(D187='2. Metadata'!C$1,'2. Metadata'!C$6,IF(D187='2. Metadata'!D$1,'2. Metadata'!D$6, IF(D187='2. Metadata'!E$1,'2. Metadata'!E$6,IF( D187='2. Metadata'!F$1,'2. Metadata'!F$6,IF(D187='2. Metadata'!G$1,'2. Metadata'!G$6,IF(D187='2. Metadata'!H$1,'2. Metadata'!H$6, IF(D187='2. Metadata'!I$1,'2. Metadata'!I$6, IF(D187='2. Metadata'!J$1,'2. Metadata'!J$6, IF(D187='2. Metadata'!K$1,'2. Metadata'!K$6, IF(D187='2. Metadata'!L$1,'2. Metadata'!L$6, IF(D187='2. Metadata'!M$1,'2. Metadata'!M$6, IF(D187='2. Metadata'!N$1,'2. Metadata'!N$6))))))))))))))","v":-117.79389},"Oxygen","Dissolved","In situ","mg/L","actual","water","not specified",10,"N/A"]
["2017-04-01","Not specified","Not specified","NEMCD01",{"$f":"IF(ISBLANK(D188)=TRUE,\" \", IF(D188='2. Metadata'!B$1,'2. Metadata'!B$5, IF(D188='2. Metadata'!C$1,'2. Metadata'!C$5,IF(D188='2. Metadata'!D$1,'2. Metadata'!D$5, IF(D188='2. Metadata'!E$1,'2. Metadata'!E$5,IF( D188='2. Metadata'!F$1,'2. Metadata'!F$5,IF(D188='2. Metadata'!G$1,'2. Metadata'!G$5,IF(D188='2. Metadata'!H$1,'2. Metadata'!H$5, IF(D188='2. Metadata'!I$1,'2. Metadata'!I$5, IF(D188='2. Metadata'!J$1,'2. Metadata'!J$5, IF(D188='2. Metadata'!K$1,'2. Metadata'!K$5, IF(D188='2. Metadata'!L$1,'2. Metadata'!L$5, IF(D188='2. Metadata'!M$1,'2. Metadata'!M$5, IF(D188='2. Metadata'!N$1,'2. Metadata'!N$5))))))))))))))","v":50.145},{"$f":"IF(ISBLANK(D188)=TRUE,\" \", IF(D188='2. Metadata'!B$1,'2. Metadata'!B$6, IF(D188='2. Metadata'!C$1,'2. Metadata'!C$6,IF(D188='2. Metadata'!D$1,'2. Metadata'!D$6, IF(D188='2. Metadata'!E$1,'2. Metadata'!E$6,IF( D188='2. Metadata'!F$1,'2. Metadata'!F$6,IF(D188='2. Metadata'!G$1,'2. Metadata'!G$6,IF(D188='2. Metadata'!H$1,'2. Metadata'!H$6, IF(D188='2. Metadata'!I$1,'2. Metadata'!I$6, IF(D188='2. Metadata'!J$1,'2. Metadata'!J$6, IF(D188='2. Metadata'!K$1,'2. Metadata'!K$6, IF(D188='2. Metadata'!L$1,'2. Metadata'!L$6, IF(D188='2. Metadata'!M$1,'2. Metadata'!M$6, IF(D188='2. Metadata'!N$1,'2. Metadata'!N$6))))))))))))))","v":-117.79389},"Conductivity ","EC","In situ","uS/cm","actual","water",1,275,"N/A"]
["2017-04-01","Not specified","Not specified","NEMCD01",{"$f":"IF(ISBLANK(D189)=TRUE,\" \", IF(D189='2. Metadata'!B$1,'2. Metadata'!B$5, IF(D189='2. Metadata'!C$1,'2. Metadata'!C$5,IF(D189='2. Metadata'!D$1,'2. Metadata'!D$5, IF(D189='2. Metadata'!E$1,'2. Metadata'!E$5,IF( D189='2. Metadata'!F$1,'2. Metadata'!F$5,IF(D189='2. Metadata'!G$1,'2. Metadata'!G$5,IF(D189='2. Metadata'!H$1,'2. Metadata'!H$5, IF(D189='2. Metadata'!I$1,'2. Metadata'!I$5, IF(D189='2. Metadata'!J$1,'2. Metadata'!J$5, IF(D189='2. Metadata'!K$1,'2. Metadata'!K$5, IF(D189='2. Metadata'!L$1,'2. Metadata'!L$5, IF(D189='2. Metadata'!M$1,'2. Metadata'!M$5, IF(D189='2. Metadata'!N$1,'2. Metadata'!N$5))))))))))))))","v":50.145},{"$f":"IF(ISBLANK(D189)=TRUE,\" \", IF(D189='2. Metadata'!B$1,'2. Metadata'!B$6, IF(D189='2. Metadata'!C$1,'2. Metadata'!C$6,IF(D189='2. Metadata'!D$1,'2. Metadata'!D$6, IF(D189='2. Metadata'!E$1,'2. Metadata'!E$6,IF( D189='2. Metadata'!F$1,'2. Metadata'!F$6,IF(D189='2. Metadata'!G$1,'2. Metadata'!G$6,IF(D189='2. Metadata'!H$1,'2. Metadata'!H$6, IF(D189='2. Metadata'!I$1,'2. Metadata'!I$6, IF(D189='2. Metadata'!J$1,'2. Metadata'!J$6, IF(D189='2. Metadata'!K$1,'2. Metadata'!K$6, IF(D189='2. Metadata'!L$1,'2. Metadata'!L$6, IF(D189='2. Metadata'!M$1,'2. Metadata'!M$6, IF(D189='2. Metadata'!N$1,'2. Metadata'!N$6))))))))))))))","v":-117.79389},"pH","N/A","In situ","pH units","actual","water","Not specified",7.6,"N/A"]
["2017-04-01","Not specified","Not specified","NEMCD01",{"$f":"IF(ISBLANK(D190)=TRUE,\" \", IF(D190='2. Metadata'!B$1,'2. Metadata'!B$5, IF(D190='2. Metadata'!C$1,'2. Metadata'!C$5,IF(D190='2. Metadata'!D$1,'2. Metadata'!D$5, IF(D190='2. Metadata'!E$1,'2. Metadata'!E$5,IF( D190='2. Metadata'!F$1,'2. Metadata'!F$5,IF(D190='2. Metadata'!G$1,'2. Metadata'!G$5,IF(D190='2. Metadata'!H$1,'2. Metadata'!H$5, IF(D190='2. Metadata'!I$1,'2. Metadata'!I$5, IF(D190='2. Metadata'!J$1,'2. Metadata'!J$5, IF(D190='2. Metadata'!K$1,'2. Metadata'!K$5, IF(D190='2. Metadata'!L$1,'2. Metadata'!L$5, IF(D190='2. Metadata'!M$1,'2. Metadata'!M$5, IF(D190='2. Metadata'!N$1,'2. Metadata'!N$5))))))))))))))","v":50.145},{"$f":"IF(ISBLANK(D190)=TRUE,\" \", IF(D190='2. Metadata'!B$1,'2. Metadata'!B$6, IF(D190='2. Metadata'!C$1,'2. Metadata'!C$6,IF(D190='2. Metadata'!D$1,'2. Metadata'!D$6, IF(D190='2. Metadata'!E$1,'2. Metadata'!E$6,IF( D190='2. Metadata'!F$1,'2. Metadata'!F$6,IF(D190='2. Metadata'!G$1,'2. Metadata'!G$6,IF(D190='2. Metadata'!H$1,'2. Metadata'!H$6, IF(D190='2. Metadata'!I$1,'2. Metadata'!I$6, IF(D190='2. Metadata'!J$1,'2. Metadata'!J$6, IF(D190='2. Metadata'!K$1,'2. Metadata'!K$6, IF(D190='2. Metadata'!L$1,'2. Metadata'!L$6, IF(D190='2. Metadata'!M$1,'2. Metadata'!M$6, IF(D190='2. Metadata'!N$1,'2. Metadata'!N$6))))))))))))))","v":-117.79389},"Turbidity","N/A","In situ","NTU","actual","water","Not specified",1.32,"N/A"]
["2017-04-01","Not specified","Not specified","NEMCD01",{"$f":"IF(ISBLANK(D191)=TRUE,\" \", IF(D191='2. Metadata'!B$1,'2. Metadata'!B$5, IF(D191='2. Metadata'!C$1,'2. Metadata'!C$5,IF(D191='2. Metadata'!D$1,'2. Metadata'!D$5, IF(D191='2. Metadata'!E$1,'2. Metadata'!E$5,IF( D191='2. Metadata'!F$1,'2. Metadata'!F$5,IF(D191='2. Metadata'!G$1,'2. Metadata'!G$5,IF(D191='2. Metadata'!H$1,'2. Metadata'!H$5, IF(D191='2. Metadata'!I$1,'2. Metadata'!I$5, IF(D191='2. Metadata'!J$1,'2. Metadata'!J$5, IF(D191='2. Metadata'!K$1,'2. Metadata'!K$5, IF(D191='2. Metadata'!L$1,'2. Metadata'!L$5, IF(D191='2. Metadata'!M$1,'2. Metadata'!M$5, IF(D191='2. Metadata'!N$1,'2. Metadata'!N$5))))))))))))))","v":50.145},{"$f":"IF(ISBLANK(D191)=TRUE,\" \", IF(D191='2. Metadata'!B$1,'2. Metadata'!B$6, IF(D191='2. Metadata'!C$1,'2. Metadata'!C$6,IF(D191='2. Metadata'!D$1,'2. Metadata'!D$6, IF(D191='2. Metadata'!E$1,'2. Metadata'!E$6,IF( D191='2. Metadata'!F$1,'2. Metadata'!F$6,IF(D191='2. Metadata'!G$1,'2. Metadata'!G$6,IF(D191='2. Metadata'!H$1,'2. Metadata'!H$6, IF(D191='2. Metadata'!I$1,'2. Metadata'!I$6, IF(D191='2. Metadata'!J$1,'2. Metadata'!J$6, IF(D191='2. Metadata'!K$1,'2. Metadata'!K$6, IF(D191='2. Metadata'!L$1,'2. Metadata'!L$6, IF(D191='2. Metadata'!M$1,'2. Metadata'!M$6, IF(D191='2. Metadata'!N$1,'2. Metadata'!N$6))))))))))))))","v":-117.79389},"Temperature","N/A","In situ","Degrees Celsius","actual","water","Not specified",4.1,"N/A"]
["2017-04-01","Not specified","Not specified","NEMCD01",{"$f":"IF(ISBLANK(D192)=TRUE,\" \", IF(D192='2. Metadata'!B$1,'2. Metadata'!B$5, IF(D192='2. Metadata'!C$1,'2. Metadata'!C$5,IF(D192='2. Metadata'!D$1,'2. Metadata'!D$5, IF(D192='2. Metadata'!E$1,'2. Metadata'!E$5,IF( D192='2. Metadata'!F$1,'2. Metadata'!F$5,IF(D192='2. Metadata'!G$1,'2. Metadata'!G$5,IF(D192='2. Metadata'!H$1,'2. Metadata'!H$5, IF(D192='2. Metadata'!I$1,'2. Metadata'!I$5, IF(D192='2. Metadata'!J$1,'2. Metadata'!J$5, IF(D192='2. Metadata'!K$1,'2. Metadata'!K$5, IF(D192='2. Metadata'!L$1,'2. Metadata'!L$5, IF(D192='2. Metadata'!M$1,'2. Metadata'!M$5, IF(D192='2. Metadata'!N$1,'2. Metadata'!N$5))))))))))))))","v":50.145},{"$f":"IF(ISBLANK(D192)=TRUE,\" \", IF(D192='2. Metadata'!B$1,'2. Metadata'!B$6, IF(D192='2. Metadata'!C$1,'2. Metadata'!C$6,IF(D192='2. Metadata'!D$1,'2. Metadata'!D$6, IF(D192='2. Metadata'!E$1,'2. Metadata'!E$6,IF( D192='2. Metadata'!F$1,'2. Metadata'!F$6,IF(D192='2. Metadata'!G$1,'2. Metadata'!G$6,IF(D192='2. Metadata'!H$1,'2. Metadata'!H$6, IF(D192='2. Metadata'!I$1,'2. Metadata'!I$6, IF(D192='2. Metadata'!J$1,'2. Metadata'!J$6, IF(D192='2. Metadata'!K$1,'2. Metadata'!K$6, IF(D192='2. Metadata'!L$1,'2. Metadata'!L$6, IF(D192='2. Metadata'!M$1,'2. Metadata'!M$6, IF(D192='2. Metadata'!N$1,'2. Metadata'!N$6))))))))))))))","v":-117.79389},"Temperature","N/A","In situ","Degrees Celsius","actual","air","Not specified",7,"Air temp"]
["2017-05-01","Not specified","Not specified","NEMCD01",{"$f":"IF(ISBLANK(D193)=TRUE,\" \", IF(D193='2. Metadata'!B$1,'2. Metadata'!B$5, IF(D193='2. Metadata'!C$1,'2. Metadata'!C$5,IF(D193='2. Metadata'!D$1,'2. Metadata'!D$5, IF(D193='2. Metadata'!E$1,'2. Metadata'!E$5,IF( D193='2. Metadata'!F$1,'2. Metadata'!F$5,IF(D193='2. Metadata'!G$1,'2. Metadata'!G$5,IF(D193='2. Metadata'!H$1,'2. Metadata'!H$5, IF(D193='2. Metadata'!I$1,'2. Metadata'!I$5, IF(D193='2. Metadata'!J$1,'2. Metadata'!J$5, IF(D193='2. Metadata'!K$1,'2. Metadata'!K$5, IF(D193='2. Metadata'!L$1,'2. Metadata'!L$5, IF(D193='2. Metadata'!M$1,'2. Metadata'!M$5, IF(D193='2. Metadata'!N$1,'2. Metadata'!N$5))))))))))))))","v":50.145},{"$f":"IF(ISBLANK(D193)=TRUE,\" \", IF(D193='2. Metadata'!B$1,'2. Metadata'!B$6, IF(D193='2. Metadata'!C$1,'2. Metadata'!C$6,IF(D193='2. Metadata'!D$1,'2. Metadata'!D$6, IF(D193='2. Metadata'!E$1,'2. Metadata'!E$6,IF( D193='2. Metadata'!F$1,'2. Metadata'!F$6,IF(D193='2. Metadata'!G$1,'2. Metadata'!G$6,IF(D193='2. Metadata'!H$1,'2. Metadata'!H$6, IF(D193='2. Metadata'!I$1,'2. Metadata'!I$6, IF(D193='2. Metadata'!J$1,'2. Metadata'!J$6, IF(D193='2. Metadata'!K$1,'2. Metadata'!K$6, IF(D193='2. Metadata'!L$1,'2. Metadata'!L$6, IF(D193='2. Metadata'!M$1,'2. Metadata'!M$6, IF(D193='2. Metadata'!N$1,'2. Metadata'!N$6))))))))))))))","v":-117.79389},"Oxygen","Dissolved","In situ","mg/L","actual","water","not specified",12,"N/A"]
["2017-05-01","Not specified","Not specified","NEMCD01",{"$f":"IF(ISBLANK(D194)=TRUE,\" \", IF(D194='2. Metadata'!B$1,'2. Metadata'!B$5, IF(D194='2. Metadata'!C$1,'2. Metadata'!C$5,IF(D194='2. Metadata'!D$1,'2. Metadata'!D$5, IF(D194='2. Metadata'!E$1,'2. Metadata'!E$5,IF( D194='2. Metadata'!F$1,'2. Metadata'!F$5,IF(D194='2. Metadata'!G$1,'2. Metadata'!G$5,IF(D194='2. Metadata'!H$1,'2. Metadata'!H$5, IF(D194='2. Metadata'!I$1,'2. Metadata'!I$5, IF(D194='2. Metadata'!J$1,'2. Metadata'!J$5, IF(D194='2. Metadata'!K$1,'2. Metadata'!K$5, IF(D194='2. Metadata'!L$1,'2. Metadata'!L$5, IF(D194='2. Metadata'!M$1,'2. Metadata'!M$5, IF(D194='2. Metadata'!N$1,'2. Metadata'!N$5))))))))))))))","v":50.145},{"$f":"IF(ISBLANK(D194)=TRUE,\" \", IF(D194='2. Metadata'!B$1,'2. Metadata'!B$6, IF(D194='2. Metadata'!C$1,'2. Metadata'!C$6,IF(D194='2. Metadata'!D$1,'2. Metadata'!D$6, IF(D194='2. Metadata'!E$1,'2. Metadata'!E$6,IF( D194='2. Metadata'!F$1,'2. Metadata'!F$6,IF(D194='2. Metadata'!G$1,'2. Metadata'!G$6,IF(D194='2. Metadata'!H$1,'2. Metadata'!H$6, IF(D194='2. Metadata'!I$1,'2. Metadata'!I$6, IF(D194='2. Metadata'!J$1,'2. Metadata'!J$6, IF(D194='2. Metadata'!K$1,'2. Metadata'!K$6, IF(D194='2. Metadata'!L$1,'2. Metadata'!L$6, IF(D194='2. Metadata'!M$1,'2. Metadata'!M$6, IF(D194='2. Metadata'!N$1,'2. Metadata'!N$6))))))))))))))","v":-117.79389},"Conductivity ","EC","In situ","uS/cm","actual","water",1,135.4,"N/A"]
["2017-05-01","Not specified","Not specified","NEMCD01",{"$f":"IF(ISBLANK(D195)=TRUE,\" \", IF(D195='2. Metadata'!B$1,'2. Metadata'!B$5, IF(D195='2. Metadata'!C$1,'2. Metadata'!C$5,IF(D195='2. Metadata'!D$1,'2. Metadata'!D$5, IF(D195='2. Metadata'!E$1,'2. Metadata'!E$5,IF( D195='2. Metadata'!F$1,'2. Metadata'!F$5,IF(D195='2. Metadata'!G$1,'2. Metadata'!G$5,IF(D195='2. Metadata'!H$1,'2. Metadata'!H$5, IF(D195='2. Metadata'!I$1,'2. Metadata'!I$5, IF(D195='2. Metadata'!J$1,'2. Metadata'!J$5, IF(D195='2. Metadata'!K$1,'2. Metadata'!K$5, IF(D195='2. Metadata'!L$1,'2. Metadata'!L$5, IF(D195='2. Metadata'!M$1,'2. Metadata'!M$5, IF(D195='2. Metadata'!N$1,'2. Metadata'!N$5))))))))))))))","v":50.145},{"$f":"IF(ISBLANK(D195)=TRUE,\" \", IF(D195='2. Metadata'!B$1,'2. Metadata'!B$6, IF(D195='2. Metadata'!C$1,'2. Metadata'!C$6,IF(D195='2. Metadata'!D$1,'2. Metadata'!D$6, IF(D195='2. Metadata'!E$1,'2. Metadata'!E$6,IF( D195='2. Metadata'!F$1,'2. Metadata'!F$6,IF(D195='2. Metadata'!G$1,'2. Metadata'!G$6,IF(D195='2. Metadata'!H$1,'2. Metadata'!H$6, IF(D195='2. Metadata'!I$1,'2. Metadata'!I$6, IF(D195='2. Metadata'!J$1,'2. Metadata'!J$6, IF(D195='2. Metadata'!K$1,'2. Metadata'!K$6, IF(D195='2. Metadata'!L$1,'2. Metadata'!L$6, IF(D195='2. Metadata'!M$1,'2. Metadata'!M$6, IF(D195='2. Metadata'!N$1,'2. Metadata'!N$6))))))))))))))","v":-117.79389},"pH","N/A","In situ","pH units","actual","water","Not specified",8.07,"N/A"]
["2017-05-01","Not specified","Not specified","NEMCD01",{"$f":"IF(ISBLANK(D196)=TRUE,\" \", IF(D196='2. Metadata'!B$1,'2. Metadata'!B$5, IF(D196='2. Metadata'!C$1,'2. Metadata'!C$5,IF(D196='2. Metadata'!D$1,'2. Metadata'!D$5, IF(D196='2. Metadata'!E$1,'2. Metadata'!E$5,IF( D196='2. Metadata'!F$1,'2. Metadata'!F$5,IF(D196='2. Metadata'!G$1,'2. Metadata'!G$5,IF(D196='2. Metadata'!H$1,'2. Metadata'!H$5, IF(D196='2. Metadata'!I$1,'2. Metadata'!I$5, IF(D196='2. Metadata'!J$1,'2. Metadata'!J$5, IF(D196='2. Metadata'!K$1,'2. Metadata'!K$5, IF(D196='2. Metadata'!L$1,'2. Metadata'!L$5, IF(D196='2. Metadata'!M$1,'2. Metadata'!M$5, IF(D196='2. Metadata'!N$1,'2. Metadata'!N$5))))))))))))))","v":50.145},{"$f":"IF(ISBLANK(D196)=TRUE,\" \", IF(D196='2. Metadata'!B$1,'2. Metadata'!B$6, IF(D196='2. Metadata'!C$1,'2. Metadata'!C$6,IF(D196='2. Metadata'!D$1,'2. Metadata'!D$6, IF(D196='2. Metadata'!E$1,'2. Metadata'!E$6,IF( D196='2. Metadata'!F$1,'2. Metadata'!F$6,IF(D196='2. Metadata'!G$1,'2. Metadata'!G$6,IF(D196='2. Metadata'!H$1,'2. Metadata'!H$6, IF(D196='2. Metadata'!I$1,'2. Metadata'!I$6, IF(D196='2. Metadata'!J$1,'2. Metadata'!J$6, IF(D196='2. Metadata'!K$1,'2. Metadata'!K$6, IF(D196='2. Metadata'!L$1,'2. Metadata'!L$6, IF(D196='2. Metadata'!M$1,'2. Metadata'!M$6, IF(D196='2. Metadata'!N$1,'2. Metadata'!N$6))))))))))))))","v":-117.79389},"Turbidity","N/A","In situ","NTU","actual","water","Not specified",1.19,"N/A"]
["2017-05-01","Not specified","Not specified","NEMCD01",{"$f":"IF(ISBLANK(D197)=TRUE,\" \", IF(D197='2. Metadata'!B$1,'2. Metadata'!B$5, IF(D197='2. Metadata'!C$1,'2. Metadata'!C$5,IF(D197='2. Metadata'!D$1,'2. Metadata'!D$5, IF(D197='2. Metadata'!E$1,'2. Metadata'!E$5,IF( D197='2. Metadata'!F$1,'2. Metadata'!F$5,IF(D197='2. Metadata'!G$1,'2. Metadata'!G$5,IF(D197='2. Metadata'!H$1,'2. Metadata'!H$5, IF(D197='2. Metadata'!I$1,'2. Metadata'!I$5, IF(D197='2. Metadata'!J$1,'2. Metadata'!J$5, IF(D197='2. Metadata'!K$1,'2. Metadata'!K$5, IF(D197='2. Metadata'!L$1,'2. Metadata'!L$5, IF(D197='2. Metadata'!M$1,'2. Metadata'!M$5, IF(D197='2. Metadata'!N$1,'2. Metadata'!N$5))))))))))))))","v":50.145},{"$f":"IF(ISBLANK(D197)=TRUE,\" \", IF(D197='2. Metadata'!B$1,'2. Metadata'!B$6, IF(D197='2. Metadata'!C$1,'2. Metadata'!C$6,IF(D197='2. Metadata'!D$1,'2. Metadata'!D$6, IF(D197='2. Metadata'!E$1,'2. Metadata'!E$6,IF( D197='2. Metadata'!F$1,'2. Metadata'!F$6,IF(D197='2. Metadata'!G$1,'2. Metadata'!G$6,IF(D197='2. Metadata'!H$1,'2. Metadata'!H$6, IF(D197='2. Metadata'!I$1,'2. Metadata'!I$6, IF(D197='2. Metadata'!J$1,'2. Metadata'!J$6, IF(D197='2. Metadata'!K$1,'2. Metadata'!K$6, IF(D197='2. Metadata'!L$1,'2. Metadata'!L$6, IF(D197='2. Metadata'!M$1,'2. Metadata'!M$6, IF(D197='2. Metadata'!N$1,'2. Metadata'!N$6))))))))))))))","v":-117.79389},"Temperature","N/A","In situ","Degrees Celsius","actual","water","Not specified",6.7,"N/A"]
["2017-05-01","Not specified","Not specified","NEMCD01",{"$f":"IF(ISBLANK(D198)=TRUE,\" \", IF(D198='2. Metadata'!B$1,'2. Metadata'!B$5, IF(D198='2. Metadata'!C$1,'2. Metadata'!C$5,IF(D198='2. Metadata'!D$1,'2. Metadata'!D$5, IF(D198='2. Metadata'!E$1,'2. Metadata'!E$5,IF( D198='2. Metadata'!F$1,'2. Metadata'!F$5,IF(D198='2. Metadata'!G$1,'2. Metadata'!G$5,IF(D198='2. Metadata'!H$1,'2. Metadata'!H$5, IF(D198='2. Metadata'!I$1,'2. Metadata'!I$5, IF(D198='2. Metadata'!J$1,'2. Metadata'!J$5, IF(D198='2. Metadata'!K$1,'2. Metadata'!K$5, IF(D198='2. Metadata'!L$1,'2. Metadata'!L$5, IF(D198='2. Metadata'!M$1,'2. Metadata'!M$5, IF(D198='2. Metadata'!N$1,'2. Metadata'!N$5))))))))))))))","v":50.145},{"$f":"IF(ISBLANK(D198)=TRUE,\" \", IF(D198='2. Metadata'!B$1,'2. Metadata'!B$6, IF(D198='2. Metadata'!C$1,'2. Metadata'!C$6,IF(D198='2. Metadata'!D$1,'2. Metadata'!D$6, IF(D198='2. Metadata'!E$1,'2. Metadata'!E$6,IF( D198='2. Metadata'!F$1,'2. Metadata'!F$6,IF(D198='2. Metadata'!G$1,'2. Metadata'!G$6,IF(D198='2. Metadata'!H$1,'2. Metadata'!H$6, IF(D198='2. Metadata'!I$1,'2. Metadata'!I$6, IF(D198='2. Metadata'!J$1,'2. Metadata'!J$6, IF(D198='2. Metadata'!K$1,'2. Metadata'!K$6, IF(D198='2. Metadata'!L$1,'2. Metadata'!L$6, IF(D198='2. Metadata'!M$1,'2. Metadata'!M$6, IF(D198='2. Metadata'!N$1,'2. Metadata'!N$6))))))))))))))","v":-117.79389},"Temperature","N/A","In situ","Degrees Celsius","actual","air","Not specified",15.5,"Air temp"]
["2017-06-29","Not specified","Not specified","NEMCD01",{"$f":"IF(ISBLANK(D199)=TRUE,\" \", IF(D199='2. Metadata'!B$1,'2. Metadata'!B$5, IF(D199='2. Metadata'!C$1,'2. Metadata'!C$5,IF(D199='2. Metadata'!D$1,'2. Metadata'!D$5, IF(D199='2. Metadata'!E$1,'2. Metadata'!E$5,IF( D199='2. Metadata'!F$1,'2. Metadata'!F$5,IF(D199='2. Metadata'!G$1,'2. Metadata'!G$5,IF(D199='2. Metadata'!H$1,'2. Metadata'!H$5, IF(D199='2. Metadata'!I$1,'2. Metadata'!I$5, IF(D199='2. Metadata'!J$1,'2. Metadata'!J$5, IF(D199='2. Metadata'!K$1,'2. Metadata'!K$5, IF(D199='2. Metadata'!L$1,'2. Metadata'!L$5, IF(D199='2. Metadata'!M$1,'2. Metadata'!M$5, IF(D199='2. Metadata'!N$1,'2. Metadata'!N$5))))))))))))))","v":50.145},{"$f":"IF(ISBLANK(D199)=TRUE,\" \", IF(D199='2. Metadata'!B$1,'2. Metadata'!B$6, IF(D199='2. Metadata'!C$1,'2. Metadata'!C$6,IF(D199='2. Metadata'!D$1,'2. Metadata'!D$6, IF(D199='2. Metadata'!E$1,'2. Metadata'!E$6,IF( D199='2. Metadata'!F$1,'2. Metadata'!F$6,IF(D199='2. Metadata'!G$1,'2. Metadata'!G$6,IF(D199='2. Metadata'!H$1,'2. Metadata'!H$6, IF(D199='2. Metadata'!I$1,'2. Metadata'!I$6, IF(D199='2. Metadata'!J$1,'2. Metadata'!J$6, IF(D199='2. Metadata'!K$1,'2. Metadata'!K$6, IF(D199='2. Metadata'!L$1,'2. Metadata'!L$6, IF(D199='2. Metadata'!M$1,'2. Metadata'!M$6, IF(D199='2. Metadata'!N$1,'2. Metadata'!N$6))))))))))))))","v":-117.79389},"Oxygen","Dissolved","In situ","mg/L","actual","water","not specified",12,"N/A"]
["2017-06-29","Not specified","Not specified","NEMCD01",{"$f":"IF(ISBLANK(D200)=TRUE,\" \", IF(D200='2. Metadata'!B$1,'2. Metadata'!B$5, IF(D200='2. Metadata'!C$1,'2. Metadata'!C$5,IF(D200='2. Metadata'!D$1,'2. Metadata'!D$5, IF(D200='2. Metadata'!E$1,'2. Metadata'!E$5,IF( D200='2. Metadata'!F$1,'2. Metadata'!F$5,IF(D200='2. Metadata'!G$1,'2. Metadata'!G$5,IF(D200='2. Metadata'!H$1,'2. Metadata'!H$5, IF(D200='2. Metadata'!I$1,'2. Metadata'!I$5, IF(D200='2. Metadata'!J$1,'2. Metadata'!J$5, IF(D200='2. Metadata'!K$1,'2. Metadata'!K$5, IF(D200='2. Metadata'!L$1,'2. Metadata'!L$5, IF(D200='2. Metadata'!M$1,'2. Metadata'!M$5, IF(D200='2. Metadata'!N$1,'2. Metadata'!N$5))))))))))))))","v":50.145},{"$f":"IF(ISBLANK(D200)=TRUE,\" \", IF(D200='2. Metadata'!B$1,'2. Metadata'!B$6, IF(D200='2. Metadata'!C$1,'2. Metadata'!C$6,IF(D200='2. Metadata'!D$1,'2. Metadata'!D$6, IF(D200='2. Metadata'!E$1,'2. Metadata'!E$6,IF( D200='2. Metadata'!F$1,'2. Metadata'!F$6,IF(D200='2. Metadata'!G$1,'2. Metadata'!G$6,IF(D200='2. Metadata'!H$1,'2. Metadata'!H$6, IF(D200='2. Metadata'!I$1,'2. Metadata'!I$6, IF(D200='2. Metadata'!J$1,'2. Metadata'!J$6, IF(D200='2. Metadata'!K$1,'2. Metadata'!K$6, IF(D200='2. Metadata'!L$1,'2. Metadata'!L$6, IF(D200='2. Metadata'!M$1,'2. Metadata'!M$6, IF(D200='2. Metadata'!N$1,'2. Metadata'!N$6))))))))))))))","v":-117.79389},"Conductivity ","EC","In situ","uS/cm","actual","water",1,188,"N/A"]
["2017-06-29","Not specified","Not specified","NEMCD01",{"$f":"IF(ISBLANK(D201)=TRUE,\" \", IF(D201='2. Metadata'!B$1,'2. Metadata'!B$5, IF(D201='2. Metadata'!C$1,'2. Metadata'!C$5,IF(D201='2. Metadata'!D$1,'2. Metadata'!D$5, IF(D201='2. Metadata'!E$1,'2. Metadata'!E$5,IF( D201='2. Metadata'!F$1,'2. Metadata'!F$5,IF(D201='2. Metadata'!G$1,'2. Metadata'!G$5,IF(D201='2. Metadata'!H$1,'2. Metadata'!H$5, IF(D201='2. Metadata'!I$1,'2. Metadata'!I$5, IF(D201='2. Metadata'!J$1,'2. Metadata'!J$5, IF(D201='2. Metadata'!K$1,'2. Metadata'!K$5, IF(D201='2. Metadata'!L$1,'2. Metadata'!L$5, IF(D201='2. Metadata'!M$1,'2. Metadata'!M$5, IF(D201='2. Metadata'!N$1,'2. Metadata'!N$5))))))))))))))","v":50.145},{"$f":"IF(ISBLANK(D201)=TRUE,\" \", IF(D201='2. Metadata'!B$1,'2. Metadata'!B$6, IF(D201='2. Metadata'!C$1,'2. Metadata'!C$6,IF(D201='2. Metadata'!D$1,'2. Metadata'!D$6, IF(D201='2. Metadata'!E$1,'2. Metadata'!E$6,IF( D201='2. Metadata'!F$1,'2. Metadata'!F$6,IF(D201='2. Metadata'!G$1,'2. Metadata'!G$6,IF(D201='2. Metadata'!H$1,'2. Metadata'!H$6, IF(D201='2. Metadata'!I$1,'2. Metadata'!I$6, IF(D201='2. Metadata'!J$1,'2. Metadata'!J$6, IF(D201='2. Metadata'!K$1,'2. Metadata'!K$6, IF(D201='2. Metadata'!L$1,'2. Metadata'!L$6, IF(D201='2. Metadata'!M$1,'2. Metadata'!M$6, IF(D201='2. Metadata'!N$1,'2. Metadata'!N$6))))))))))))))","v":-117.79389},"pH","N/A","In situ","pH units","actual","water","Not specified",7.4,"N/A"]
["2017-06-29","Not specified","Not specified","NEMCD01",{"$f":"IF(ISBLANK(D202)=TRUE,\" \", IF(D202='2. Metadata'!B$1,'2. Metadata'!B$5, IF(D202='2. Metadata'!C$1,'2. Metadata'!C$5,IF(D202='2. Metadata'!D$1,'2. Metadata'!D$5, IF(D202='2. Metadata'!E$1,'2. Metadata'!E$5,IF( D202='2. Metadata'!F$1,'2. Metadata'!F$5,IF(D202='2. Metadata'!G$1,'2. Metadata'!G$5,IF(D202='2. Metadata'!H$1,'2. Metadata'!H$5, IF(D202='2. Metadata'!I$1,'2. Metadata'!I$5, IF(D202='2. Metadata'!J$1,'2. Metadata'!J$5, IF(D202='2. Metadata'!K$1,'2. Metadata'!K$5, IF(D202='2. Metadata'!L$1,'2. Metadata'!L$5, IF(D202='2. Metadata'!M$1,'2. Metadata'!M$5, IF(D202='2. Metadata'!N$1,'2. Metadata'!N$5))))))))))))))","v":50.145},{"$f":"IF(ISBLANK(D202)=TRUE,\" \", IF(D202='2. Metadata'!B$1,'2. Metadata'!B$6, IF(D202='2. Metadata'!C$1,'2. Metadata'!C$6,IF(D202='2. Metadata'!D$1,'2. Metadata'!D$6, IF(D202='2. Metadata'!E$1,'2. Metadata'!E$6,IF( D202='2. Metadata'!F$1,'2. Metadata'!F$6,IF(D202='2. Metadata'!G$1,'2. Metadata'!G$6,IF(D202='2. Metadata'!H$1,'2. Metadata'!H$6, IF(D202='2. Metadata'!I$1,'2. Metadata'!I$6, IF(D202='2. Metadata'!J$1,'2. Metadata'!J$6, IF(D202='2. Metadata'!K$1,'2. Metadata'!K$6, IF(D202='2. Metadata'!L$1,'2. Metadata'!L$6, IF(D202='2. Metadata'!M$1,'2. Metadata'!M$6, IF(D202='2. Metadata'!N$1,'2. Metadata'!N$6))))))))))))))","v":-117.79389},"Turbidity","N/A","In situ","NTU","actual","water","Not specified",2.67,"N/A"]
["2017-06-29","Not specified","Not specified","NEMCD01",{"$f":"IF(ISBLANK(D203)=TRUE,\" \", IF(D203='2. Metadata'!B$1,'2. Metadata'!B$5, IF(D203='2. Metadata'!C$1,'2. Metadata'!C$5,IF(D203='2. Metadata'!D$1,'2. Metadata'!D$5, IF(D203='2. Metadata'!E$1,'2. Metadata'!E$5,IF( D203='2. Metadata'!F$1,'2. Metadata'!F$5,IF(D203='2. Metadata'!G$1,'2. Metadata'!G$5,IF(D203='2. Metadata'!H$1,'2. Metadata'!H$5, IF(D203='2. Metadata'!I$1,'2. Metadata'!I$5, IF(D203='2. Metadata'!J$1,'2. Metadata'!J$5, IF(D203='2. Metadata'!K$1,'2. Metadata'!K$5, IF(D203='2. Metadata'!L$1,'2. Metadata'!L$5, IF(D203='2. Metadata'!M$1,'2. Metadata'!M$5, IF(D203='2. Metadata'!N$1,'2. Metadata'!N$5))))))))))))))","v":50.145},{"$f":"IF(ISBLANK(D203)=TRUE,\" \", IF(D203='2. Metadata'!B$1,'2. Metadata'!B$6, IF(D203='2. Metadata'!C$1,'2. Metadata'!C$6,IF(D203='2. Metadata'!D$1,'2. Metadata'!D$6, IF(D203='2. Metadata'!E$1,'2. Metadata'!E$6,IF( D203='2. Metadata'!F$1,'2. Metadata'!F$6,IF(D203='2. Metadata'!G$1,'2. Metadata'!G$6,IF(D203='2. Metadata'!H$1,'2. Metadata'!H$6, IF(D203='2. Metadata'!I$1,'2. Metadata'!I$6, IF(D203='2. Metadata'!J$1,'2. Metadata'!J$6, IF(D203='2. Metadata'!K$1,'2. Metadata'!K$6, IF(D203='2. Metadata'!L$1,'2. Metadata'!L$6, IF(D203='2. Metadata'!M$1,'2. Metadata'!M$6, IF(D203='2. Metadata'!N$1,'2. Metadata'!N$6))))))))))))))","v":-117.79389},"Temperature","N/A","In situ","Degrees Celsius","actual","water","Not specified",10.9,"N/A"]
["2017-06-29","Not specified","Not specified","NEMCD01",{"$f":"IF(ISBLANK(D204)=TRUE,\" \", IF(D204='2. Metadata'!B$1,'2. Metadata'!B$5, IF(D204='2. Metadata'!C$1,'2. Metadata'!C$5,IF(D204='2. Metadata'!D$1,'2. Metadata'!D$5, IF(D204='2. Metadata'!E$1,'2. Metadata'!E$5,IF( D204='2. Metadata'!F$1,'2. Metadata'!F$5,IF(D204='2. Metadata'!G$1,'2. Metadata'!G$5,IF(D204='2. Metadata'!H$1,'2. Metadata'!H$5, IF(D204='2. Metadata'!I$1,'2. Metadata'!I$5, IF(D204='2. Metadata'!J$1,'2. Metadata'!J$5, IF(D204='2. Metadata'!K$1,'2. Metadata'!K$5, IF(D204='2. Metadata'!L$1,'2. Metadata'!L$5, IF(D204='2. Metadata'!M$1,'2. Metadata'!M$5, IF(D204='2. Metadata'!N$1,'2. Metadata'!N$5))))))))))))))","v":50.145},{"$f":"IF(ISBLANK(D204)=TRUE,\" \", IF(D204='2. Metadata'!B$1,'2. Metadata'!B$6, IF(D204='2. Metadata'!C$1,'2. Metadata'!C$6,IF(D204='2. Metadata'!D$1,'2. Metadata'!D$6, IF(D204='2. Metadata'!E$1,'2. Metadata'!E$6,IF( D204='2. Metadata'!F$1,'2. Metadata'!F$6,IF(D204='2. Metadata'!G$1,'2. Metadata'!G$6,IF(D204='2. Metadata'!H$1,'2. Metadata'!H$6, IF(D204='2. Metadata'!I$1,'2. Metadata'!I$6, IF(D204='2. Metadata'!J$1,'2. Metadata'!J$6, IF(D204='2. Metadata'!K$1,'2. Metadata'!K$6, IF(D204='2. Metadata'!L$1,'2. Metadata'!L$6, IF(D204='2. Metadata'!M$1,'2. Metadata'!M$6, IF(D204='2. Metadata'!N$1,'2. Metadata'!N$6))))))))))))))","v":-117.79389},"Temperature","N/A","In situ","Degrees Celsius","actual","air","Not specified",19,"Air temp"]
["2017-09-30","Not specified","Not specified","NEMCD01",{"$f":"IF(ISBLANK(D205)=TRUE,\" \", IF(D205='2. Metadata'!B$1,'2. Metadata'!B$5, IF(D205='2. Metadata'!C$1,'2. Metadata'!C$5,IF(D205='2. Metadata'!D$1,'2. Metadata'!D$5, IF(D205='2. Metadata'!E$1,'2. Metadata'!E$5,IF( D205='2. Metadata'!F$1,'2. Metadata'!F$5,IF(D205='2. Metadata'!G$1,'2. Metadata'!G$5,IF(D205='2. Metadata'!H$1,'2. Metadata'!H$5, IF(D205='2. Metadata'!I$1,'2. Metadata'!I$5, IF(D205='2. Metadata'!J$1,'2. Metadata'!J$5, IF(D205='2. Metadata'!K$1,'2. Metadata'!K$5, IF(D205='2. Metadata'!L$1,'2. Metadata'!L$5, IF(D205='2. Metadata'!M$1,'2. Metadata'!M$5, IF(D205='2. Metadata'!N$1,'2. Metadata'!N$5))))))))))))))","v":50.145},{"$f":"IF(ISBLANK(D205)=TRUE,\" \", IF(D205='2. Metadata'!B$1,'2. Metadata'!B$6, IF(D205='2. Metadata'!C$1,'2. Metadata'!C$6,IF(D205='2. Metadata'!D$1,'2. Metadata'!D$6, IF(D205='2. Metadata'!E$1,'2. Metadata'!E$6,IF( D205='2. Metadata'!F$1,'2. Metadata'!F$6,IF(D205='2. Metadata'!G$1,'2. Metadata'!G$6,IF(D205='2. Metadata'!H$1,'2. Metadata'!H$6, IF(D205='2. Metadata'!I$1,'2. Metadata'!I$6, IF(D205='2. Metadata'!J$1,'2. Metadata'!J$6, IF(D205='2. Metadata'!K$1,'2. Metadata'!K$6, IF(D205='2. Metadata'!L$1,'2. Metadata'!L$6, IF(D205='2. Metadata'!M$1,'2. Metadata'!M$6, IF(D205='2. Metadata'!N$1,'2. Metadata'!N$6))))))))))))))","v":-117.79389},"Oxygen","Dissolved","In situ","mg/L","actual","water","not specified",10,"N/A"]
["2017-09-30","Not specified","Not specified","NEMCD01",{"$f":"IF(ISBLANK(D206)=TRUE,\" \", IF(D206='2. Metadata'!B$1,'2. Metadata'!B$5, IF(D206='2. Metadata'!C$1,'2. Metadata'!C$5,IF(D206='2. Metadata'!D$1,'2. Metadata'!D$5, IF(D206='2. Metadata'!E$1,'2. Metadata'!E$5,IF( D206='2. Metadata'!F$1,'2. Metadata'!F$5,IF(D206='2. Metadata'!G$1,'2. Metadata'!G$5,IF(D206='2. Metadata'!H$1,'2. Metadata'!H$5, IF(D206='2. Metadata'!I$1,'2. Metadata'!I$5, IF(D206='2. Metadata'!J$1,'2. Metadata'!J$5, IF(D206='2. Metadata'!K$1,'2. Metadata'!K$5, IF(D206='2. Metadata'!L$1,'2. Metadata'!L$5, IF(D206='2. Metadata'!M$1,'2. Metadata'!M$5, IF(D206='2. Metadata'!N$1,'2. Metadata'!N$5))))))))))))))","v":50.145},{"$f":"IF(ISBLANK(D206)=TRUE,\" \", IF(D206='2. Metadata'!B$1,'2. Metadata'!B$6, IF(D206='2. Metadata'!C$1,'2. Metadata'!C$6,IF(D206='2. Metadata'!D$1,'2. Metadata'!D$6, IF(D206='2. Metadata'!E$1,'2. Metadata'!E$6,IF( D206='2. Metadata'!F$1,'2. Metadata'!F$6,IF(D206='2. Metadata'!G$1,'2. Metadata'!G$6,IF(D206='2. Metadata'!H$1,'2. Metadata'!H$6, IF(D206='2. Metadata'!I$1,'2. Metadata'!I$6, IF(D206='2. Metadata'!J$1,'2. Metadata'!J$6, IF(D206='2. Metadata'!K$1,'2. Metadata'!K$6, IF(D206='2. Metadata'!L$1,'2. Metadata'!L$6, IF(D206='2. Metadata'!M$1,'2. Metadata'!M$6, IF(D206='2. Metadata'!N$1,'2. Metadata'!N$6))))))))))))))","v":-117.79389},"Conductivity ","EC","In situ","uS/cm","actual","water",1,324.5,"N/A"]
["2017-09-30","Not specified","Not specified","NEMCD01",{"$f":"IF(ISBLANK(D207)=TRUE,\" \", IF(D207='2. Metadata'!B$1,'2. Metadata'!B$5, IF(D207='2. Metadata'!C$1,'2. Metadata'!C$5,IF(D207='2. Metadata'!D$1,'2. Metadata'!D$5, IF(D207='2. Metadata'!E$1,'2. Metadata'!E$5,IF( D207='2. Metadata'!F$1,'2. Metadata'!F$5,IF(D207='2. Metadata'!G$1,'2. Metadata'!G$5,IF(D207='2. Metadata'!H$1,'2. Metadata'!H$5, IF(D207='2. Metadata'!I$1,'2. Metadata'!I$5, IF(D207='2. Metadata'!J$1,'2. Metadata'!J$5, IF(D207='2. Metadata'!K$1,'2. Metadata'!K$5, IF(D207='2. Metadata'!L$1,'2. Metadata'!L$5, IF(D207='2. Metadata'!M$1,'2. Metadata'!M$5, IF(D207='2. Metadata'!N$1,'2. Metadata'!N$5))))))))))))))","v":50.145},{"$f":"IF(ISBLANK(D207)=TRUE,\" \", IF(D207='2. Metadata'!B$1,'2. Metadata'!B$6, IF(D207='2. Metadata'!C$1,'2. Metadata'!C$6,IF(D207='2. Metadata'!D$1,'2. Metadata'!D$6, IF(D207='2. Metadata'!E$1,'2. Metadata'!E$6,IF( D207='2. Metadata'!F$1,'2. Metadata'!F$6,IF(D207='2. Metadata'!G$1,'2. Metadata'!G$6,IF(D207='2. Metadata'!H$1,'2. Metadata'!H$6, IF(D207='2. Metadata'!I$1,'2. Metadata'!I$6, IF(D207='2. Metadata'!J$1,'2. Metadata'!J$6, IF(D207='2. Metadata'!K$1,'2. Metadata'!K$6, IF(D207='2. Metadata'!L$1,'2. Metadata'!L$6, IF(D207='2. Metadata'!M$1,'2. Metadata'!M$6, IF(D207='2. Metadata'!N$1,'2. Metadata'!N$6))))))))))))))","v":-117.79389},"pH","N/A","In situ","pH units","actual","water","Not specified",7.08,"N/A"]
["2017-09-30","Not specified","Not specified","NEMCD01",{"$f":"IF(ISBLANK(D208)=TRUE,\" \", IF(D208='2. Metadata'!B$1,'2. Metadata'!B$5, IF(D208='2. Metadata'!C$1,'2. Metadata'!C$5,IF(D208='2. Metadata'!D$1,'2. Metadata'!D$5, IF(D208='2. Metadata'!E$1,'2. Metadata'!E$5,IF( D208='2. Metadata'!F$1,'2. Metadata'!F$5,IF(D208='2. Metadata'!G$1,'2. Metadata'!G$5,IF(D208='2. Metadata'!H$1,'2. Metadata'!H$5, IF(D208='2. Metadata'!I$1,'2. Metadata'!I$5, IF(D208='2. Metadata'!J$1,'2. Metadata'!J$5, IF(D208='2. Metadata'!K$1,'2. Metadata'!K$5, IF(D208='2. Metadata'!L$1,'2. Metadata'!L$5, IF(D208='2. Metadata'!M$1,'2. Metadata'!M$5, IF(D208='2. Metadata'!N$1,'2. Metadata'!N$5))))))))))))))","v":50.145},{"$f":"IF(ISBLANK(D208)=TRUE,\" \", IF(D208='2. Metadata'!B$1,'2. Metadata'!B$6, IF(D208='2. Metadata'!C$1,'2. Metadata'!C$6,IF(D208='2. Metadata'!D$1,'2. Metadata'!D$6, IF(D208='2. Metadata'!E$1,'2. Metadata'!E$6,IF( D208='2. Metadata'!F$1,'2. Metadata'!F$6,IF(D208='2. Metadata'!G$1,'2. Metadata'!G$6,IF(D208='2. Metadata'!H$1,'2. Metadata'!H$6, IF(D208='2. Metadata'!I$1,'2. Metadata'!I$6, IF(D208='2. Metadata'!J$1,'2. Metadata'!J$6, IF(D208='2. Metadata'!K$1,'2. Metadata'!K$6, IF(D208='2. Metadata'!L$1,'2. Metadata'!L$6, IF(D208='2. Metadata'!M$1,'2. Metadata'!M$6, IF(D208='2. Metadata'!N$1,'2. Metadata'!N$6))))))))))))))","v":-117.79389},"Turbidity","N/A","In situ","NTU","actual","water","Not specified",0.28,"N/A"]
["2017-09-30","Not specified","Not specified","NEMCD01",{"$f":"IF(ISBLANK(D209)=TRUE,\" \", IF(D209='2. Metadata'!B$1,'2. Metadata'!B$5, IF(D209='2. Metadata'!C$1,'2. Metadata'!C$5,IF(D209='2. Metadata'!D$1,'2. Metadata'!D$5, IF(D209='2. Metadata'!E$1,'2. Metadata'!E$5,IF( D209='2. Metadata'!F$1,'2. Metadata'!F$5,IF(D209='2. Metadata'!G$1,'2. Metadata'!G$5,IF(D209='2. Metadata'!H$1,'2. Metadata'!H$5, IF(D209='2. Metadata'!I$1,'2. Metadata'!I$5, IF(D209='2. Metadata'!J$1,'2. Metadata'!J$5, IF(D209='2. Metadata'!K$1,'2. Metadata'!K$5, IF(D209='2. Metadata'!L$1,'2. Metadata'!L$5, IF(D209='2. Metadata'!M$1,'2. Metadata'!M$5, IF(D209='2. Metadata'!N$1,'2. Metadata'!N$5))))))))))))))","v":50.145},{"$f":"IF(ISBLANK(D209)=TRUE,\" \", IF(D209='2. Metadata'!B$1,'2. Metadata'!B$6, IF(D209='2. Metadata'!C$1,'2. Metadata'!C$6,IF(D209='2. Metadata'!D$1,'2. Metadata'!D$6, IF(D209='2. Metadata'!E$1,'2. Metadata'!E$6,IF( D209='2. Metadata'!F$1,'2. Metadata'!F$6,IF(D209='2. Metadata'!G$1,'2. Metadata'!G$6,IF(D209='2. Metadata'!H$1,'2. Metadata'!H$6, IF(D209='2. Metadata'!I$1,'2. Metadata'!I$6, IF(D209='2. Metadata'!J$1,'2. Metadata'!J$6, IF(D209='2. Metadata'!K$1,'2. Metadata'!K$6, IF(D209='2. Metadata'!L$1,'2. Metadata'!L$6, IF(D209='2. Metadata'!M$1,'2. Metadata'!M$6, IF(D209='2. Metadata'!N$1,'2. Metadata'!N$6))))))))))))))","v":-117.79389},"Temperature","N/A","In situ","Degrees Celsius","actual","water","Not specified",8.5,"N/A"]
["2017-09-30","Not specified","Not specified","NEMCD01",{"$f":"IF(ISBLANK(D210)=TRUE,\" \", IF(D210='2. Metadata'!B$1,'2. Metadata'!B$5, IF(D210='2. Metadata'!C$1,'2. Metadata'!C$5,IF(D210='2. Metadata'!D$1,'2. Metadata'!D$5, IF(D210='2. Metadata'!E$1,'2. Metadata'!E$5,IF( D210='2. Metadata'!F$1,'2. Metadata'!F$5,IF(D210='2. Metadata'!G$1,'2. Metadata'!G$5,IF(D210='2. Metadata'!H$1,'2. Metadata'!H$5, IF(D210='2. Metadata'!I$1,'2. Metadata'!I$5, IF(D210='2. Metadata'!J$1,'2. Metadata'!J$5, IF(D210='2. Metadata'!K$1,'2. Metadata'!K$5, IF(D210='2. Metadata'!L$1,'2. Metadata'!L$5, IF(D210='2. Metadata'!M$1,'2. Metadata'!M$5, IF(D210='2. Metadata'!N$1,'2. Metadata'!N$5))))))))))))))","v":50.145},{"$f":"IF(ISBLANK(D210)=TRUE,\" \", IF(D210='2. Metadata'!B$1,'2. Metadata'!B$6, IF(D210='2. Metadata'!C$1,'2. Metadata'!C$6,IF(D210='2. Metadata'!D$1,'2. Metadata'!D$6, IF(D210='2. Metadata'!E$1,'2. Metadata'!E$6,IF( D210='2. Metadata'!F$1,'2. Metadata'!F$6,IF(D210='2. Metadata'!G$1,'2. Metadata'!G$6,IF(D210='2. Metadata'!H$1,'2. Metadata'!H$6, IF(D210='2. Metadata'!I$1,'2. Metadata'!I$6, IF(D210='2. Metadata'!J$1,'2. Metadata'!J$6, IF(D210='2. Metadata'!K$1,'2. Metadata'!K$6, IF(D210='2. Metadata'!L$1,'2. Metadata'!L$6, IF(D210='2. Metadata'!M$1,'2. Metadata'!M$6, IF(D210='2. Metadata'!N$1,'2. Metadata'!N$6))))))))))))))","v":-117.79389},"Temperature","N/A","In situ","Degrees Celsius","actual","air","Not specified",10.4,"Air temp"]
["2017-10-22","Not specified","Not specified","NEMCD01",{"$f":"IF(ISBLANK(D211)=TRUE,\" \", IF(D211='2. Metadata'!B$1,'2. Metadata'!B$5, IF(D211='2. Metadata'!C$1,'2. Metadata'!C$5,IF(D211='2. Metadata'!D$1,'2. Metadata'!D$5, IF(D211='2. Metadata'!E$1,'2. Metadata'!E$5,IF( D211='2. Metadata'!F$1,'2. Metadata'!F$5,IF(D211='2. Metadata'!G$1,'2. Metadata'!G$5,IF(D211='2. Metadata'!H$1,'2. Metadata'!H$5, IF(D211='2. Metadata'!I$1,'2. Metadata'!I$5, IF(D211='2. Metadata'!J$1,'2. Metadata'!J$5, IF(D211='2. Metadata'!K$1,'2. Metadata'!K$5, IF(D211='2. Metadata'!L$1,'2. Metadata'!L$5, IF(D211='2. Metadata'!M$1,'2. Metadata'!M$5, IF(D211='2. Metadata'!N$1,'2. Metadata'!N$5))))))))))))))","v":50.145},{"$f":"IF(ISBLANK(D211)=TRUE,\" \", IF(D211='2. Metadata'!B$1,'2. Metadata'!B$6, IF(D211='2. Metadata'!C$1,'2. Metadata'!C$6,IF(D211='2. Metadata'!D$1,'2. Metadata'!D$6, IF(D211='2. Metadata'!E$1,'2. Metadata'!E$6,IF( D211='2. Metadata'!F$1,'2. Metadata'!F$6,IF(D211='2. Metadata'!G$1,'2. Metadata'!G$6,IF(D211='2. Metadata'!H$1,'2. Metadata'!H$6, IF(D211='2. Metadata'!I$1,'2. Metadata'!I$6, IF(D211='2. Metadata'!J$1,'2. Metadata'!J$6, IF(D211='2. Metadata'!K$1,'2. Metadata'!K$6, IF(D211='2. Metadata'!L$1,'2. Metadata'!L$6, IF(D211='2. Metadata'!M$1,'2. Metadata'!M$6, IF(D211='2. Metadata'!N$1,'2. Metadata'!N$6))))))))))))))","v":-117.79389},"Oxygen","Dissolved","In situ","mg/L","actual","water","not specified",13,"N/A"]
["2017-10-22","Not specified","Not specified","NEMCD01",{"$f":"IF(ISBLANK(D212)=TRUE,\" \", IF(D212='2. Metadata'!B$1,'2. Metadata'!B$5, IF(D212='2. Metadata'!C$1,'2. Metadata'!C$5,IF(D212='2. Metadata'!D$1,'2. Metadata'!D$5, IF(D212='2. Metadata'!E$1,'2. Metadata'!E$5,IF( D212='2. Metadata'!F$1,'2. Metadata'!F$5,IF(D212='2. Metadata'!G$1,'2. Metadata'!G$5,IF(D212='2. Metadata'!H$1,'2. Metadata'!H$5, IF(D212='2. Metadata'!I$1,'2. Metadata'!I$5, IF(D212='2. Metadata'!J$1,'2. Metadata'!J$5, IF(D212='2. Metadata'!K$1,'2. Metadata'!K$5, IF(D212='2. Metadata'!L$1,'2. Metadata'!L$5, IF(D212='2. Metadata'!M$1,'2. Metadata'!M$5, IF(D212='2. Metadata'!N$1,'2. Metadata'!N$5))))))))))))))","v":50.145},{"$f":"IF(ISBLANK(D212)=TRUE,\" \", IF(D212='2. Metadata'!B$1,'2. Metadata'!B$6, IF(D212='2. Metadata'!C$1,'2. Metadata'!C$6,IF(D212='2. Metadata'!D$1,'2. Metadata'!D$6, IF(D212='2. Metadata'!E$1,'2. Metadata'!E$6,IF( D212='2. Metadata'!F$1,'2. Metadata'!F$6,IF(D212='2. Metadata'!G$1,'2. Metadata'!G$6,IF(D212='2. Metadata'!H$1,'2. Metadata'!H$6, IF(D212='2. Metadata'!I$1,'2. Metadata'!I$6, IF(D212='2. Metadata'!J$1,'2. Metadata'!J$6, IF(D212='2. Metadata'!K$1,'2. Metadata'!K$6, IF(D212='2. Metadata'!L$1,'2. Metadata'!L$6, IF(D212='2. Metadata'!M$1,'2. Metadata'!M$6, IF(D212='2. Metadata'!N$1,'2. Metadata'!N$6))))))))))))))","v":-117.79389},"Conductivity ","EC","In situ","uS/cm","actual","water",1,265.4,"N/A"]
["2017-10-22","Not specified","Not specified","NEMCD01",{"$f":"IF(ISBLANK(D213)=TRUE,\" \", IF(D213='2. Metadata'!B$1,'2. Metadata'!B$5, IF(D213='2. Metadata'!C$1,'2. Metadata'!C$5,IF(D213='2. Metadata'!D$1,'2. Metadata'!D$5, IF(D213='2. Metadata'!E$1,'2. Metadata'!E$5,IF( D213='2. Metadata'!F$1,'2. Metadata'!F$5,IF(D213='2. Metadata'!G$1,'2. Metadata'!G$5,IF(D213='2. Metadata'!H$1,'2. Metadata'!H$5, IF(D213='2. Metadata'!I$1,'2. Metadata'!I$5, IF(D213='2. Metadata'!J$1,'2. Metadata'!J$5, IF(D213='2. Metadata'!K$1,'2. Metadata'!K$5, IF(D213='2. Metadata'!L$1,'2. Metadata'!L$5, IF(D213='2. Metadata'!M$1,'2. Metadata'!M$5, IF(D213='2. Metadata'!N$1,'2. Metadata'!N$5))))))))))))))","v":50.145},{"$f":"IF(ISBLANK(D213)=TRUE,\" \", IF(D213='2. Metadata'!B$1,'2. Metadata'!B$6, IF(D213='2. Metadata'!C$1,'2. Metadata'!C$6,IF(D213='2. Metadata'!D$1,'2. Metadata'!D$6, IF(D213='2. Metadata'!E$1,'2. Metadata'!E$6,IF( D213='2. Metadata'!F$1,'2. Metadata'!F$6,IF(D213='2. Metadata'!G$1,'2. Metadata'!G$6,IF(D213='2. Metadata'!H$1,'2. Metadata'!H$6, IF(D213='2. Metadata'!I$1,'2. Metadata'!I$6, IF(D213='2. Metadata'!J$1,'2. Metadata'!J$6, IF(D213='2. Metadata'!K$1,'2. Metadata'!K$6, IF(D213='2. Metadata'!L$1,'2. Metadata'!L$6, IF(D213='2. Metadata'!M$1,'2. Metadata'!M$6, IF(D213='2. Metadata'!N$1,'2. Metadata'!N$6))))))))))))))","v":-117.79389},"pH","N/A","In situ","pH units","actual","water","Not specified",7,"N/A"]
["2017-10-22","Not specified","Not specified","NEMCD01",{"$f":"IF(ISBLANK(D214)=TRUE,\" \", IF(D214='2. Metadata'!B$1,'2. Metadata'!B$5, IF(D214='2. Metadata'!C$1,'2. Metadata'!C$5,IF(D214='2. Metadata'!D$1,'2. Metadata'!D$5, IF(D214='2. Metadata'!E$1,'2. Metadata'!E$5,IF( D214='2. Metadata'!F$1,'2. Metadata'!F$5,IF(D214='2. Metadata'!G$1,'2. Metadata'!G$5,IF(D214='2. Metadata'!H$1,'2. Metadata'!H$5, IF(D214='2. Metadata'!I$1,'2. Metadata'!I$5, IF(D214='2. Metadata'!J$1,'2. Metadata'!J$5, IF(D214='2. Metadata'!K$1,'2. Metadata'!K$5, IF(D214='2. Metadata'!L$1,'2. Metadata'!L$5, IF(D214='2. Metadata'!M$1,'2. Metadata'!M$5, IF(D214='2. Metadata'!N$1,'2. Metadata'!N$5))))))))))))))","v":50.145},{"$f":"IF(ISBLANK(D214)=TRUE,\" \", IF(D214='2. Metadata'!B$1,'2. Metadata'!B$6, IF(D214='2. Metadata'!C$1,'2. Metadata'!C$6,IF(D214='2. Metadata'!D$1,'2. Metadata'!D$6, IF(D214='2. Metadata'!E$1,'2. Metadata'!E$6,IF( D214='2. Metadata'!F$1,'2. Metadata'!F$6,IF(D214='2. Metadata'!G$1,'2. Metadata'!G$6,IF(D214='2. Metadata'!H$1,'2. Metadata'!H$6, IF(D214='2. Metadata'!I$1,'2. Metadata'!I$6, IF(D214='2. Metadata'!J$1,'2. Metadata'!J$6, IF(D214='2. Metadata'!K$1,'2. Metadata'!K$6, IF(D214='2. Metadata'!L$1,'2. Metadata'!L$6, IF(D214='2. Metadata'!M$1,'2. Metadata'!M$6, IF(D214='2. Metadata'!N$1,'2. Metadata'!N$6))))))))))))))","v":-117.79389},"Turbidity","N/A","In situ","NTU","actual","water","Not specified",0.36,"N/A"]
["2017-10-22","Not specified","Not specified","NEMCD01",{"$f":"IF(ISBLANK(D215)=TRUE,\" \", IF(D215='2. Metadata'!B$1,'2. Metadata'!B$5, IF(D215='2. Metadata'!C$1,'2. Metadata'!C$5,IF(D215='2. Metadata'!D$1,'2. Metadata'!D$5, IF(D215='2. Metadata'!E$1,'2. Metadata'!E$5,IF( D215='2. Metadata'!F$1,'2. Metadata'!F$5,IF(D215='2. Metadata'!G$1,'2. Metadata'!G$5,IF(D215='2. Metadata'!H$1,'2. Metadata'!H$5, IF(D215='2. Metadata'!I$1,'2. Metadata'!I$5, IF(D215='2. Metadata'!J$1,'2. Metadata'!J$5, IF(D215='2. Metadata'!K$1,'2. Metadata'!K$5, IF(D215='2. Metadata'!L$1,'2. Metadata'!L$5, IF(D215='2. Metadata'!M$1,'2. Metadata'!M$5, IF(D215='2. Metadata'!N$1,'2. Metadata'!N$5))))))))))))))","v":50.145},{"$f":"IF(ISBLANK(D215)=TRUE,\" \", IF(D215='2. Metadata'!B$1,'2. Metadata'!B$6, IF(D215='2. Metadata'!C$1,'2. Metadata'!C$6,IF(D215='2. Metadata'!D$1,'2. Metadata'!D$6, IF(D215='2. Metadata'!E$1,'2. Metadata'!E$6,IF( D215='2. Metadata'!F$1,'2. Metadata'!F$6,IF(D215='2. Metadata'!G$1,'2. Metadata'!G$6,IF(D215='2. Metadata'!H$1,'2. Metadata'!H$6, IF(D215='2. Metadata'!I$1,'2. Metadata'!I$6, IF(D215='2. Metadata'!J$1,'2. Metadata'!J$6, IF(D215='2. Metadata'!K$1,'2. Metadata'!K$6, IF(D215='2. Metadata'!L$1,'2. Metadata'!L$6, IF(D215='2. Metadata'!M$1,'2. Metadata'!M$6, IF(D215='2. Metadata'!N$1,'2. Metadata'!N$6))))))))))))))","v":-117.79389},"Temperature","N/A","In situ","Degrees Celsius","actual","water","Not specified",6.5,"N/A"]
["2017-10-22","Not specified","Not specified","NEMCD01",{"$f":"IF(ISBLANK(D216)=TRUE,\" \", IF(D216='2. Metadata'!B$1,'2. Metadata'!B$5, IF(D216='2. Metadata'!C$1,'2. Metadata'!C$5,IF(D216='2. Metadata'!D$1,'2. Metadata'!D$5, IF(D216='2. Metadata'!E$1,'2. Metadata'!E$5,IF( D216='2. Metadata'!F$1,'2. Metadata'!F$5,IF(D216='2. Metadata'!G$1,'2. Metadata'!G$5,IF(D216='2. Metadata'!H$1,'2. Metadata'!H$5, IF(D216='2. Metadata'!I$1,'2. Metadata'!I$5, IF(D216='2. Metadata'!J$1,'2. Metadata'!J$5, IF(D216='2. Metadata'!K$1,'2. Metadata'!K$5, IF(D216='2. Metadata'!L$1,'2. Metadata'!L$5, IF(D216='2. Metadata'!M$1,'2. Metadata'!M$5, IF(D216='2. Metadata'!N$1,'2. Metadata'!N$5))))))))))))))","v":50.145},{"$f":"IF(ISBLANK(D216)=TRUE,\" \", IF(D216='2. Metadata'!B$1,'2. Metadata'!B$6, IF(D216='2. Metadata'!C$1,'2. Metadata'!C$6,IF(D216='2. Metadata'!D$1,'2. Metadata'!D$6, IF(D216='2. Metadata'!E$1,'2. Metadata'!E$6,IF( D216='2. Metadata'!F$1,'2. Metadata'!F$6,IF(D216='2. Metadata'!G$1,'2. Metadata'!G$6,IF(D216='2. Metadata'!H$1,'2. Metadata'!H$6, IF(D216='2. Metadata'!I$1,'2. Metadata'!I$6, IF(D216='2. Metadata'!J$1,'2. Metadata'!J$6, IF(D216='2. Metadata'!K$1,'2. Metadata'!K$6, IF(D216='2. Metadata'!L$1,'2. Metadata'!L$6, IF(D216='2. Metadata'!M$1,'2. Metadata'!M$6, IF(D216='2. Metadata'!N$1,'2. Metadata'!N$6))))))))))))))","v":-117.79389},"Temperature","N/A","In situ","Degrees Celsius","actual","air","Not specified",11.5,"Air temp"]

{"sheet":"2. Metadata","index":1,"n_rows":20,"n_cols":26,"rows_kept":20}
["Site ID","NEMCD01"]
["Location/Site Name","McDonald Creek (NEMCD01)"]
["Waterbody Type","Streams"]
["Waterbody","McDonald Creek "]
["Site Latitude (decimal degrees)",50.145]
["Site Longitude (decimal degrees)",-117.79389]
["Coordinate System","WGS84"]
["Site Elevation (masl)",470]
["Measurement Interval","Monthly"]
["Site Notes","N/A"]
["Site Photos in Dataset","No"]
["Photo Resource Name","N/A"]
[]
["Sample ID","Not specified",{"$nulls":23},2]
["Site ID ","NEMCD01"]
["Lab Name","Unknown"]
["Date and Time of Sampling","Not specified"]
["Time Zone","PT"]
["Sampling Details","N/A"]
["Notes","N/A"]

{"sheet":"2.b Definitions","index":2,"n_rows":134,"n_cols":5,"rows_kept":134,"merged":[[102,4,105,7]]}
["1. Lab Results Definitions"]
["Field","Definiton","Format","Example"]
["date_time_sampled","When was this sample collected?","YYYY-MM-DD hh:mm:ss","2021-01-20T10:30:00"]
["date_analysed","When was the sample analysed?","(YYYY-MM-DD)","2021-02-17"]
["SiteID","Where was this sample collected?","Text","Slocan_01"]
["SampleID","What is the identification given by the lab to the sample?","Text","AT-2937"]
["Analyte","The chemical parameter being measured","Text","Nitrate"]
["Analyte Specification","In what form is the analyte being analyzed","Text","As N"]
["Method","The method carried out for analyzing for the analyte in question, if provided ","Text","E235.NO3-L"]
["Unit of Measurement","The unit that the analyte in question is being measured in","Text","mg/L"]
["Detection Limit","The lowest result that the method is able to analyze","Number","0.0050"]
["Value Type","This specifies whether a result is actual, blank corrected, calculated, control adjusted, or estimated","Text","calculated"]
["Matrix","The medium used to analyze the sample","Text","Water"]
["Values","Here is where you can paste the actual values/results from the analysis","Number",0.01]
[]
["2. Lab and Sample Metadata Definitions"]
["Field","Definition","Format","Example"]
["Site ID","Unique name/code used to identify the monitoring site (assigned by monitoring organization).","Text","SAH_01"]
["Waterbody Type","The type of waterbody the measurements were taken from","Text","Stream"]
["Waterbody","Name of the waterbody where monitoring took place.","Text","Slocan Lake"]
["Location/Site Name","Geographically descriptive name of the monitoring site.","Text","Slocan River at Passmore Bridge"]
["Location Latitude","Latitude. Decimal degrees.","Decimal degrees",51.048614]
["Location Longitude","Longitude. Decimal degrees.","Decimal degrees",-114.070821]
["Location Coordinate System","The datum that your latitude and longitude coordinates are based upon.","Pick From List","WGS84"]
["Elevation","The elevation of your monitoring location (metres above sea level)","Number",800]
["Measurement Interval","The timescale that measurements are being taken, ex. hourly, every 8 hours, weekly, monthly","Text","Hourly"]
["Site Photos in Dataset","Whether site photos will be included as a separate zipfile as part of the dataset this resource contains","Text","Yes"]
["Photo Resource Name","Name of the Resource that will contain photos relevant to this resource/site","Text","Monitoring Station Photos from Some Creek"]
["Sample ID","Assigned by lab","Text","ABC010203"]
["Lab Name","The name of the lab performing the analysis","Text","Chemical Laboratory"]
["Date and Time of Sampling","The date and time that the sample was collected","YYYY-MM-DD hh:mm:ss","2022-02-01T10:30:00"]
["Time Zone","The time zone of the location where the sample was collected","Pick from List","MST"]
["Date of Analysis","The date that the laboratory perfomred the analysis - this will be indicated in the report","YYYY-MM-DD","2022-02-03"]
["Sampling Details","The equipment/method used to collect the sample","Text","Sample was collected using a bottle provided by the lab"]
["Notes","Any other notes about this sample","Text","Sample was shipped to lab and received within 12 hours of collection. "]
[]
["Analytes","Analyte Speciations","Units","Time Zones"]
["Acidity","as N","µg/g","GMT"]
["Actual conductance","as P","µg/L","GMT-6"]
["Actual conductivity","as SO4","µS/cm","GMT-7"]
["Alkalinity","at pH","CFU/mL","GMT-8"]
["Aluminum","Bicarbonate (as CaCO3)","CU","MDT"]
["Ammonia","Carbonate (as CaCO3)","Degrees Celsius","MST"]
["Antimony","CO3","g/kg","MT"]
["Arsenic","Dissolved","mg/kg","PDT"]
["Barium","E. coli","mg/L","PST"]
["Beryllium","EC","mmol/L","PT"]
["Bicarbonate","HCO3","mol/L","UTC"]
["Bismuth","Hydroxide (as CaCO3)","N/A","UTC-6"]
["Boron","N/A","NTU","UTC-7"]
["Bromide","OH","pH units","UTC-8"]
["Cadmium","Ortho-","ppm"]
["Calcium","ortho-, dissolved (as P)","umho/cm"]
["Carbon","Phenolphthalein (as CaCO3)","Unknown"]
["Carbonate","Total"]
["Chloride","Total (as CaCO3)"]
["Chromium","Total (as CaCO3), from Total Ca/Mg"]
["Cobalt","Total (as N)"]
["Colour","Total Dissolved"]
["Conductivity","Total Kjeldahl"]
["Copper","Total Organic"]
["Cyanide","Total Suspended"]
["Fluoride","TRUE"]
["Hardness","Unknown"]
["Hydroxide"]
["Iron"]
["Langelier Index"]
["Lead"]
["Lithium"]
["Magnesium"]
["Manganese"]
["Mercury"]
["Molybdenum"]
["Nickel"]
["Nitrate"]
["Nitrate+Nitrite"]
["Nitrite"]
["Nitrogen"]
["Oxygen"]
["pH"]
["Phosphate"]
["Phosphorus"]
["Potassium"]
["Selenium"]
["Silicon"]
["Silver"]
["Sodium"]
["Solids"]
["specific conductance"]
["specific conductivity"]
["Strontium"]
["Sulfate"]
["Sulfur"]
["Tellurium"]
["Temperature"]
["Thallium"]
["Thorium"]
["Tin"]
["Titanium"]
["Tungsten"]
["Turbidity"]
["Uranium"]
["Vanadium"]
["Zinc"]
["Zirconium"]
[]
["Methods"]
["The analytical methods used by ALS are developed using internationally recognized reference methods (where available), such as those published by US EPA, APHA Standard Methods, ASTM, ISO, Environment Canada, BC MOE, and Ontario MOE. Reference methods may incorporate modifications to improve performance"]
["Method","Test Description","Matrix","Method Reference","Methodology Description"]
["E235.Br-L","Bromide in Water by IC (Low Level)","Water","EPA 300.1 (mod)","Inorganic anions are analyzed by Ion Chromatography with conductivity and/or UV detection."]
["E235.Cl","Chloride in Water by IC","Water","EPA 300.1 (mod)","Inorganic anions are analyzed by Ion Chromatography with conductivity and/or UV detection."]
["E235.F","Fluoride in Water by IC","Water","EPA 300.1 (mod)","Inorganic anions are analyzed by Ion Chromatography with conductivity and/or UV detection."]
["E235.NO2-L","Nitrite in Water by IC (Low Level)","Water","EPA 300.1 (mod)","Inorganic anions are analyzed by Ion Chromatography with conductivity and/or UV detection."]
["E235.NO3-L","Nitrate in Water by IC (Low Level)","Water","EPA 300.1 (mod)","Inorganic anions are analyzed by Ion Chromatography with conductivity and/or UV detection."]
["E235.SO4","Sulfate in Water by IC","Water","EPA 300.1 (mod)","Inorganic anions are analyzed by Ion Chromatography with conductivity and/or UV detection."]
["E378-U","Dissolved Orthophosphate by Colourimetry (Ultra Trace Level)","Water","APHA 4500-P E (mod)","Dissolved Orthophosphate is determined colourimetrically on a water sample that has been lab or field filtered through a 0.45 micron membrane filter. Field filtration is recommended to ensure test results represent conditions at time of sampling.    "]
["E160-H","TSS by Gravimetry","Water","APHA 2540 D (mod)","Total Suspended Solids (TSS) are determined by filtering a sample through a glass fibre filter, following by drying of the filter at 104 ± 1°C, with gravimetric measurement of the filtered solids.  Samples containing very high dissolved solid content (i.e. seawaters, brackish waters) may produce a positive bias by this method. Alternate analysis methods are available for these types of samples."]
["EC100A","Hardness (Calculated) from Total Ca/Mg","Water","APHA 2340B","“Hardness (as CaCO3), from total Ca/Mg” is calculated from the sum of total Calcium and Magnesium concentrations, expressed in CaCO3 equivalents.  “Total Hardness” refers to the sum of Calcium and Magnesium Hardness.  Hardness is normally or preferentially calculated from dissolved Calcium and Magnesium concentrations, because it is a property of water due to dissolved divalent cations.  Hardness from total Ca/Mg is normally comparable to Dissolved Hardness in non-turbid waters."]
["E420.Cr-L","Total Chromium in Water by CRC ICPMS (Low Level)","Water","EPA 200.2/6020B (mod)","Water samples are digested with nitric and hydrochloric acids, and analyzed by Collision/Reaction Cell ICPMS."]
["E420","Total Metals in Water by CRC ICPMS","Water","EPA 200.2/6020B (mod)","Water samples are digested with nitric and hydrochloric acids, and analyzed by Collision/Reaction Cell ICPMS.  Method Limitation (re: Sulfur): Sulfide and volatile sulfur species may not be recovered by this method."]
["E508","Total Mercury in Water by CVAAS","Water","EPA 1631E (mod)","Water samples undergo a cold-oxidation using bromine monochloride prior to reduction with stannous chloride, and analyzed by CVAAS"]
["Standard Reference Material","A material of similar matrix to the samples, externally certified for the parameter(s) listed."]
["Blank Spike","Also known as laboratory control samples (LCS), are prepared from a different source of standard than used for the calibration."]
["Method Blank","Reagent grade water that is treated like a sample in the lab."]
["Sample analysed in lab"]
["In situ"]
["Not specified"]
[]
["Water Quality Guidelines"]
["Some labs may include water quality guidelines for reference. If you would like to include these in your results, additional columns can be added to Tab 1. Lab Results. "]
["BCWQ1 ","BC Water Quality Guidelines - Freshwater Aquatic Life"]
["CSR2AL","BC CSR Schedule 3.2 Aquatic Life"]
["CSR2DW","BC CSR Schedule 3.2 Drinking Water"]
["BCDW","BC Source Drinking Water Quality Guidelines (2017)"]

{"sheet":"3. Changelog","index":3,"n_rows":4,"n_cols":3,"rows_kept":4}
["Date of Modification","Description of Modification","Name of Person Modifying"]
["2021-05-26","Change units for Total Phosphorus from N/A to ug/L","PT"]
["2021-07-07","Update citation and naming convention","PT"]
["2022-04-09","Upload to new template, QA/QC","VS"]